{"id":307,"date":"2013-07-27T22:26:41","date_gmt":"2013-07-28T02:26:41","guid":{"rendered":"http:\/\/psicologia.udd.cl\/utp\/persona\/maria-elisa-molina-pavez\/"},"modified":"2020-06-18T11:55:21","modified_gmt":"2020-06-18T15:55:21","slug":"maria-elisa-molina-pavez","status":"publish","type":"person","link":"https:\/\/psicologia.udd.cl\/unir\/persona\/maria-elisa-molina-pavez\/","featured_media":639,"template":"","people_tax":[17800],"people_areas":[],"people_levels":[],"class_list":["post-307","person","type-person","status-publish","has-post-thumbnail","hentry","people_tax-equipo","people_list-equipo-utp"],"label":"Mar\u00eda Elisa Molina Pavez","title":{"rendered":"Mar\u00eda Elisa Molina Pavez"},"role":"Directora UNIR","thumbnail_url":"https:\/\/psicologia.udd.cl\/unir\/files\/2013\/07\/IMG_1667.jpg","email":"memolina@udd.cl","tel_job":"","content":{"rendered":"<div class=\"person-modal person-modal--scl\">\n\t<header class=\"person-modal__header\">\n\t\t<div class=\"person-modal__bg\"><\/div>\n\t\t<div class=\"modal-container\">\n\t\t\t\t\t\t<div class=\"person-modal__media\">\n\t\t\t\t<img width=\"500\" height=\"375\" src=\"https:\/\/psicologia.udd.cl\/unir\/files\/2013\/07\/IMG_1667-62x62.jpg\" class=\"person-modal__image wp-post-image lazyload\" alt=\"\" decoding=\"async\" loading=\"lazy\" sizes=\"auto, (max-width: 500px) 100vw, 500px\" data-src=\"https:\/\/psicologia.udd.cl\/unir\/files\/2013\/07\/IMG_1667.jpg\" data-srcset=\"https:\/\/psicologia.udd.cl\/unir\/files\/2013\/07\/IMG_1667.jpg 4608w, https:\/\/psicologia.udd.cl\/unir\/files\/2013\/07\/IMG_1667-300x225.jpg 300w, https:\/\/psicologia.udd.cl\/unir\/files\/2013\/07\/IMG_1667-768x576.jpg 768w, https:\/\/psicologia.udd.cl\/unir\/files\/2013\/07\/IMG_1667-1024x768.jpg 1024w, https:\/\/psicologia.udd.cl\/unir\/files\/2013\/07\/IMG_1667-960x720.jpg 960w\" \/>\t\t\t<\/div>\n\t\t\t\t\t\t<div class=\"person-modal__data\">\n\t\t\t\t<h1 class=\"person-modal__name\">Mar\u00eda Elisa Molina Pavez<\/h1>\n\t\t\t\t\t\t\t<span class=\"person-modal__description\">Directora UNIR<\/span>\n\t\t\t\t\t\t\t\t\t\t\t\t\t<a href=\"mailto:me&#109;&#111;l&#105;na&#064;&#117;&#100;&#100;&#046;c&#108;\" class=\"person-modal__email\">&#109;&#101;&#109;&#111;lin&#97;&#64;&#117;dd.cl<\/a>\n\t\t\t\t\t\t\t\t\t<\/div>\n\t\t<\/div>\n\t<\/header>\n\t<div class=\"modal-container\">\n\t\t\t<div class=\"person-modal__content text\">\n\t\t\t\t\t\t\t\t\t\t<p class=\"MsoNormal\"><span lang=\"ES\">Psic\u00f3loga cl\u00ednica y doctora en Psicolog\u00eda PhD &#8211; Universidad Cat\u00f3lica de Chile. Terapeuta familiar y de parejas (Instituto de Terapia Familiar de Santiago). Docente y supervisora cl\u00ednica en Hospital Luis Calvo Mackenna (1995 \u2013 2003). Especialista en psicoterapia y supervisora cl\u00ednica acreditada. Actualmente investigadora, profesora asociada de pre y post grado, y coordinadora cl\u00ednica de la Facultad de Psicolog\u00eda de la Universidad del Desarrollo. Subdirectora de la Unidad de Investigaci\u00f3n en terapia de pareja y directora de la Unidad de atenci\u00f3n de ni\u00f1os, adolescentes y familias del Servicio de Psicolog\u00eda Integral SPI de la Facultad de psicolog\u00eda de la UDD. L\u00ednea de investigaci\u00f3n en procesos relacionales y dial\u00f3gicos desde una perspectiva de sistemas emergentes, inciertos y culturalmente regulados; temporalidad y mediaci\u00f3n semi\u00f3tica. Principales temas: Encuentro terap\u00e9utico, experiencia de encuentro, v\u00ednculo amoroso, amor de pareja, y relaciones en diferentes \u00e1mbitos.<\/span><\/p>\n\t\t<\/div>\n\t<\/div>\n<\/div>\n"},"identifier":"2fdda336e3b1bccc5ffc0fe260fafba028d5181c","has_credential":[],"given_name":"Mar\u00eda Elisa","family_name":"Molina Pavez","name":"Mar\u00eda Elisa Molina Pavez","job_title":"Directora UNIR","telephone":"","note":"","im":"","_self_schedule":null,"_links":{"self":[{"href":"https:\/\/psicologia.udd.cl\/unir\/wp-json\/wp\/v2\/people\/307","targetHints":{"allow":["GET"]}}],"collection":[{"href":"https:\/\/psicologia.udd.cl\/unir\/wp-json\/wp\/v2\/people"}],"about":[{"href":"https:\/\/psicologia.udd.cl\/unir\/wp-json\/wp\/v2\/types\/person"}],"wp:featuredmedia":[{"embeddable":true,"href":"https:\/\/psicologia.udd.cl\/unir\/wp-json\/wp\/v2\/media\/639"}],"wp:attachment":[{"href":"https:\/\/psicologia.udd.cl\/unir\/wp-json\/wp\/v2\/media?parent=307"}],"wp:term":[{"taxonomy":"people_tax","embeddable":true,"href":"https:\/\/psicologia.udd.cl\/unir\/wp-json\/wp\/v2\/people_tax?post=307"},{"taxonomy":"people_areas","embeddable":true,"href":"https:\/\/psicologia.udd.cl\/unir\/wp-json\/wp\/v2\/people_areas?post=307"},{"taxonomy":"people_levels","embeddable":true,"href":"https:\/\/psicologia.udd.cl\/unir\/wp-json\/wp\/v2\/people_levels?post=307"}],"curies":[{"name":"wp","href":"https:\/\/api.w.org\/{rel}","templated":true}]}}

María Elisa Molina Pavez

<div class="person-modal person-modal--scl">
	<header class="person-modal__header">
		<div class="person-modal__bg"></div>
		<div class="modal-container">
						<div class="person-modal__media">
				<img width="500" height="375" src="https://psicologia.udd.cl/unir/files/2013/07/IMG_1667-62x62.jpg" class="person-modal__image wp-post-image lazyload" alt="" decoding="async" loading="lazy" sizes="auto, (max-width: 500px) 100vw, 500px" data-src="https://psicologia.udd.cl/unir/files/2013/07/IMG_1667.jpg" data-srcset="https://psicologia.udd.cl/unir/files/2013/07/IMG_1667.jpg 4608w, https://psicologia.udd.cl/unir/files/2013/07/IMG_1667-300x225.jpg 300w, https://psicologia.udd.cl/unir/files/2013/07/IMG_1667-768x576.jpg 768w, https://psicologia.udd.cl/unir/files/2013/07/IMG_1667-1024x768.jpg 1024w, https://psicologia.udd.cl/unir/files/2013/07/IMG_1667-960x720.jpg 960w" />			</div>
						<div class="person-modal__data">
				<h1 class="person-modal__name">María Elisa Molina Pavez</h1>
							<span class="person-modal__description">Directora UNIR</span>
													<a href="mailto:me&#109;&#111;l&#105;na&#064;&#117;&#100;&#100;&#046;c&#108;" class="person-modal__email">&#109;&#101;&#109;&#111;lin&#97;&#64;&#117;dd.cl</a>
									</div>
		</div>
	</header>
	<div class="modal-container">
			<div class="person-modal__content text">
										<p class="MsoNormal"><span lang="ES">Psicóloga clínica y doctora en Psicología PhD &#8211; Universidad Católica de Chile. Terapeuta familiar y de parejas (Instituto de Terapia Familiar de Santiago). Docente y supervisora clínica en Hospital Luis Calvo Mackenna (1995 – 2003). Especialista en psicoterapia y supervisora clínica acreditada. Actualmente investigadora, profesora asociada de pre y post grado, y coordinadora clínica de la Facultad de Psicología de la Universidad del Desarrollo. Subdirectora de la Unidad de Investigación en terapia de pareja y directora de la Unidad de atención de niños, adolescentes y familias del Servicio de Psicología Integral SPI de la Facultad de psicología de la UDD. Línea de investigación en procesos relacionales y dialógicos desde una perspectiva de sistemas emergentes, inciertos y culturalmente regulados; temporalidad y mediación semiótica. Principales temas: Encuentro terapéutico, experiencia de encuentro, vínculo amoroso, amor de pareja, y relaciones en diferentes ámbitos.</span></p>
		</div>
	</div>
</div>

María Elisa
