{"id":7,"date":"2010-03-31T19:29:19","date_gmt":"2010-03-31T22:29:19","guid":{"rendered":"http:\/\/psicologia.udd.cl\/utp\/sobre-el-centro\/"},"modified":"2020-05-12T16:15:01","modified_gmt":"2020-05-12T20:15:01","slug":"sobre-la-unidad","status":"publish","type":"page","link":"https:\/\/psicologia.udd.cl\/unir\/sobre-la-unidad\/","title":{"rendered":"Sobre la unidad"},"content":{"rendered":"<section class=\"wp-block-udd-text-row\">\n\t<div class=\"text-row\">\n\t\t<div class=\"text-row__content\">\n\t\t\t<div class=\"text-row__content-inner text\">\n\t\t\t\t\t\t\t\t<h2>Historia<\/h2>\n\t\t\t\t\t\t\t\t\n<p>La <strong>Unidad de investigaci\u00f3n en Terapia de Pareja<\/strong> nace durante el a\u00f1o 2005 a cargo del Dr. Luis Tapia-Villanueva (Q.E.P.D.) formando parte de la <a href=\"http:\/\/psicologia.udd.cl\">Facultad de Psicolog\u00eda de la Universidad del Desarrollo<\/a>.  El foco inicial de inter\u00e9s de la Unidad fue la investigaci\u00f3n sobre el  sentido del humor y los recursos psicol\u00f3gicos en la pr\u00e1ctica de la  terapia de pareja. Luego, se comienza a investigar el ajuste marital en  las parejas y los conflictos que las entrampan.<\/p>\n\n<p>El equipo original de esta Unidad estuvo conformado por docentes de la  facultad y por profesionales de otros \u00e1mbitos de la red, expertos en  terapia de pareja. El foco estaba puesto en el aspecto cl\u00ednico, lo que  inclu\u00eda actividades abiertas de supervisi\u00f3n, adem\u00e1s de los proyectos de  investigaci\u00f3n. A trav\u00e9s de la evoluci\u00f3n de la Unidad, el foco fue  variando hacia diferentes dimensiones de una pareja, incorpor\u00e1ndose un  importante acento sobre los <em>Procesos Relacionales<\/em>. Es as\u00ed como  las investigaciones se centraron en los procesos terap\u00e9uticos, siendo  algunas de sus tem\u00e1ticas los procesos de dibujo relacional conjunto  PDRC, procesos de mediaci\u00f3n semi\u00f3tica, modelos tri\u00e1dicos, los fen\u00f3menos  de la temporalidad y el conflicto de pareja.<\/p>\n\t\t\t<\/div>\n\t\t<\/div>\n\t\t<div class=\"text-row__media\">\n\t\t\t<img loading=\"lazy\" decoding=\"async\" width=\"712\" height=\"534\" src=\"https:\/\/psicologia.udd.cl\/unir\/files\/2015\/04\/Luis-Tapia-800x450.jpg\" class=\"text-row__media-image lazyload\" alt=\"\" sizes=\"auto, (max-width: 712px) 100vw, 712px\" data-src=\"https:\/\/psicologia.udd.cl\/unir\/files\/2015\/04\/Luis-Tapia.jpg\" data-srcset=\"https:\/\/psicologia.udd.cl\/unir\/files\/2015\/04\/Luis-Tapia.jpg 3072w, https:\/\/psicologia.udd.cl\/unir\/files\/2015\/04\/Luis-Tapia-300x225.jpg 300w, https:\/\/psicologia.udd.cl\/unir\/files\/2015\/04\/Luis-Tapia-1024x768.jpg 1024w, https:\/\/psicologia.udd.cl\/unir\/files\/2015\/04\/Luis-Tapia-960x720.jpg 960w\" \/>\t\t<\/div>\n\t<\/div>\n<\/section>\n\n\n<section class=\"wp-block-udd-text-row block--content-align-right\">\n\t<div class=\"text-row\">\n\t\t<div class=\"text-row__content\">\n\t\t\t<div class=\"text-row__content-inner text\">\n\t\t\t\t\t\t\t\t\n<p>Adem\u00e1s de las l\u00edneas mencionadas, otros estudios han abordado las construcciones sociales en torno al amor rom\u00e1ntico; al proceso de toma de decisiones en las parejas; y al amor-pasi\u00f3n desde la perspectiva de las funciones psicol\u00f3gicas superiores. En este sentido, la diversidad de tem\u00e1ticas surgidas ha tra\u00eddo nuevas reflexiones conceptuales en torno a la pareja, a sus v\u00ednculos y al amor, conduciendo la investigaci\u00f3n hacia \u00e1mbitos m\u00e1s all\u00e1 de la cl\u00ednica.<\/p>\n\n<p>A lo largo de esta historia han colaborado diferentes profesionales entre los que se cuentan Macarena Lucar, Pablo Isacson, Gianella Poulsen; Marcela Flores; Marta Szmulewicz; Sylvia Campos; Patricia Sotomayor; Karla Kozubova; Valentina Ulloa; Iv\u00e1n Armijo; Patricia Bravo y Claudia Cruzat.<\/p>\n\t\t\t<\/div>\n\t\t<\/div>\n\t\t<div class=\"text-row__media\">\n\t\t\t<img loading=\"lazy\" decoding=\"async\" width=\"712\" height=\"534\" src=\"https:\/\/psicologia.udd.cl\/unir\/files\/2018\/04\/Teresita-Serrano-800x450.jpg\" class=\"text-row__media-image lazyload\" alt=\"\" sizes=\"auto, (max-width: 712px) 100vw, 712px\" data-src=\"https:\/\/psicologia.udd.cl\/unir\/files\/2018\/04\/Teresita-Serrano.jpg\" data-srcset=\"https:\/\/psicologia.udd.cl\/unir\/files\/2018\/04\/Teresita-Serrano.jpg 4608w, https:\/\/psicologia.udd.cl\/unir\/files\/2018\/04\/Teresita-Serrano-300x225.jpg 300w, https:\/\/psicologia.udd.cl\/unir\/files\/2018\/04\/Teresita-Serrano-768x576.jpg 768w, https:\/\/psicologia.udd.cl\/unir\/files\/2018\/04\/Teresita-Serrano-1024x768.jpg 1024w, https:\/\/psicologia.udd.cl\/unir\/files\/2018\/04\/Teresita-Serrano-960x720.jpg 960w\" \/>\t\t<\/div>\n\t<\/div>\n<\/section>\n\n\n\n<p>En este proceso el equipo ha manifestado una evoluci\u00f3n hacia ser un grupo heterog\u00e9neo orientado a la investigaci\u00f3n cl\u00ednica, pero especialmente de procesos, terap\u00e9uticos, relacionales, de prevenci\u00f3n y resoluci\u00f3n de conflicto, estando en la actualidad conformado por 4 doctores, 3 de los cuales realizaron su formaci\u00f3n de doctorado asociada al trabajo que han desempe\u00f1ado en esta Unidad.<\/p>\n\n\n\n<p>Merece una menci\u00f3n especial la persona del <strong>Dr. Luis Tapia-Villanueva<\/strong> quien fuera el creador de esta Unidad e inspirador de las diferentes l\u00edneas que existen en la actualidad, como as\u00ed mismo del compromiso y entusiasmo frente a la creaci\u00f3n de conocimiento,\u00a0 la academia y la investigaci\u00f3n. Ese trabajo, a\u00fan se encuentra en pleno desarrollo.<\/p>\n\n\n<!-- WP Block: UDD - Banners Multiple -->\n<section class=\"wp-block-udd-banners-multiple \">\n\t<div class=\"container\">\n\t\t\t\t<div class=\"block__content js-show-in-modal\">\n\t\t\t<div id=\"udd-banners-multiple--1\"\n\t\t\t\t\t\t\t\t>\n\t\t\t\t\t\t\t\t<div class=\"banners\">\n\t\t\t\t\t\t\t\t\t<div class=\"banner-col\n\t\t\t\t\t active\t\t\t\t\t\">\n\t\t\t\t\t\t<a href=\"https:\/\/psicologia.udd.cl\/unir\/sobre-la-unidad\/mision-y-objetivos\/\" class=\"banner banner--multiple\" data-url=\"https:\/\/psicologia.udd.cl\/unir\/sobre-la-unidad\/mision-y-objetivos\/\">\n\t\t\t\t\t\t\t\t\t\t\t\t\t<img loading=\"lazy\" decoding=\"async\" width=\"712\" height=\"534\" src=\"https:\/\/psicologia.udd.cl\/unir\/files\/2018\/04\/Asistentes-800x450.jpg\" class=\"banner__image lazyload\" alt=\"\" sizes=\"auto, (max-width: 712px) 100vw, 712px\" data-src=\"https:\/\/psicologia.udd.cl\/unir\/files\/2018\/04\/Asistentes.jpg\" data-srcset=\"https:\/\/psicologia.udd.cl\/unir\/files\/2018\/04\/Asistentes.jpg 4608w, https:\/\/psicologia.udd.cl\/unir\/files\/2018\/04\/Asistentes-300x225.jpg 300w, https:\/\/psicologia.udd.cl\/unir\/files\/2018\/04\/Asistentes-768x576.jpg 768w, https:\/\/psicologia.udd.cl\/unir\/files\/2018\/04\/Asistentes-1024x768.jpg 1024w, https:\/\/psicologia.udd.cl\/unir\/files\/2018\/04\/Asistentes-960x720.jpg 960w\" \/>\t\t\t\t\t\t\t\t\t\t\t\t\t<div class=\"banner__content\">\n\t\t\t\t\t\t\t\t<span class=\"banner__title\">Misi\u00f3n y objetivos<\/span>\n\t\t\t\t\t\t\t\t\t\t\t\t\t\t\t\t\t<span class=\"banner__description\">Generaci\u00f3n de conocimiento en torno a procesos relacionales, como unidad b\u00e1sica de la experiencia humana a partir de la cual la persona construye su s\u00ed mismo y su relaci\u00f3n con el entorno.<\/span>\n\t\t\t\t\t\t\t\t\t\t\t\t\t\t\t\t\t\t\t\t\t\t\t\t\t<span class=\"banner__action\">Ver m\u00e1s<\/span>\n\t\t\t\t\t\t\t\t\t\t\t\t\t\t\t<\/div>\n\t\t\t\t\t\t<\/a>\n\t\t\t\t\t<\/div>\n\t\t\t\t\t\t\t\t\t<div class=\"banner-col\n\t\t\t\t\t\t\t\t\t\t\">\n\t\t\t\t\t\t<a href=\"https:\/\/psicologia.udd.cl\/unir\/sobre-la-unidad\/principios-y-fundamentos\/\" class=\"banner banner--multiple\" data-url=\"https:\/\/psicologia.udd.cl\/unir\/sobre-la-unidad\/principios-y-fundamentos\/\">\n\t\t\t\t\t\t\t\t\t\t\t\t\t<img loading=\"lazy\" decoding=\"async\" width=\"734\" height=\"534\" src=\"https:\/\/psicologia.udd.cl\/unir\/files\/2013\/07\/Afiche0172-800x450.jpg\" class=\"banner__image lazyload\" alt=\"\" sizes=\"auto, (max-width: 734px) 100vw, 734px\" data-src=\"https:\/\/psicologia.udd.cl\/unir\/files\/2013\/07\/Afiche0172.jpg\" data-srcset=\"https:\/\/psicologia.udd.cl\/unir\/files\/2013\/07\/Afiche0172.jpg 6299w, https:\/\/psicologia.udd.cl\/unir\/files\/2013\/07\/Afiche0172-300x218.jpg 300w, https:\/\/psicologia.udd.cl\/unir\/files\/2013\/07\/Afiche0172-1024x744.jpg 1024w, https:\/\/psicologia.udd.cl\/unir\/files\/2013\/07\/Afiche0172-87x62.jpg 87w, https:\/\/psicologia.udd.cl\/unir\/files\/2013\/07\/Afiche0172-960x698.jpg 960w\" \/>\t\t\t\t\t\t\t\t\t\t\t\t\t<div class=\"banner__content\">\n\t\t\t\t\t\t\t\t<span class=\"banner__title\">Principios y fundamentos<\/span>\n\t\t\t\t\t\t\t\t\t\t\t\t\t\t\t\t\t<span class=\"banner__description\">La Unidad asume un corpus te\u00f3rico apoyado en una aproximaci\u00f3n sist\u00e9mico-relacional, constructivista y cultural de los fen\u00f3menos psicol\u00f3gicos y de la mente humana.<\/span>\n\t\t\t\t\t\t\t\t\t\t\t\t\t\t\t\t\t\t\t\t\t\t\t\t\t<span class=\"banner__action\">Ver m\u00e1s<\/span>\n\t\t\t\t\t\t\t\t\t\t\t\t\t\t\t<\/div>\n\t\t\t\t\t\t<\/a>\n\t\t\t\t\t<\/div>\n\t\t\t\t\t\t\t\t<\/div>\n\t\t\t<\/div>\n\t\t<\/div>\n\t<\/div>\n<\/section>\n","protected":false},"excerpt":{"rendered":"<p>El inter\u00e9s central de la Unidad de Terapia de Pareja de la Facultad de Psicolog\u00eda de la Universidad del Desarrollo, es conocer la realidad de la pareja contempor\u00e1nea, la expresi\u00f3n de sus problemas y el abordaje cl\u00ednico de los mismos, as\u00ed como fomentar investigaciones acerca de esta tem\u00e1tica.<\/p>\n","protected":false},"author":1,"featured_media":0,"parent":0,"menu_order":40,"comment_status":"open","ping_status":"closed","template":"","meta":{"footnotes":""},"class_list":["post-7","page","type-page","status-publish","hentry"],"_links":{"self":[{"href":"https:\/\/psicologia.udd.cl\/unir\/wp-json\/wp\/v2\/pages\/7","targetHints":{"allow":["GET"]}}],"collection":[{"href":"https:\/\/psicologia.udd.cl\/unir\/wp-json\/wp\/v2\/pages"}],"about":[{"href":"https:\/\/psicologia.udd.cl\/unir\/wp-json\/wp\/v2\/types\/page"}],"author":[{"embeddable":true,"href":"https:\/\/psicologia.udd.cl\/unir\/wp-json\/wp\/v2\/users\/1"}],"replies":[{"embeddable":true,"href":"https:\/\/psicologia.udd.cl\/unir\/wp-json\/wp\/v2\/comments?post=7"}],"version-history":[{"count":20,"href":"https:\/\/psicologia.udd.cl\/unir\/wp-json\/wp\/v2\/pages\/7\/revisions"}],"predecessor-version":[{"id":722,"href":"https:\/\/psicologia.udd.cl\/unir\/wp-json\/wp\/v2\/pages\/7\/revisions\/722"}],"wp:attachment":[{"href":"https:\/\/psicologia.udd.cl\/unir\/wp-json\/wp\/v2\/media?parent=7"}],"curies":[{"name":"wp","href":"https:\/\/api.w.org\/{rel}","templated":true}]}}