{"id":574,"date":"2018-01-05T11:10:46","date_gmt":"2018-01-05T14:10:46","guid":{"rendered":"http:\/\/psicologia.udd.cl\/utp\/?page_id=574"},"modified":"2020-05-12T16:28:25","modified_gmt":"2020-05-12T20:28:25","slug":"publicaciones","status":"publish","type":"page","link":"https:\/\/psicologia.udd.cl\/unir\/estudios-y-publicaciones\/publicaciones\/","title":{"rendered":"Publicaciones"},"content":{"rendered":"\n<p>Este es el listado de publicaciones de nuestros investigadores desde el 2007:<\/p>\n\n\n\n<ul class=\"wp-block-list\"><li>Molina, M. E.; Tapia-Villanueva, L. &amp; Fossa, P.\u00a0 (2017). Temporality as a co-construction of couple relationship: Regulation of the experiential time. Culture &amp; Psychology https:\/\/doi.org\/10.1177\/1354067X17737719<\/li><li>Fossa, P &amp; Molina, M. E. (2017) Weakening moments of therapeutic bond: A microprocess study.Revista Argentina de Cl\u00ednica Psicol\u00f3gica.<\/li><li>Fossa, P. Molina, M.E., De la Puerta, S., Barr, M. &amp; Tapia, L. (2016). What do we do when we discuss? A microgenetic analysis of couple\u00b4s conflict. Australian and New Zealand Journal of Family Therapy, 37, 105\u2013118.<\/li><li>Fossa, P. &amp; Molina, M .E. (2017). Weakening moments of therapeutic bond: A micro-process study. Revista Argentina de Cl\u00ednica Psicol\u00f3gica, XXVI(I), 31-46.<\/li><li>Tapia, L. &amp; Molina, M.E. (2016). Variety of love: Multiverses in a localism aesthetic. In: J. Valsiner, G. Marsico,\u00a0 N. Chaudhary, T. Sato &amp; V. Dazzani (Eds) Psychology as a Science of Human Being: The Yokohama Manifesto. Berl\u00edn: Springer.<\/li><li>Molina, M.E, Del Rio M.T, y Tapia L. (2015) El Di\u00e1logo en la Psicoterapia: Protocolo para un An\u00e1lisis de Micro-proceso. Revista Argentina de Cl\u00ednica Psicol\u00f3gica. ISI<\/li><li>Tapia-Villanueva, L., Molina, M.E., Aspillaga, C., Cruzat, C., Pereira, X., Poulsen, G., Sotomayor, P. &amp; Armijo, I (2014). Factors Preventing Gridlock in Couples\u2019 Relationships based on the Discourse of Highly Adjusted Couples and Couples Therapists. Australian and New Zealand Journal of Family Therapy. ISI<\/li><li>Tapia L, Armijo I. Pereira X &amp; Molina M.E. (2014) Adaptation, reliability and validity of the State Trait Cheerfulness Inventory (STCI-T-60). Chilean Spanish version: Individual and couple forms. International Journal of Humor Research<\/li><li>Tapia, L. &amp; Molina, M.E. (2014). Tratamiento de las disfunciones del deseo \u00a0sexual en terapia de pareja. En M. Salas (Ed.) Salud sexual y sexolog\u00eda (pp. 66-102). Santiago: Sociedad Chilena de Sexolog\u00eda y Educaci\u00f3n Sexual.<\/li><li>Fossa, P., Benavente, G. &amp; Pimentel, V. (2013). Construcci\u00f3n del foco terap\u00e9utico en primera sesi\u00f3n de terapia de pareja. Revista De Familias y Terapias, 22 (34) 119-135.<\/li><li>Molina M.E, Ben-Dov, Diez, Farr\u00e1n, Rapaport y Tomicic (2013). V\u00ednculo Terap\u00e9utico: Aproximaci\u00f3n desde el di\u00e1logo y la co-construcci\u00f3n de significados. Revista Argentina de Cl\u00ednica Psicol\u00f3gica 22(1) 15-21 ISI<\/li><li>Tapia, L., Molina M. E., (2012). Terapia de Pareja y Sexualidad: Consideraciones cl\u00ednicas para un tratamiento multidimensional de las dificultades sexuales. De Familias y Terapias. 32:2.<\/li><li>Molina, M. E., Tapia, L., (2012). Temporalidad e Incertidumbre en las Din\u00e1micas de Pareja. De Familias y Terapias. 32:2.<\/li><li>Molina, M.E. (2012). Mothers Dealing With Child Abuse: Dynamics of Psychological Processing, in A S. Bastos, J. Valsiner, K. Uriko (Eds.) Cultural dynamics of women&#8217;s lives. (Advances in cultural psychology) Part II Agepublishing<\/li><li>Maida, A.M., &amp; Molina, M. E (2012) Terapia Familiar en Casos de Violencia Cap. en libro Terapia Familiar y de Pareja, A. Roizblatt Ed. Editorial Mediterr\u00e1neo.<\/li><li>Sim\u00e3o, Molina, Del R\u00edo, (2011). Aproxima\u00e7\u00e3o, distanciamento e negocia\u00e7\u00e3o de sentido em rela\u00e7\u00f5es eu &#8211; outro no di\u00e1logo psicoterap\u00eautico, em: P. S. de Oliveira e M. I. da S. Leme (Orgs.) Proximidade e Distanciamento: Olhares da Psicologia. S\u00e3o Paulo: Casa do Psic\u00f3logo Editores.<\/li><li>Tapia L., Poulsen G., Armijo I., Pereira X., Sotomayor P. (2010). Estudio exploratorio sobre los recursos de las personas en psicoterapia desde las perspectivas de los psicoterapeutas. Revista Argentina de Cl\u00ednica Psicol\u00f3gica, 19:197-209 ISI<\/li><li>Proyer R., Ruch W., et al, Tapia L., (2009). Breaking ground in cross-cultural research on the fear of being laughed at (gelotophobia): A multi-national study involving 73 countries. Humor &#8211; International Journal of Humor Research. 22: 253\u2013279. \u00a0ISI<\/li><li>Tapia L., Poulsen G., Armijo I., Pereira X., Sotomayor P.. (2009). Resoluci\u00f3n de entrampes en parejas en conflicto: Aproximaciones desde las parejas y los terapeutas. Revista Argentina de Cl\u00ednica Psicol\u00f3gica 18: 101-114. ISI<\/li><li>Del Rio M T. &amp; Molina M. E.(2009) Recalling as a holistic experience: Objects, emotions and meanings united. Comentario de: The mediating role of objects in recollections of adult women survivors of child sexual abuse.\u00a0 Reavey P. &amp; Brown S. (2009), Culture &amp; Psychology Vol. 15(4)<\/li><li>Molina M. E., Mart\u00ednez M. L. &amp; Cumsille P. (2009) Expresi\u00f3n del desacuerdo y obediencia en la relaci\u00f3n padre-hijo adolescente: Relaciones con comportamiento agresivo y autoconcepto. Revista Mexicana de Psicolog\u00eda 26(2) 163-174. ISI<\/li><li>Molina, M. E. y Del R\u00edo, M. T.(2008) Dynamics of Psychotherapy Processes.\u00a0 En J. Valsiner, P. Molenaar, M, Lyra y N. Chaudhary. (Eds.) Handbook Dynamic Process Methodology in the Social and Developmental Science, Cap\u00edtulo 27, Springer.<\/li><li>Tapia L., (2007)\u00a0 Terapia de Pareja y Sexualidad: Entre el cuidado y el deseo. En: Lourdes L. Entendiendo la pareja, 109-141 Ed. Pax M\u00e9xico.Molina M. E. &amp; Del R\u00edo M. T. (2007) Child Sexual Abuse Interpretation as Sign construction Process. Comentario para Jensen, T. The interpretation of Signs of Chile Sexual Abuse. Culture &amp; Psychology Issue 13 (1). ISSN :1354-0688.<\/li><\/ul>\n","protected":false},"excerpt":{"rendered":"<p>Este es el listado de publicaciones de nuestros investigadores desde el 2007: Molina, M. E.; Tapia-Villanueva, L. &amp; Fossa, P.\u00a0 (2017). Temporality as a co-construction of couple relationship: Regulation of the experiential time. Culture &amp; Psychology https:\/\/doi.org\/10.1177\/1354067X17737719 Fossa, P &amp; Molina, M. E. (2017) Weakening moments of therapeutic bond: A microprocess study.Revista Argentina de Cl\u00ednica [&hellip;]<\/p>\n","protected":false},"author":1,"featured_media":0,"parent":4,"menu_order":0,"comment_status":"closed","ping_status":"closed","template":"","meta":{"footnotes":""},"class_list":["post-574","page","type-page","status-publish","hentry"],"_links":{"self":[{"href":"https:\/\/psicologia.udd.cl\/unir\/wp-json\/wp\/v2\/pages\/574","targetHints":{"allow":["GET"]}}],"collection":[{"href":"https:\/\/psicologia.udd.cl\/unir\/wp-json\/wp\/v2\/pages"}],"about":[{"href":"https:\/\/psicologia.udd.cl\/unir\/wp-json\/wp\/v2\/types\/page"}],"author":[{"embeddable":true,"href":"https:\/\/psicologia.udd.cl\/unir\/wp-json\/wp\/v2\/users\/1"}],"replies":[{"embeddable":true,"href":"https:\/\/psicologia.udd.cl\/unir\/wp-json\/wp\/v2\/comments?post=574"}],"version-history":[{"count":5,"href":"https:\/\/psicologia.udd.cl\/unir\/wp-json\/wp\/v2\/pages\/574\/revisions"}],"predecessor-version":[{"id":731,"href":"https:\/\/psicologia.udd.cl\/unir\/wp-json\/wp\/v2\/pages\/574\/revisions\/731"}],"up":[{"embeddable":true,"href":"https:\/\/psicologia.udd.cl\/unir\/wp-json\/wp\/v2\/pages\/4"}],"wp:attachment":[{"href":"https:\/\/psicologia.udd.cl\/unir\/wp-json\/wp\/v2\/media?parent=574"}],"curies":[{"name":"wp","href":"https:\/\/api.w.org\/{rel}","templated":true}]}}