{"id":24,"date":"2012-08-01T11:46:43","date_gmt":"2012-08-01T15:46:43","guid":{"rendered":"http:\/\/psicologia.udd.cl\/uipp\/"},"modified":"2012-08-01T11:47:14","modified_gmt":"2012-08-01T15:47:14","slug":"objetivos","status":"publish","type":"page","link":"https:\/\/psicologia.udd.cl\/uipp\/sobre-el-centro\/objetivos\/","title":{"rendered":"Objetivos"},"content":{"rendered":"<p>&#8211; Generar conocimiento especializado asociado al diagn\u00f3stico de problem\u00e1ticas psicol\u00f3gicas relevantes tanto por su complejidad como por su prevalencia.<\/p>\n<p>&#8211; Generar conocimiento especializado asociado a variables psicoterap\u00e9uticas relevantes para la conformaci\u00f3n de modelos eficaces de intervenci\u00f3n.<\/p>\n<p>&#8211; Nutrir la formaci\u00f3n de profesionales del \u00e1rea cl\u00ednica en los niveles de pregrado y postgrado con la sistematizaci\u00f3n, comunicaci\u00f3n y aplicaci\u00f3n de los conocimientos pertinentes producidos por la investigaci\u00f3n.<\/p>\n","protected":false},"excerpt":{"rendered":"<p>&#8211; Generar conocimiento especializado asociado al diagn\u00f3stico de problem\u00e1ticas psicol\u00f3gicas relevantes tanto por su complejidad como por su prevalencia. &#8211; Generar conocimiento especializado asociado a variables psicoterap\u00e9uticas relevantes para la conformaci\u00f3n de modelos eficaces de intervenci\u00f3n. &#8211; Nutrir la formaci\u00f3n de profesionales del \u00e1rea cl\u00ednica en los niveles de pregrado y postgrado con la sistematizaci\u00f3n, [&hellip;]<\/p>\n","protected":false},"author":9192205,"featured_media":0,"parent":7,"menu_order":1,"comment_status":"open","ping_status":"open","template":"","meta":{"footnotes":""},"class_list":["post-24","page","type-page","status-publish","hentry"],"_links":{"self":[{"href":"https:\/\/psicologia.udd.cl\/uipp\/wp-json\/wp\/v2\/pages\/24","targetHints":{"allow":["GET"]}}],"collection":[{"href":"https:\/\/psicologia.udd.cl\/uipp\/wp-json\/wp\/v2\/pages"}],"about":[{"href":"https:\/\/psicologia.udd.cl\/uipp\/wp-json\/wp\/v2\/types\/page"}],"author":[{"embeddable":true,"href":"https:\/\/psicologia.udd.cl\/uipp\/wp-json\/wp\/v2\/users\/9192205"}],"replies":[{"embeddable":true,"href":"https:\/\/psicologia.udd.cl\/uipp\/wp-json\/wp\/v2\/comments?post=24"}],"version-history":[{"count":2,"href":"https:\/\/psicologia.udd.cl\/uipp\/wp-json\/wp\/v2\/pages\/24\/revisions"}],"predecessor-version":[{"id":26,"href":"https:\/\/psicologia.udd.cl\/uipp\/wp-json\/wp\/v2\/pages\/24\/revisions\/26"}],"up":[{"embeddable":true,"href":"https:\/\/psicologia.udd.cl\/uipp\/wp-json\/wp\/v2\/pages\/7"}],"wp:attachment":[{"href":"https:\/\/psicologia.udd.cl\/uipp\/wp-json\/wp\/v2\/media?parent=24"}],"curies":[{"name":"wp","href":"https:\/\/api.w.org\/{rel}","templated":true}]}}