{"id":3050,"date":"2025-01-02T13:12:32","date_gmt":"2025-01-02T16:12:32","guid":{"rendered":"https:\/\/psicologia.udd.cl\/ibem\/?page_id=3050"},"modified":"2025-07-17T09:50:57","modified_gmt":"2025-07-17T13:50:57","slug":"consumo-de-sustancias-en-la-adolescencia-automedicacion-para-el-distres-emocional","status":"publish","type":"page","link":"https:\/\/psicologia.udd.cl\/ibem\/consumo-de-sustancias-en-la-adolescencia-automedicacion-para-el-distres-emocional\/","title":{"rendered":"Consumo de sustancias en la adolescencia: \u00bfAutomedicaci\u00f3n para el distr\u00e9s emocional?"},"content":{"rendered":"\n<div class=\"wp-block-media-text alignfull is-stacked-on-mobile has-gray-lighter-background-color has-background\" style=\"grid-template-columns:46% auto\"><figure class=\"wp-block-media-text__media\"><a href=\"https:\/\/repositorio.udd.cl\/server\/api\/core\/bitstreams\/b60ae67f-99cd-4b41-bfc1-069a3656565e\/content\"><img loading=\"lazy\" decoding=\"async\" width=\"787\" height=\"1024\" src=\"https:\/\/psicologia.udd.cl\/ibem\/files\/2024\/12\/portada-consumo-de-sustancias-787x1024.png\" alt=\"\" class=\"wp-image-2948 size-large\" srcset=\"https:\/\/psicologia.udd.cl\/ibem\/files\/2024\/12\/portada-consumo-de-sustancias-787x1024.png 787w, https:\/\/psicologia.udd.cl\/ibem\/files\/2024\/12\/portada-consumo-de-sustancias-231x300.png 231w, https:\/\/psicologia.udd.cl\/ibem\/files\/2024\/12\/portada-consumo-de-sustancias-768x999.png 768w, https:\/\/psicologia.udd.cl\/ibem\/files\/2024\/12\/portada-consumo-de-sustancias.png 884w\" sizes=\"auto, (max-width: 787px) 100vw, 787px\" \/><\/a><\/figure><div class=\"wp-block-media-text__content\">\n<p class=\"has-large-font-size\"><strong>Highlights:<\/strong><\/p>\n\n\n\n<p class=\"has-small-font-size\"><strong>1. <\/strong>Consumo adolescente m\u00e1s all\u00e1 de una mirada castigadora al uso de drogas de abuso, sino comprensiva y explicativa respecto a las motivaciones asociadas al mismo.<\/p>\n\n\n\n<p class=\"has-small-font-size\"><strong>2. <\/strong>Sistemas de evitaci\u00f3n y aproximaci\u00f3n como un modelo explicativo psiconeurol\u00f3gico que captura c\u00f3mo el adolescente, debido a una inmadurez neurobiol\u00f3gica del sistema de regulaci\u00f3n, incurre en comportamientos da\u00f1inos para su salud f\u00edsica mental, como tambi\u00e9n a una incapacidad de poder regular su comportamiento ante diversos est\u00edmulos eligiendo estrategias de regulaci\u00f3n que no conlleven notorias secuelas f\u00edsicas, psicol\u00f3gicas y sociales como el consumo de sustancias.<\/p>\n\n\n\n<p class=\"has-small-font-size\"><strong>3. <\/strong>Este tipo de consumo se podr\u00eda catalogar como una estrategia m\u00e1s de regulaci\u00f3n emocional, que permitir\u00eda a la persona lidiar con problem\u00e1ticas cotidianas que tienen una dimensi\u00f3n emocional muchas veces intensa y dif\u00edcil de manejar, sin embargo donde los costos asociados son muy problem\u00e1ticos para el individuo y su entorno.<\/p>\n\n\n\n<p class=\"has-small-font-size\"><strong>Autor<\/strong>: <a href=\"https:\/\/psicologia.udd.cl\/doctorado\/es\/persona\/barllech-dussan-romero-paniagua\/\">Barllech Romero<\/a><\/p>\n<\/div><\/div>\n","protected":false},"excerpt":{"rendered":"<p>Highlights: 1. Consumo adolescente m\u00e1s all\u00e1 de una mirada castigadora al uso de drogas de abuso, sino comprensiva y explicativa respecto a las motivaciones asociadas al mismo. 2. Sistemas de evitaci\u00f3n y aproximaci\u00f3n como un modelo explicativo psiconeurol\u00f3gico que captura c\u00f3mo el adolescente, debido a una inmadurez neurobiol\u00f3gica del sistema de regulaci\u00f3n, incurre en comportamientos [&hellip;]<\/p>\n","protected":false},"author":36,"featured_media":0,"parent":0,"menu_order":0,"comment_status":"closed","ping_status":"closed","template":"","meta":{"footnotes":""},"class_list":["post-3050","page","type-page","status-publish","hentry"],"yoast_head":"<!-- This site is optimized with the Yoast SEO plugin v26.9 - https:\/\/yoast.com\/product\/yoast-seo-wordpress\/ -->\n<title>Consumo de sustancias en la adolescencia: \u00bfAutomedicaci\u00f3n para el distr\u00e9s emocional? - Instituto de Bienestar Socioemocional<\/title>\n<meta name=\"description\" content=\"Abordaje del consumo adolescente desde una mirada comprensiva y explicativa respecto a las motivaciones asociadas al mismo.\" \/>\n<meta name=\"robots\" content=\"index, follow, max-snippet:-1, max-image-preview:large, max-video-preview:-1\" \/>\n<link rel=\"canonical\" href=\"https:\/\/psicologia.udd.cl\/ibem\/consumo-de-sustancias-en-la-adolescencia-automedicacion-para-el-distres-emocional\/\" \/>\n<meta property=\"og:locale\" content=\"es_ES\" \/>\n<meta property=\"og:type\" content=\"article\" \/>\n<meta property=\"og:title\" content=\"Consumo de sustancias en la adolescencia: \u00bfAutomedicaci\u00f3n para el distr\u00e9s emocional? - Instituto de Bienestar Socioemocional\" \/>\n<meta property=\"og:description\" content=\"Abordaje del consumo adolescente desde una mirada comprensiva y explicativa respecto a las motivaciones asociadas al mismo.\" \/>\n<meta property=\"og:url\" content=\"https:\/\/psicologia.udd.cl\/ibem\/consumo-de-sustancias-en-la-adolescencia-automedicacion-para-el-distres-emocional\/\" \/>\n<meta property=\"og:site_name\" content=\"Instituto de Bienestar Socioemocional\" \/>\n<meta property=\"article:modified_time\" content=\"2025-07-17T13:50:57+00:00\" \/>\n<meta property=\"og:image\" content=\"https:\/\/psicologia.udd.cl\/ibem\/files\/2024\/12\/portada-consumo-de-sustancias-787x1024.png\" \/>\n<meta name=\"twitter:card\" content=\"summary_large_image\" \/>\n<meta name=\"twitter:label1\" content=\"Tiempo de lectura\" \/>\n\t<meta name=\"twitter:data1\" content=\"1 minuto\" \/>\n<script type=\"application\/ld+json\" class=\"yoast-schema-graph\">{\"@context\":\"https:\/\/schema.org\",\"@graph\":[{\"@type\":\"WebPage\",\"@id\":\"https:\/\/psicologia.udd.cl\/ibem\/consumo-de-sustancias-en-la-adolescencia-automedicacion-para-el-distres-emocional\/\",\"url\":\"https:\/\/psicologia.udd.cl\/ibem\/consumo-de-sustancias-en-la-adolescencia-automedicacion-para-el-distres-emocional\/\",\"name\":\"Consumo de sustancias en la adolescencia: \u00bfAutomedicaci\u00f3n para el distr\u00e9s emocional? - Instituto de Bienestar Socioemocional\",\"isPartOf\":{\"@id\":\"https:\/\/psicologia.udd.cl\/ibem\/#website\"},\"primaryImageOfPage\":{\"@id\":\"https:\/\/psicologia.udd.cl\/ibem\/consumo-de-sustancias-en-la-adolescencia-automedicacion-para-el-distres-emocional\/#primaryimage\"},\"image\":{\"@id\":\"https:\/\/psicologia.udd.cl\/ibem\/consumo-de-sustancias-en-la-adolescencia-automedicacion-para-el-distres-emocional\/#primaryimage\"},\"thumbnailUrl\":\"https:\/\/psicologia.udd.cl\/ibem\/files\/2024\/12\/portada-consumo-de-sustancias-787x1024.png\",\"datePublished\":\"2025-01-02T16:12:32+00:00\",\"dateModified\":\"2025-07-17T13:50:57+00:00\",\"description\":\"Abordaje del consumo adolescente desde una mirada comprensiva y explicativa respecto a las motivaciones asociadas al mismo.\",\"breadcrumb\":{\"@id\":\"https:\/\/psicologia.udd.cl\/ibem\/consumo-de-sustancias-en-la-adolescencia-automedicacion-para-el-distres-emocional\/#breadcrumb\"},\"inLanguage\":\"es\",\"potentialAction\":[{\"@type\":\"ReadAction\",\"target\":[\"https:\/\/psicologia.udd.cl\/ibem\/consumo-de-sustancias-en-la-adolescencia-automedicacion-para-el-distres-emocional\/\"]}]},{\"@type\":\"ImageObject\",\"inLanguage\":\"es\",\"@id\":\"https:\/\/psicologia.udd.cl\/ibem\/consumo-de-sustancias-en-la-adolescencia-automedicacion-para-el-distres-emocional\/#primaryimage\",\"url\":\"https:\/\/psicologia.udd.cl\/ibem\/files\/2024\/12\/portada-consumo-de-sustancias.png\",\"contentUrl\":\"https:\/\/psicologia.udd.cl\/ibem\/files\/2024\/12\/portada-consumo-de-sustancias.png\",\"width\":884,\"height\":1150},{\"@type\":\"BreadcrumbList\",\"@id\":\"https:\/\/psicologia.udd.cl\/ibem\/consumo-de-sustancias-en-la-adolescencia-automedicacion-para-el-distres-emocional\/#breadcrumb\",\"itemListElement\":[{\"@type\":\"ListItem\",\"position\":1,\"name\":\"Portada\",\"item\":\"https:\/\/psicologia.udd.cl\/ibem\/\"},{\"@type\":\"ListItem\",\"position\":2,\"name\":\"Consumo de sustancias en la adolescencia: \u00bfAutomedicaci\u00f3n para el distr\u00e9s emocional?\"}]},{\"@type\":\"WebSite\",\"@id\":\"https:\/\/psicologia.udd.cl\/ibem\/#website\",\"url\":\"https:\/\/psicologia.udd.cl\/ibem\/\",\"name\":\"Instituto de Bienestar Socioemocional\",\"description\":\"Otro sitio m\u00e1s de Psicologia\",\"publisher\":{\"@id\":\"https:\/\/psicologia.udd.cl\/ibem\/#organization\"},\"inLanguage\":\"es\"},{\"@type\":\"Organization\",\"@id\":\"https:\/\/psicologia.udd.cl\/ibem\/#organization\",\"name\":\"Instituto de Bienestar Socioemocional\",\"url\":\"https:\/\/psicologia.udd.cl\/ibem\/\",\"logo\":{\"@type\":\"ImageObject\",\"inLanguage\":\"es\",\"@id\":\"https:\/\/psicologia.udd.cl\/ibem\/#\/schema\/logo\/image\/\",\"url\":\"https:\/\/psicologia.udd.cl\/ibem\/files\/2022\/11\/ibem-logo-2.jpg\",\"contentUrl\":\"https:\/\/psicologia.udd.cl\/ibem\/files\/2022\/11\/ibem-logo-2.jpg\",\"width\":952,\"height\":534,\"caption\":\"Instituto de Bienestar Socioemocional\"},\"image\":{\"@id\":\"https:\/\/psicologia.udd.cl\/ibem\/#\/schema\/logo\/image\/\"},\"sameAs\":[\"https:\/\/www.instagram.com\/ibemudd\/?hl=es-la\"]}]}<\/script>\n<!-- \/ Yoast SEO plugin. -->","yoast_head_json":{"title":"Consumo de sustancias en la adolescencia: \u00bfAutomedicaci\u00f3n para el distr\u00e9s emocional? - Instituto de Bienestar Socioemocional","description":"Abordaje del consumo adolescente desde una mirada comprensiva y explicativa respecto a las motivaciones asociadas al mismo.","robots":{"index":"index","follow":"follow","max-snippet":"max-snippet:-1","max-image-preview":"max-image-preview:large","max-video-preview":"max-video-preview:-1"},"canonical":"https:\/\/psicologia.udd.cl\/ibem\/consumo-de-sustancias-en-la-adolescencia-automedicacion-para-el-distres-emocional\/","og_locale":"es_ES","og_type":"article","og_title":"Consumo de sustancias en la adolescencia: \u00bfAutomedicaci\u00f3n para el distr\u00e9s emocional? - Instituto de Bienestar Socioemocional","og_description":"Abordaje del consumo adolescente desde una mirada comprensiva y explicativa respecto a las motivaciones asociadas al mismo.","og_url":"https:\/\/psicologia.udd.cl\/ibem\/consumo-de-sustancias-en-la-adolescencia-automedicacion-para-el-distres-emocional\/","og_site_name":"Instituto de Bienestar Socioemocional","article_modified_time":"2025-07-17T13:50:57+00:00","og_image":[{"url":"https:\/\/psicologia.udd.cl\/ibem\/files\/2024\/12\/portada-consumo-de-sustancias-787x1024.png","type":"","width":"","height":""}],"twitter_card":"summary_large_image","twitter_misc":{"Tiempo de lectura":"1 minuto"},"schema":{"@context":"https:\/\/schema.org","@graph":[{"@type":"WebPage","@id":"https:\/\/psicologia.udd.cl\/ibem\/consumo-de-sustancias-en-la-adolescencia-automedicacion-para-el-distres-emocional\/","url":"https:\/\/psicologia.udd.cl\/ibem\/consumo-de-sustancias-en-la-adolescencia-automedicacion-para-el-distres-emocional\/","name":"Consumo de sustancias en la adolescencia: \u00bfAutomedicaci\u00f3n para el distr\u00e9s emocional? - Instituto de Bienestar Socioemocional","isPartOf":{"@id":"https:\/\/psicologia.udd.cl\/ibem\/#website"},"primaryImageOfPage":{"@id":"https:\/\/psicologia.udd.cl\/ibem\/consumo-de-sustancias-en-la-adolescencia-automedicacion-para-el-distres-emocional\/#primaryimage"},"image":{"@id":"https:\/\/psicologia.udd.cl\/ibem\/consumo-de-sustancias-en-la-adolescencia-automedicacion-para-el-distres-emocional\/#primaryimage"},"thumbnailUrl":"https:\/\/psicologia.udd.cl\/ibem\/files\/2024\/12\/portada-consumo-de-sustancias-787x1024.png","datePublished":"2025-01-02T16:12:32+00:00","dateModified":"2025-07-17T13:50:57+00:00","description":"Abordaje del consumo adolescente desde una mirada comprensiva y explicativa respecto a las motivaciones asociadas al mismo.","breadcrumb":{"@id":"https:\/\/psicologia.udd.cl\/ibem\/consumo-de-sustancias-en-la-adolescencia-automedicacion-para-el-distres-emocional\/#breadcrumb"},"inLanguage":"es","potentialAction":[{"@type":"ReadAction","target":["https:\/\/psicologia.udd.cl\/ibem\/consumo-de-sustancias-en-la-adolescencia-automedicacion-para-el-distres-emocional\/"]}]},{"@type":"ImageObject","inLanguage":"es","@id":"https:\/\/psicologia.udd.cl\/ibem\/consumo-de-sustancias-en-la-adolescencia-automedicacion-para-el-distres-emocional\/#primaryimage","url":"https:\/\/psicologia.udd.cl\/ibem\/files\/2024\/12\/portada-consumo-de-sustancias.png","contentUrl":"https:\/\/psicologia.udd.cl\/ibem\/files\/2024\/12\/portada-consumo-de-sustancias.png","width":884,"height":1150},{"@type":"BreadcrumbList","@id":"https:\/\/psicologia.udd.cl\/ibem\/consumo-de-sustancias-en-la-adolescencia-automedicacion-para-el-distres-emocional\/#breadcrumb","itemListElement":[{"@type":"ListItem","position":1,"name":"Portada","item":"https:\/\/psicologia.udd.cl\/ibem\/"},{"@type":"ListItem","position":2,"name":"Consumo de sustancias en la adolescencia: \u00bfAutomedicaci\u00f3n para el distr\u00e9s emocional?"}]},{"@type":"WebSite","@id":"https:\/\/psicologia.udd.cl\/ibem\/#website","url":"https:\/\/psicologia.udd.cl\/ibem\/","name":"Instituto de Bienestar Socioemocional","description":"Otro sitio m\u00e1s de Psicologia","publisher":{"@id":"https:\/\/psicologia.udd.cl\/ibem\/#organization"},"inLanguage":"es"},{"@type":"Organization","@id":"https:\/\/psicologia.udd.cl\/ibem\/#organization","name":"Instituto de Bienestar Socioemocional","url":"https:\/\/psicologia.udd.cl\/ibem\/","logo":{"@type":"ImageObject","inLanguage":"es","@id":"https:\/\/psicologia.udd.cl\/ibem\/#\/schema\/logo\/image\/","url":"https:\/\/psicologia.udd.cl\/ibem\/files\/2022\/11\/ibem-logo-2.jpg","contentUrl":"https:\/\/psicologia.udd.cl\/ibem\/files\/2022\/11\/ibem-logo-2.jpg","width":952,"height":534,"caption":"Instituto de Bienestar Socioemocional"},"image":{"@id":"https:\/\/psicologia.udd.cl\/ibem\/#\/schema\/logo\/image\/"},"sameAs":["https:\/\/www.instagram.com\/ibemudd\/?hl=es-la"]}]}},"_links":{"self":[{"href":"https:\/\/psicologia.udd.cl\/ibem\/wp-json\/wp\/v2\/pages\/3050","targetHints":{"allow":["GET"]}}],"collection":[{"href":"https:\/\/psicologia.udd.cl\/ibem\/wp-json\/wp\/v2\/pages"}],"about":[{"href":"https:\/\/psicologia.udd.cl\/ibem\/wp-json\/wp\/v2\/types\/page"}],"author":[{"embeddable":true,"href":"https:\/\/psicologia.udd.cl\/ibem\/wp-json\/wp\/v2\/users\/36"}],"replies":[{"embeddable":true,"href":"https:\/\/psicologia.udd.cl\/ibem\/wp-json\/wp\/v2\/comments?post=3050"}],"version-history":[{"count":3,"href":"https:\/\/psicologia.udd.cl\/ibem\/wp-json\/wp\/v2\/pages\/3050\/revisions"}],"predecessor-version":[{"id":3320,"href":"https:\/\/psicologia.udd.cl\/ibem\/wp-json\/wp\/v2\/pages\/3050\/revisions\/3320"}],"wp:attachment":[{"href":"https:\/\/psicologia.udd.cl\/ibem\/wp-json\/wp\/v2\/media?parent=3050"}],"curies":[{"name":"wp","href":"https:\/\/api.w.org\/{rel}","templated":true}]}}