{"id":2937,"date":"2024-12-12T14:15:35","date_gmt":"2024-12-12T17:15:35","guid":{"rendered":"https:\/\/psicologia.udd.cl\/ibem\/?page_id=2937"},"modified":"2025-06-26T10:39:53","modified_gmt":"2025-06-26T14:39:53","slug":"la-ciencia-de-las-emociones","status":"publish","type":"page","link":"https:\/\/psicologia.udd.cl\/ibem\/la-ciencia-de-las-emociones\/","title":{"rendered":"La Ciencia de las Emociones"},"content":{"rendered":"\n<div class=\"wp-block-media-text alignfull is-stacked-on-mobile is-vertically-aligned-center has-gray-lighter-background-color has-background\" style=\"grid-template-columns:46% auto\"><figure class=\"wp-block-media-text__media\"><a href=\"https:\/\/repositorio.udd.cl\/server\/api\/core\/bitstreams\/81e21da0-3644-46ce-8eba-466f32156159\/content\"><img loading=\"lazy\" decoding=\"async\" width=\"795\" height=\"1024\" src=\"https:\/\/psicologia.udd.cl\/ibem\/files\/2024\/12\/portada-la-ciencia-de-las-emociones-795x1024.png\" alt=\"\" class=\"wp-image-2939 size-large\" srcset=\"https:\/\/psicologia.udd.cl\/ibem\/files\/2024\/12\/portada-la-ciencia-de-las-emociones-795x1024.png 795w, https:\/\/psicologia.udd.cl\/ibem\/files\/2024\/12\/portada-la-ciencia-de-las-emociones-233x300.png 233w, https:\/\/psicologia.udd.cl\/ibem\/files\/2024\/12\/portada-la-ciencia-de-las-emociones-768x989.png 768w, https:\/\/psicologia.udd.cl\/ibem\/files\/2024\/12\/portada-la-ciencia-de-las-emociones.png 964w\" sizes=\"auto, (max-width: 795px) 100vw, 795px\" \/><\/a><\/figure><div class=\"wp-block-media-text__content\">\n<p class=\"has-large-font-size\"><strong>Highlights<\/strong>:<\/p>\n\n\n\n<p class=\"has-small-font-size\"><strong>1. <\/strong>Las emociones son reacciones conscientes con cambios fisiol\u00f3gicos y conductuales, dirigidas a objetivos espec\u00edficos.<\/p>\n\n\n\n<p class=\"has-small-font-size\"><strong>2. <\/strong>El Modelo Modal de Emociones de James Gross describe cuatro fases en la generaci\u00f3n de emociones: situaci\u00f3n, atenci\u00f3n, evaluaci\u00f3n y respuesta, subrayando la regulaci\u00f3n emocional.<\/p>\n\n\n\n<p class=\"has-small-font-size\"><strong>3. <\/strong>Terapias como la Terapia de Regulaci\u00f3n Emocional (TRE) y la Terapia Enfocada en las Emociones (TEE) aplican conocimientos sobre emociones para tratar ansiedad y depresi\u00f3n, mostrando eficacia cl\u00ednica.<\/p>\n\n\n\n<p class=\"has-small-font-size\"><strong>Autores:<\/strong> <a href=\"https:\/\/sel.udd.cl\/persona\/martin-castro\/#!\/page=1\">Mart\u00edn Castro<\/a> | <a href=\"https:\/\/psicologia.udd.cl\/doctorado\/es\/persona\/constanza-gonzalez\/\">Constanza Gonz\u00e1lez <\/a>| <a href=\"https:\/\/psicologia.udd.cl\/doctorado\/en\/persona\/tania-valdes-gonzalez-2\/\">Tania Vald\u00e9s<\/a> | <a href=\"https:\/\/psicologia.udd.cl\/persona\/franco-medina-cardenas\/franco-medina\/\">Franco Medina <\/a>|  <a href=\"https:\/\/psicologia.udd.cl\/persona\/jaime-silva\/#!\/page=1\">Dr. Jaime Silva<\/a> <\/p>\n<\/div><\/div>\n\n\n\n<p><\/p>\n","protected":false},"excerpt":{"rendered":"<p>Highlights: 1. Las emociones son reacciones conscientes con cambios fisiol\u00f3gicos y conductuales, dirigidas a objetivos espec\u00edficos. 2. El Modelo Modal de Emociones de James Gross describe cuatro fases en la generaci\u00f3n de emociones: situaci\u00f3n, atenci\u00f3n, evaluaci\u00f3n y respuesta, subrayando la regulaci\u00f3n emocional. 3. Terapias como la Terapia de Regulaci\u00f3n Emocional (TRE) y la Terapia Enfocada [&hellip;]<\/p>\n","protected":false},"author":36,"featured_media":0,"parent":0,"menu_order":0,"comment_status":"closed","ping_status":"closed","template":"","meta":{"footnotes":""},"class_list":["post-2937","page","type-page","status-publish","hentry"],"yoast_head":"<!-- This site is optimized with the Yoast SEO plugin v26.9 - https:\/\/yoast.com\/product\/yoast-seo-wordpress\/ -->\n<title>La Ciencia de las Emociones - Instituto de Bienestar Socioemocional<\/title>\n<meta name=\"robots\" content=\"index, follow, max-snippet:-1, max-image-preview:large, max-video-preview:-1\" \/>\n<link rel=\"canonical\" href=\"https:\/\/psicologia.udd.cl\/ibem\/la-ciencia-de-las-emociones\/\" \/>\n<meta property=\"og:locale\" content=\"es_ES\" \/>\n<meta property=\"og:type\" content=\"article\" \/>\n<meta property=\"og:title\" content=\"La Ciencia de las Emociones - Instituto de Bienestar Socioemocional\" \/>\n<meta property=\"og:description\" content=\"Highlights: 1. Las emociones son reacciones conscientes con cambios fisiol\u00f3gicos y conductuales, dirigidas a objetivos espec\u00edficos. 2. El Modelo Modal de Emociones de James Gross describe cuatro fases en la generaci\u00f3n de emociones: situaci\u00f3n, atenci\u00f3n, evaluaci\u00f3n y respuesta, subrayando la regulaci\u00f3n emocional. 3. Terapias como la Terapia de Regulaci\u00f3n Emocional (TRE) y la Terapia Enfocada [&hellip;]\" \/>\n<meta property=\"og:url\" content=\"https:\/\/psicologia.udd.cl\/ibem\/la-ciencia-de-las-emociones\/\" \/>\n<meta property=\"og:site_name\" content=\"Instituto de Bienestar Socioemocional\" \/>\n<meta property=\"article:modified_time\" content=\"2025-06-26T14:39:53+00:00\" \/>\n<meta property=\"og:image\" content=\"https:\/\/psicologia.udd.cl\/ibem\/files\/2024\/12\/portada-la-ciencia-de-las-emociones-795x1024.png\" \/>\n<meta name=\"twitter:card\" content=\"summary_large_image\" \/>\n<meta name=\"twitter:label1\" content=\"Tiempo de lectura\" \/>\n\t<meta name=\"twitter:data1\" content=\"1 minuto\" \/>\n<script type=\"application\/ld+json\" class=\"yoast-schema-graph\">{\"@context\":\"https:\/\/schema.org\",\"@graph\":[{\"@type\":\"WebPage\",\"@id\":\"https:\/\/psicologia.udd.cl\/ibem\/la-ciencia-de-las-emociones\/\",\"url\":\"https:\/\/psicologia.udd.cl\/ibem\/la-ciencia-de-las-emociones\/\",\"name\":\"La Ciencia de las Emociones - Instituto de Bienestar Socioemocional\",\"isPartOf\":{\"@id\":\"https:\/\/psicologia.udd.cl\/ibem\/#website\"},\"primaryImageOfPage\":{\"@id\":\"https:\/\/psicologia.udd.cl\/ibem\/la-ciencia-de-las-emociones\/#primaryimage\"},\"image\":{\"@id\":\"https:\/\/psicologia.udd.cl\/ibem\/la-ciencia-de-las-emociones\/#primaryimage\"},\"thumbnailUrl\":\"https:\/\/psicologia.udd.cl\/ibem\/files\/2024\/12\/portada-la-ciencia-de-las-emociones-795x1024.png\",\"datePublished\":\"2024-12-12T17:15:35+00:00\",\"dateModified\":\"2025-06-26T14:39:53+00:00\",\"breadcrumb\":{\"@id\":\"https:\/\/psicologia.udd.cl\/ibem\/la-ciencia-de-las-emociones\/#breadcrumb\"},\"inLanguage\":\"es\",\"potentialAction\":[{\"@type\":\"ReadAction\",\"target\":[\"https:\/\/psicologia.udd.cl\/ibem\/la-ciencia-de-las-emociones\/\"]}]},{\"@type\":\"ImageObject\",\"inLanguage\":\"es\",\"@id\":\"https:\/\/psicologia.udd.cl\/ibem\/la-ciencia-de-las-emociones\/#primaryimage\",\"url\":\"https:\/\/psicologia.udd.cl\/ibem\/files\/2024\/12\/portada-la-ciencia-de-las-emociones.png\",\"contentUrl\":\"https:\/\/psicologia.udd.cl\/ibem\/files\/2024\/12\/portada-la-ciencia-de-las-emociones.png\",\"width\":964,\"height\":1242},{\"@type\":\"BreadcrumbList\",\"@id\":\"https:\/\/psicologia.udd.cl\/ibem\/la-ciencia-de-las-emociones\/#breadcrumb\",\"itemListElement\":[{\"@type\":\"ListItem\",\"position\":1,\"name\":\"Portada\",\"item\":\"https:\/\/psicologia.udd.cl\/ibem\/\"},{\"@type\":\"ListItem\",\"position\":2,\"name\":\"La Ciencia de las Emociones\"}]},{\"@type\":\"WebSite\",\"@id\":\"https:\/\/psicologia.udd.cl\/ibem\/#website\",\"url\":\"https:\/\/psicologia.udd.cl\/ibem\/\",\"name\":\"Instituto de Bienestar Socioemocional\",\"description\":\"Otro sitio m\u00e1s de Psicologia\",\"publisher\":{\"@id\":\"https:\/\/psicologia.udd.cl\/ibem\/#organization\"},\"inLanguage\":\"es\"},{\"@type\":\"Organization\",\"@id\":\"https:\/\/psicologia.udd.cl\/ibem\/#organization\",\"name\":\"Instituto de Bienestar Socioemocional\",\"url\":\"https:\/\/psicologia.udd.cl\/ibem\/\",\"logo\":{\"@type\":\"ImageObject\",\"inLanguage\":\"es\",\"@id\":\"https:\/\/psicologia.udd.cl\/ibem\/#\/schema\/logo\/image\/\",\"url\":\"https:\/\/psicologia.udd.cl\/ibem\/files\/2022\/11\/ibem-logo-2.jpg\",\"contentUrl\":\"https:\/\/psicologia.udd.cl\/ibem\/files\/2022\/11\/ibem-logo-2.jpg\",\"width\":952,\"height\":534,\"caption\":\"Instituto de Bienestar Socioemocional\"},\"image\":{\"@id\":\"https:\/\/psicologia.udd.cl\/ibem\/#\/schema\/logo\/image\/\"},\"sameAs\":[\"https:\/\/www.instagram.com\/ibemudd\/?hl=es-la\"]}]}<\/script>\n<!-- \/ Yoast SEO plugin. -->","yoast_head_json":{"title":"La Ciencia de las Emociones - Instituto de Bienestar Socioemocional","robots":{"index":"index","follow":"follow","max-snippet":"max-snippet:-1","max-image-preview":"max-image-preview:large","max-video-preview":"max-video-preview:-1"},"canonical":"https:\/\/psicologia.udd.cl\/ibem\/la-ciencia-de-las-emociones\/","og_locale":"es_ES","og_type":"article","og_title":"La Ciencia de las Emociones - Instituto de Bienestar Socioemocional","og_description":"Highlights: 1. Las emociones son reacciones conscientes con cambios fisiol\u00f3gicos y conductuales, dirigidas a objetivos espec\u00edficos. 2. El Modelo Modal de Emociones de James Gross describe cuatro fases en la generaci\u00f3n de emociones: situaci\u00f3n, atenci\u00f3n, evaluaci\u00f3n y respuesta, subrayando la regulaci\u00f3n emocional. 3. Terapias como la Terapia de Regulaci\u00f3n Emocional (TRE) y la Terapia Enfocada [&hellip;]","og_url":"https:\/\/psicologia.udd.cl\/ibem\/la-ciencia-de-las-emociones\/","og_site_name":"Instituto de Bienestar Socioemocional","article_modified_time":"2025-06-26T14:39:53+00:00","og_image":[{"url":"https:\/\/psicologia.udd.cl\/ibem\/files\/2024\/12\/portada-la-ciencia-de-las-emociones-795x1024.png","type":"","width":"","height":""}],"twitter_card":"summary_large_image","twitter_misc":{"Tiempo de lectura":"1 minuto"},"schema":{"@context":"https:\/\/schema.org","@graph":[{"@type":"WebPage","@id":"https:\/\/psicologia.udd.cl\/ibem\/la-ciencia-de-las-emociones\/","url":"https:\/\/psicologia.udd.cl\/ibem\/la-ciencia-de-las-emociones\/","name":"La Ciencia de las Emociones - Instituto de Bienestar Socioemocional","isPartOf":{"@id":"https:\/\/psicologia.udd.cl\/ibem\/#website"},"primaryImageOfPage":{"@id":"https:\/\/psicologia.udd.cl\/ibem\/la-ciencia-de-las-emociones\/#primaryimage"},"image":{"@id":"https:\/\/psicologia.udd.cl\/ibem\/la-ciencia-de-las-emociones\/#primaryimage"},"thumbnailUrl":"https:\/\/psicologia.udd.cl\/ibem\/files\/2024\/12\/portada-la-ciencia-de-las-emociones-795x1024.png","datePublished":"2024-12-12T17:15:35+00:00","dateModified":"2025-06-26T14:39:53+00:00","breadcrumb":{"@id":"https:\/\/psicologia.udd.cl\/ibem\/la-ciencia-de-las-emociones\/#breadcrumb"},"inLanguage":"es","potentialAction":[{"@type":"ReadAction","target":["https:\/\/psicologia.udd.cl\/ibem\/la-ciencia-de-las-emociones\/"]}]},{"@type":"ImageObject","inLanguage":"es","@id":"https:\/\/psicologia.udd.cl\/ibem\/la-ciencia-de-las-emociones\/#primaryimage","url":"https:\/\/psicologia.udd.cl\/ibem\/files\/2024\/12\/portada-la-ciencia-de-las-emociones.png","contentUrl":"https:\/\/psicologia.udd.cl\/ibem\/files\/2024\/12\/portada-la-ciencia-de-las-emociones.png","width":964,"height":1242},{"@type":"BreadcrumbList","@id":"https:\/\/psicologia.udd.cl\/ibem\/la-ciencia-de-las-emociones\/#breadcrumb","itemListElement":[{"@type":"ListItem","position":1,"name":"Portada","item":"https:\/\/psicologia.udd.cl\/ibem\/"},{"@type":"ListItem","position":2,"name":"La Ciencia de las Emociones"}]},{"@type":"WebSite","@id":"https:\/\/psicologia.udd.cl\/ibem\/#website","url":"https:\/\/psicologia.udd.cl\/ibem\/","name":"Instituto de Bienestar Socioemocional","description":"Otro sitio m\u00e1s de Psicologia","publisher":{"@id":"https:\/\/psicologia.udd.cl\/ibem\/#organization"},"inLanguage":"es"},{"@type":"Organization","@id":"https:\/\/psicologia.udd.cl\/ibem\/#organization","name":"Instituto de Bienestar Socioemocional","url":"https:\/\/psicologia.udd.cl\/ibem\/","logo":{"@type":"ImageObject","inLanguage":"es","@id":"https:\/\/psicologia.udd.cl\/ibem\/#\/schema\/logo\/image\/","url":"https:\/\/psicologia.udd.cl\/ibem\/files\/2022\/11\/ibem-logo-2.jpg","contentUrl":"https:\/\/psicologia.udd.cl\/ibem\/files\/2022\/11\/ibem-logo-2.jpg","width":952,"height":534,"caption":"Instituto de Bienestar Socioemocional"},"image":{"@id":"https:\/\/psicologia.udd.cl\/ibem\/#\/schema\/logo\/image\/"},"sameAs":["https:\/\/www.instagram.com\/ibemudd\/?hl=es-la"]}]}},"_links":{"self":[{"href":"https:\/\/psicologia.udd.cl\/ibem\/wp-json\/wp\/v2\/pages\/2937","targetHints":{"allow":["GET"]}}],"collection":[{"href":"https:\/\/psicologia.udd.cl\/ibem\/wp-json\/wp\/v2\/pages"}],"about":[{"href":"https:\/\/psicologia.udd.cl\/ibem\/wp-json\/wp\/v2\/types\/page"}],"author":[{"embeddable":true,"href":"https:\/\/psicologia.udd.cl\/ibem\/wp-json\/wp\/v2\/users\/36"}],"replies":[{"embeddable":true,"href":"https:\/\/psicologia.udd.cl\/ibem\/wp-json\/wp\/v2\/comments?post=2937"}],"version-history":[{"count":9,"href":"https:\/\/psicologia.udd.cl\/ibem\/wp-json\/wp\/v2\/pages\/2937\/revisions"}],"predecessor-version":[{"id":3276,"href":"https:\/\/psicologia.udd.cl\/ibem\/wp-json\/wp\/v2\/pages\/2937\/revisions\/3276"}],"wp:attachment":[{"href":"https:\/\/psicologia.udd.cl\/ibem\/wp-json\/wp\/v2\/media?parent=2937"}],"curies":[{"name":"wp","href":"https:\/\/api.w.org\/{rel}","templated":true}]}}