{"id":2914,"date":"2024-12-12T13:37:52","date_gmt":"2024-12-12T16:37:52","guid":{"rendered":"https:\/\/psicologia.udd.cl\/ibem\/?page_id=2914"},"modified":"2025-04-24T09:33:06","modified_gmt":"2025-04-24T13:33:06","slug":"conexiones-que-sanan","status":"publish","type":"page","link":"https:\/\/psicologia.udd.cl\/ibem\/conexiones-que-sanan\/","title":{"rendered":"Conexiones que sanan"},"content":{"rendered":"\n<div class=\"wp-block-media-text alignfull is-stacked-on-mobile has-gray-lighter-background-color has-background\" style=\"grid-template-columns:46% auto\"><figure class=\"wp-block-media-text__media\"><a href=\"https:\/\/repositorio.udd.cl\/server\/api\/core\/bitstreams\/40cb44e6-df96-4b5d-8380-4aad41f6a1d9\/content\"><img loading=\"lazy\" decoding=\"async\" width=\"782\" height=\"1024\" src=\"https:\/\/psicologia.udd.cl\/ibem\/files\/2024\/12\/portada-conexiones-que-sanan-782x1024.png\" alt=\"\" class=\"wp-image-2915 size-large\" srcset=\"https:\/\/psicologia.udd.cl\/ibem\/files\/2024\/12\/portada-conexiones-que-sanan-782x1024.png 782w, https:\/\/psicologia.udd.cl\/ibem\/files\/2024\/12\/portada-conexiones-que-sanan-229x300.png 229w, https:\/\/psicologia.udd.cl\/ibem\/files\/2024\/12\/portada-conexiones-que-sanan-768x1005.png 768w, https:\/\/psicologia.udd.cl\/ibem\/files\/2024\/12\/portada-conexiones-que-sanan.png 990w\" sizes=\"auto, (max-width: 782px) 100vw, 782px\" \/><\/a><\/figure><div class=\"wp-block-media-text__content\">\n<p class=\"has-large-font-size\"><strong>Highlights:<\/strong><\/p>\n\n\n\n<p class=\"has-small-font-size\"><strong>1. <\/strong>El apoyo social tiene un efecto protector sobre la salud y el bienestar. Sin embargo, esta asociaci\u00f3n depende de diversos factores personales y contextuales.<\/p>\n\n\n\n<p class=\"has-small-font-size\"><strong>2. <\/strong>La calidad de los v\u00ednculos interpersonales es m\u00e1s importante que la cantidad.<\/p>\n\n\n\n<p class=\"has-small-font-size\"><strong>3. <\/strong>A pesar de la importancia de las relaciones sociales en nuestras vidas, las interacciones negativas tienen efectos perjudiciales para la salud, de lo cual se deriva que, en algunos casos, sea mejor estar solo(a) que mal acompa\u00f1ado(a).<\/p>\n\n\n\n<p class=\"has-small-font-size\"><strong>Autores:<\/strong> <a href=\"https:\/\/psicologia.udd.cl\/doctorado\/es\/persona\/constanza-gonzalez\/\">Constanza Gonz\u00e1lez<\/a> | <a href=\"https:\/\/psicologia.udd.cl\/persona\/jaime-silva\/#!\/page=1\">Dr. Jaime Silva<\/a><\/p>\n<\/div><\/div>\n","protected":false},"excerpt":{"rendered":"<p>Highlights: 1. El apoyo social tiene un efecto protector sobre la salud y el bienestar. Sin embargo, esta asociaci\u00f3n depende de diversos factores personales y contextuales. 2. La calidad de los v\u00ednculos interpersonales es m\u00e1s importante que la cantidad. 3. A pesar de la importancia de las relaciones sociales en nuestras vidas, las interacciones negativas [&hellip;]<\/p>\n","protected":false},"author":36,"featured_media":0,"parent":0,"menu_order":0,"comment_status":"closed","ping_status":"closed","template":"","meta":{"footnotes":""},"class_list":["post-2914","page","type-page","status-publish","hentry"],"yoast_head":"<!-- This site is optimized with the Yoast SEO plugin v26.9 - https:\/\/yoast.com\/product\/yoast-seo-wordpress\/ -->\n<title>Conexiones que sanan - Instituto de Bienestar Socioemocional<\/title>\n<meta name=\"robots\" content=\"index, follow, max-snippet:-1, max-image-preview:large, max-video-preview:-1\" \/>\n<link rel=\"canonical\" href=\"https:\/\/psicologia.udd.cl\/ibem\/conexiones-que-sanan\/\" \/>\n<meta property=\"og:locale\" content=\"es_ES\" \/>\n<meta property=\"og:type\" content=\"article\" \/>\n<meta property=\"og:title\" content=\"Conexiones que sanan - Instituto de Bienestar Socioemocional\" \/>\n<meta property=\"og:description\" content=\"Highlights: 1. El apoyo social tiene un efecto protector sobre la salud y el bienestar. Sin embargo, esta asociaci\u00f3n depende de diversos factores personales y contextuales. 2. La calidad de los v\u00ednculos interpersonales es m\u00e1s importante que la cantidad. 3. A pesar de la importancia de las relaciones sociales en nuestras vidas, las interacciones negativas [&hellip;]\" \/>\n<meta property=\"og:url\" content=\"https:\/\/psicologia.udd.cl\/ibem\/conexiones-que-sanan\/\" \/>\n<meta property=\"og:site_name\" content=\"Instituto de Bienestar Socioemocional\" \/>\n<meta property=\"article:modified_time\" content=\"2025-04-24T13:33:06+00:00\" \/>\n<meta property=\"og:image\" content=\"https:\/\/psicologia.udd.cl\/ibem\/files\/2024\/12\/portada-conexiones-que-sanan-782x1024.png\" \/>\n<meta name=\"twitter:card\" content=\"summary_large_image\" \/>\n<meta name=\"twitter:label1\" content=\"Tiempo de lectura\" \/>\n\t<meta name=\"twitter:data1\" content=\"1 minuto\" \/>\n<script type=\"application\/ld+json\" class=\"yoast-schema-graph\">{\"@context\":\"https:\/\/schema.org\",\"@graph\":[{\"@type\":\"WebPage\",\"@id\":\"https:\/\/psicologia.udd.cl\/ibem\/conexiones-que-sanan\/\",\"url\":\"https:\/\/psicologia.udd.cl\/ibem\/conexiones-que-sanan\/\",\"name\":\"Conexiones que sanan - Instituto de Bienestar Socioemocional\",\"isPartOf\":{\"@id\":\"https:\/\/psicologia.udd.cl\/ibem\/#website\"},\"primaryImageOfPage\":{\"@id\":\"https:\/\/psicologia.udd.cl\/ibem\/conexiones-que-sanan\/#primaryimage\"},\"image\":{\"@id\":\"https:\/\/psicologia.udd.cl\/ibem\/conexiones-que-sanan\/#primaryimage\"},\"thumbnailUrl\":\"https:\/\/psicologia.udd.cl\/ibem\/files\/2024\/12\/portada-conexiones-que-sanan-782x1024.png\",\"datePublished\":\"2024-12-12T16:37:52+00:00\",\"dateModified\":\"2025-04-24T13:33:06+00:00\",\"breadcrumb\":{\"@id\":\"https:\/\/psicologia.udd.cl\/ibem\/conexiones-que-sanan\/#breadcrumb\"},\"inLanguage\":\"es\",\"potentialAction\":[{\"@type\":\"ReadAction\",\"target\":[\"https:\/\/psicologia.udd.cl\/ibem\/conexiones-que-sanan\/\"]}]},{\"@type\":\"ImageObject\",\"inLanguage\":\"es\",\"@id\":\"https:\/\/psicologia.udd.cl\/ibem\/conexiones-que-sanan\/#primaryimage\",\"url\":\"https:\/\/psicologia.udd.cl\/ibem\/files\/2024\/12\/portada-conexiones-que-sanan.png\",\"contentUrl\":\"https:\/\/psicologia.udd.cl\/ibem\/files\/2024\/12\/portada-conexiones-que-sanan.png\",\"width\":990,\"height\":1296},{\"@type\":\"BreadcrumbList\",\"@id\":\"https:\/\/psicologia.udd.cl\/ibem\/conexiones-que-sanan\/#breadcrumb\",\"itemListElement\":[{\"@type\":\"ListItem\",\"position\":1,\"name\":\"Portada\",\"item\":\"https:\/\/psicologia.udd.cl\/ibem\/\"},{\"@type\":\"ListItem\",\"position\":2,\"name\":\"Conexiones que sanan\"}]},{\"@type\":\"WebSite\",\"@id\":\"https:\/\/psicologia.udd.cl\/ibem\/#website\",\"url\":\"https:\/\/psicologia.udd.cl\/ibem\/\",\"name\":\"Instituto de Bienestar Socioemocional\",\"description\":\"Otro sitio m\u00e1s de Psicologia\",\"publisher\":{\"@id\":\"https:\/\/psicologia.udd.cl\/ibem\/#organization\"},\"inLanguage\":\"es\"},{\"@type\":\"Organization\",\"@id\":\"https:\/\/psicologia.udd.cl\/ibem\/#organization\",\"name\":\"Instituto de Bienestar Socioemocional\",\"url\":\"https:\/\/psicologia.udd.cl\/ibem\/\",\"logo\":{\"@type\":\"ImageObject\",\"inLanguage\":\"es\",\"@id\":\"https:\/\/psicologia.udd.cl\/ibem\/#\/schema\/logo\/image\/\",\"url\":\"https:\/\/psicologia.udd.cl\/ibem\/files\/2022\/11\/ibem-logo-2.jpg\",\"contentUrl\":\"https:\/\/psicologia.udd.cl\/ibem\/files\/2022\/11\/ibem-logo-2.jpg\",\"width\":952,\"height\":534,\"caption\":\"Instituto de Bienestar Socioemocional\"},\"image\":{\"@id\":\"https:\/\/psicologia.udd.cl\/ibem\/#\/schema\/logo\/image\/\"},\"sameAs\":[\"https:\/\/www.instagram.com\/ibemudd\/?hl=es-la\"]}]}<\/script>\n<!-- \/ Yoast SEO plugin. -->","yoast_head_json":{"title":"Conexiones que sanan - Instituto de Bienestar Socioemocional","robots":{"index":"index","follow":"follow","max-snippet":"max-snippet:-1","max-image-preview":"max-image-preview:large","max-video-preview":"max-video-preview:-1"},"canonical":"https:\/\/psicologia.udd.cl\/ibem\/conexiones-que-sanan\/","og_locale":"es_ES","og_type":"article","og_title":"Conexiones que sanan - Instituto de Bienestar Socioemocional","og_description":"Highlights: 1. El apoyo social tiene un efecto protector sobre la salud y el bienestar. Sin embargo, esta asociaci\u00f3n depende de diversos factores personales y contextuales. 2. La calidad de los v\u00ednculos interpersonales es m\u00e1s importante que la cantidad. 3. A pesar de la importancia de las relaciones sociales en nuestras vidas, las interacciones negativas [&hellip;]","og_url":"https:\/\/psicologia.udd.cl\/ibem\/conexiones-que-sanan\/","og_site_name":"Instituto de Bienestar Socioemocional","article_modified_time":"2025-04-24T13:33:06+00:00","og_image":[{"url":"https:\/\/psicologia.udd.cl\/ibem\/files\/2024\/12\/portada-conexiones-que-sanan-782x1024.png","type":"","width":"","height":""}],"twitter_card":"summary_large_image","twitter_misc":{"Tiempo de lectura":"1 minuto"},"schema":{"@context":"https:\/\/schema.org","@graph":[{"@type":"WebPage","@id":"https:\/\/psicologia.udd.cl\/ibem\/conexiones-que-sanan\/","url":"https:\/\/psicologia.udd.cl\/ibem\/conexiones-que-sanan\/","name":"Conexiones que sanan - Instituto de Bienestar Socioemocional","isPartOf":{"@id":"https:\/\/psicologia.udd.cl\/ibem\/#website"},"primaryImageOfPage":{"@id":"https:\/\/psicologia.udd.cl\/ibem\/conexiones-que-sanan\/#primaryimage"},"image":{"@id":"https:\/\/psicologia.udd.cl\/ibem\/conexiones-que-sanan\/#primaryimage"},"thumbnailUrl":"https:\/\/psicologia.udd.cl\/ibem\/files\/2024\/12\/portada-conexiones-que-sanan-782x1024.png","datePublished":"2024-12-12T16:37:52+00:00","dateModified":"2025-04-24T13:33:06+00:00","breadcrumb":{"@id":"https:\/\/psicologia.udd.cl\/ibem\/conexiones-que-sanan\/#breadcrumb"},"inLanguage":"es","potentialAction":[{"@type":"ReadAction","target":["https:\/\/psicologia.udd.cl\/ibem\/conexiones-que-sanan\/"]}]},{"@type":"ImageObject","inLanguage":"es","@id":"https:\/\/psicologia.udd.cl\/ibem\/conexiones-que-sanan\/#primaryimage","url":"https:\/\/psicologia.udd.cl\/ibem\/files\/2024\/12\/portada-conexiones-que-sanan.png","contentUrl":"https:\/\/psicologia.udd.cl\/ibem\/files\/2024\/12\/portada-conexiones-que-sanan.png","width":990,"height":1296},{"@type":"BreadcrumbList","@id":"https:\/\/psicologia.udd.cl\/ibem\/conexiones-que-sanan\/#breadcrumb","itemListElement":[{"@type":"ListItem","position":1,"name":"Portada","item":"https:\/\/psicologia.udd.cl\/ibem\/"},{"@type":"ListItem","position":2,"name":"Conexiones que sanan"}]},{"@type":"WebSite","@id":"https:\/\/psicologia.udd.cl\/ibem\/#website","url":"https:\/\/psicologia.udd.cl\/ibem\/","name":"Instituto de Bienestar Socioemocional","description":"Otro sitio m\u00e1s de Psicologia","publisher":{"@id":"https:\/\/psicologia.udd.cl\/ibem\/#organization"},"inLanguage":"es"},{"@type":"Organization","@id":"https:\/\/psicologia.udd.cl\/ibem\/#organization","name":"Instituto de Bienestar Socioemocional","url":"https:\/\/psicologia.udd.cl\/ibem\/","logo":{"@type":"ImageObject","inLanguage":"es","@id":"https:\/\/psicologia.udd.cl\/ibem\/#\/schema\/logo\/image\/","url":"https:\/\/psicologia.udd.cl\/ibem\/files\/2022\/11\/ibem-logo-2.jpg","contentUrl":"https:\/\/psicologia.udd.cl\/ibem\/files\/2022\/11\/ibem-logo-2.jpg","width":952,"height":534,"caption":"Instituto de Bienestar Socioemocional"},"image":{"@id":"https:\/\/psicologia.udd.cl\/ibem\/#\/schema\/logo\/image\/"},"sameAs":["https:\/\/www.instagram.com\/ibemudd\/?hl=es-la"]}]}},"_links":{"self":[{"href":"https:\/\/psicologia.udd.cl\/ibem\/wp-json\/wp\/v2\/pages\/2914","targetHints":{"allow":["GET"]}}],"collection":[{"href":"https:\/\/psicologia.udd.cl\/ibem\/wp-json\/wp\/v2\/pages"}],"about":[{"href":"https:\/\/psicologia.udd.cl\/ibem\/wp-json\/wp\/v2\/types\/page"}],"author":[{"embeddable":true,"href":"https:\/\/psicologia.udd.cl\/ibem\/wp-json\/wp\/v2\/users\/36"}],"replies":[{"embeddable":true,"href":"https:\/\/psicologia.udd.cl\/ibem\/wp-json\/wp\/v2\/comments?post=2914"}],"version-history":[{"count":7,"href":"https:\/\/psicologia.udd.cl\/ibem\/wp-json\/wp\/v2\/pages\/2914\/revisions"}],"predecessor-version":[{"id":3082,"href":"https:\/\/psicologia.udd.cl\/ibem\/wp-json\/wp\/v2\/pages\/2914\/revisions\/3082"}],"wp:attachment":[{"href":"https:\/\/psicologia.udd.cl\/ibem\/wp-json\/wp\/v2\/media?parent=2914"}],"curies":[{"name":"wp","href":"https:\/\/api.w.org\/{rel}","templated":true}]}}