{"id":2600,"date":"2024-10-29T15:10:31","date_gmt":"2024-10-29T18:10:31","guid":{"rendered":"https:\/\/psicologia.udd.cl\/ibem\/?page_id=2600"},"modified":"2024-11-07T11:12:45","modified_gmt":"2024-11-07T14:12:45","slug":"laboratorio-condicionantes-de-la-salud-mental-y-psicoterapia","status":"publish","type":"page","link":"https:\/\/psicologia.udd.cl\/ibem\/laboratorio-condicionantes-de-la-salud-mental-y-psicoterapia\/","title":{"rendered":"Laboratorio Condicionantes de la Salud Mental y Psicoterapia"},"content":{"rendered":"\n<p class=\"has-text-align-left has-xx-large-font-size\"><sup><img loading=\"lazy\" decoding=\"async\" width=\"80\" height=\"80\" class=\"wp-image-609\" style=\"width: 80px;\" src=\"https:\/\/psicologia.udd.cl\/ibem\/files\/2023\/07\/lab-ico1-1.jpg\" alt=\"\" srcset=\"https:\/\/psicologia.udd.cl\/ibem\/files\/2023\/07\/lab-ico1-1.jpg 153w, https:\/\/psicologia.udd.cl\/ibem\/files\/2023\/07\/lab-ico1-1-150x150.jpg 150w, https:\/\/psicologia.udd.cl\/ibem\/files\/2023\/07\/lab-ico1-1-62x62.jpg 62w, https:\/\/psicologia.udd.cl\/ibem\/files\/2023\/07\/lab-ico1-1-126x126.jpg 126w\" sizes=\"auto, (max-width: 80px) 100vw, 80px\" \/><\/sup>  <strong>Foco l\u00ednea de investigaci\u00f3n<\/strong><\/p>\n\n\n\n<p class=\"aligncenter\"><\/p>\n\n\n\n<p class=\"aligncenter\">1.1. Investigaci\u00f3n en sistemas de salud: Tiene como prop\u00f3sito identificar condiciones, procesos y pr\u00e1cticas destinadas a mejorar y\/o optimizar los procesos psicoterap\u00e9uticos en los sistemas de atenci\u00f3n en salud mental. As\u00ed como las creencias, percepciones y\/o experiencias de los participantes en estas intervenciones terap\u00e9uticas. En el caso del SPI, busca mejorar las condiciones, procesos y pr\u00e1cticas de la formaci\u00f3n de psic\u00f3logos cl\u00ednicos que se traduce \u2013como fin \u00faltimo- en una mejor atenci\u00f3n de los pacientes.&nbsp;<\/p>\n\n\n\n<p class=\"aligncenter\">1.2. Investigaci\u00f3n en psicoterapia: tiene como prop\u00f3sito identificar procesos y pr\u00e1cticas destinadas a modificar condiciones de salud mental del sistema consultante, y su relaci\u00f3n con el \u00e9xito de dichas intervenciones. As\u00ed como las creencias, percepciones y\/o experiencias de los participantes en estas intervenciones.<\/p>\n\n\n\n<p class=\"aligncenter\">1.3. Investigaci\u00f3n en promoci\u00f3n y prevenci\u00f3n: tiene como prop\u00f3sito desarrollar, adaptar, optimizar, implementar y evaluar intervenciones promocionales y de prevenci\u00f3n (general y focalizada) para mejorar la salud mental de las personas. As\u00ed como las creencias, percepciones y\/o experiencias de los participantes en estas intervenciones.<\/p>\n\n\n\n<p class=\"aligncenter\">1.4. Investigaci\u00f3n en \u201ccondicionantes de la salud\u201d: tiene como prop\u00f3sito identificar condiciones a nivel bio-psico-social que impactan en la salud mental de las personas.<\/p>\n\n\n\n<p class=\"has-xx-large-font-size\"><img loading=\"lazy\" decoding=\"async\" width=\"80\" height=\"80\" class=\"wp-image-573\" style=\"width: 80px;\" src=\"https:\/\/psicologia.udd.cl\/ibem\/files\/2023\/07\/log-icon-4.jpg\" alt=\"\" srcset=\"https:\/\/psicologia.udd.cl\/ibem\/files\/2023\/07\/log-icon-4.jpg 153w, https:\/\/psicologia.udd.cl\/ibem\/files\/2023\/07\/log-icon-4-150x150.jpg 150w, https:\/\/psicologia.udd.cl\/ibem\/files\/2023\/07\/log-icon-4-62x62.jpg 62w, https:\/\/psicologia.udd.cl\/ibem\/files\/2023\/07\/log-icon-4-126x126.jpg 126w\" sizes=\"auto, (max-width: 80px) 100vw, 80px\" \/> <strong><sup>Equipo<\/sup><\/strong><\/p>\n\n\n<!-- WP Block: UDD - Access Image -->\n<section class=\"wp-block-udd-access-image\n has-odd-elements has-3x-elements\">\n\t<div class=\"container\">\n\t\t\t\t<div class=\"block__content\">\n\t\t\t<div class=\"access-images\">\n\t\t\t\t\t\t\t<div class=\"access-image-wrapper\">\n\t\t\t\t\t<a href=\"https:\/\/psicologia.udd.cl\/persona\/carola-perez-e\/#!\/page=1\" data-url=\"https:\/\/psicologia.udd.cl\/persona\/carola-perez-e\/#!\/page=1\" class=\"access-image\">\n\t\t\t\t\t<img loading=\"lazy\" decoding=\"async\" width=\"500\" height=\"382\" src=\"https:\/\/psicologia.udd.cl\/ibem\/files\/2023\/07\/carola-perez.jpg\" class=\"access-image__image lazyload\" alt=\"\" sizes=\"auto, (max-width: 500px) 100vw, 500px\" data-src=\"https:\/\/psicologia.udd.cl\/ibem\/files\/2023\/07\/carola-perez.jpg\" data-srcset=\"https:\/\/psicologia.udd.cl\/ibem\/files\/2023\/07\/carola-perez.jpg 500w, https:\/\/psicologia.udd.cl\/ibem\/files\/2023\/07\/carola-perez-300x229.jpg 300w, https:\/\/psicologia.udd.cl\/ibem\/files\/2023\/07\/carola-perez-182x140.jpg 182w\" \/>\t\t\t\t\t\t<div class=\"access-image__content\">\n\t\t\t\t\t\t\t<h3 class=\"access-image__title\">Dra. Carola P\u00e9rez<\/h3>\n\t\t\t\t\t\t\t<span class=\"access-image__action\">Conocer m\u00e1s<\/span>\n\t\t\t\t\t\t<\/div>\n\t\t\t\t\t<\/a>\n\t\t\t\t<\/div>\n\t\t\t\t\t\t\t<div class=\"access-image-wrapper\">\n\t\t\t\t\t<a href=\"https:\/\/psicologia.udd.cl\/persona\/ximena-pereira-lopez\/#!\/page=1\" data-url=\"https:\/\/psicologia.udd.cl\/persona\/ximena-pereira-lopez\/#!\/page=1\" class=\"access-image\">\n\t\t\t\t\t<img loading=\"lazy\" decoding=\"async\" width=\"500\" height=\"382\" src=\"https:\/\/psicologia.udd.cl\/ibem\/files\/2024\/10\/ximena-pereira-500x382.png\" class=\"access-image__image lazyload\" alt=\"\" sizes=\"auto, (max-width: 500px) 100vw, 500px\" data-src=\"https:\/\/psicologia.udd.cl\/ibem\/files\/2024\/10\/ximena-pereira-500x382.png\" data-srcset=\"https:\/\/psicologia.udd.cl\/ibem\/files\/2024\/10\/ximena-pereira-500x382.png 500w, https:\/\/psicologia.udd.cl\/ibem\/files\/2024\/10\/ximena-pereira-182x140.png 182w\" \/>\t\t\t\t\t\t<div class=\"access-image__content\">\n\t\t\t\t\t\t\t<h3 class=\"access-image__title\">Dra. Ximena Pereira<\/h3>\n\t\t\t\t\t\t\t<span class=\"access-image__action\">Conocer m\u00e1s<\/span>\n\t\t\t\t\t\t<\/div>\n\t\t\t\t\t<\/a>\n\t\t\t\t<\/div>\n\t\t\t\t\t\t\t<div class=\"access-image-wrapper\">\n\t\t\t\t\t<a href=\"https:\/\/psicologia.udd.cl\/persona\/pablo-vergara-barra\/#!\/page=1\" data-url=\"https:\/\/psicologia.udd.cl\/persona\/pablo-vergara-barra\/#!\/page=1\" class=\"access-image\">\n\t\t\t\t\t<img loading=\"lazy\" decoding=\"async\" width=\"500\" height=\"382\" src=\"https:\/\/psicologia.udd.cl\/ibem\/files\/2024\/10\/pablo-vergara-1-500x382.png\" class=\"access-image__image lazyload\" alt=\"\" sizes=\"auto, (max-width: 500px) 100vw, 500px\" data-src=\"https:\/\/psicologia.udd.cl\/ibem\/files\/2024\/10\/pablo-vergara-1-500x382.png\" data-srcset=\"https:\/\/psicologia.udd.cl\/ibem\/files\/2024\/10\/pablo-vergara-1-500x382.png 500w, https:\/\/psicologia.udd.cl\/ibem\/files\/2024\/10\/pablo-vergara-1-182x140.png 182w\" \/>\t\t\t\t\t\t<div class=\"access-image__content\">\n\t\t\t\t\t\t\t<h3 class=\"access-image__title\">Dr. Pablo Vergara<\/h3>\n\t\t\t\t\t\t\t<span class=\"access-image__action\">Conocer m\u00e1s<\/span>\n\t\t\t\t\t\t<\/div>\n\t\t\t\t\t<\/a>\n\t\t\t\t<\/div>\n\t\t\t\t\t<\/div>\n\t<\/div>\n<\/section>\n\n\n<!-- WP Block: UDD - Access Image -->\n<section class=\"wp-block-udd-access-image\n has-even-elements\">\n\t<div class=\"container\">\n\t\t\t\t<div class=\"block__content\">\n\t\t\t<div class=\"access-images\">\n\t\t\t\t\t\t\t<div class=\"access-image-wrapper\">\n\t\t\t\t\t<a href=\"https:\/\/psicologia.udd.cl\/persona\/dany-fernandez-vega\/#!\/page=1\" data-url=\"https:\/\/psicologia.udd.cl\/persona\/dany-fernandez-vega\/#!\/page=1\" class=\"access-image\">\n\t\t\t\t\t<img loading=\"lazy\" decoding=\"async\" width=\"500\" height=\"382\" src=\"https:\/\/psicologia.udd.cl\/ibem\/files\/2024\/10\/dany-fernandez-500x382.png\" class=\"access-image__image lazyload\" alt=\"\" sizes=\"auto, (max-width: 500px) 100vw, 500px\" data-src=\"https:\/\/psicologia.udd.cl\/ibem\/files\/2024\/10\/dany-fernandez-500x382.png\" data-srcset=\"https:\/\/psicologia.udd.cl\/ibem\/files\/2024\/10\/dany-fernandez-500x382.png 500w, https:\/\/psicologia.udd.cl\/ibem\/files\/2024\/10\/dany-fernandez-182x140.png 182w\" \/>\t\t\t\t\t\t<div class=\"access-image__content\">\n\t\t\t\t\t\t\t<h3 class=\"access-image__title\">Dr. Dany Fern\u00e1ndez<\/h3>\n\t\t\t\t\t\t\t<span class=\"access-image__action\">Conocer m\u00e1s<\/span>\n\t\t\t\t\t\t<\/div>\n\t\t\t\t\t<\/a>\n\t\t\t\t<\/div>\n\t\t\t\t\t\t\t<div class=\"access-image-wrapper\">\n\t\t\t\t\t<a href=\"https:\/\/psicologia.udd.cl\/persona\/marcela-aravena\/#!\/page=1\" data-url=\"https:\/\/psicologia.udd.cl\/persona\/marcela-aravena\/#!\/page=1\" class=\"access-image\">\n\t\t\t\t\t<img loading=\"lazy\" decoding=\"async\" width=\"500\" height=\"382\" src=\"https:\/\/psicologia.udd.cl\/ibem\/files\/2024\/10\/marcela-aravena-500x382.png\" class=\"access-image__image lazyload\" alt=\"\" sizes=\"auto, (max-width: 500px) 100vw, 500px\" data-src=\"https:\/\/psicologia.udd.cl\/ibem\/files\/2024\/10\/marcela-aravena-500x382.png\" data-srcset=\"https:\/\/psicologia.udd.cl\/ibem\/files\/2024\/10\/marcela-aravena-500x382.png 500w, https:\/\/psicologia.udd.cl\/ibem\/files\/2024\/10\/marcela-aravena-182x140.png 182w\" \/>\t\t\t\t\t\t<div class=\"access-image__content\">\n\t\t\t\t\t\t\t<h3 class=\"access-image__title\">Marcela Aravena<\/h3>\n\t\t\t\t\t\t\t<span class=\"access-image__action\">Conocer m\u00e1s<\/span>\n\t\t\t\t\t\t<\/div>\n\t\t\t\t\t<\/a>\n\t\t\t\t<\/div>\n\t\t\t\t\t<\/div>\n\t<\/div>\n<\/section>\n\n\n\n<p class=\"has-xx-large-font-size\"><img loading=\"lazy\" decoding=\"async\" width=\"80\" height=\"80\" class=\"wp-image-993\" style=\"width: 80px;\" src=\"https:\/\/psicologia.udd.cl\/ibem\/files\/2023\/07\/icono-1.png\" alt=\"\" srcset=\"https:\/\/psicologia.udd.cl\/ibem\/files\/2023\/07\/icono-1.png 150w, https:\/\/psicologia.udd.cl\/ibem\/files\/2023\/07\/icono-1-62x62.png 62w, https:\/\/psicologia.udd.cl\/ibem\/files\/2023\/07\/icono-1-126x126.png 126w\" sizes=\"auto, (max-width: 80px) 100vw, 80px\" \/><strong><sup>Prop\u00f3sito<\/sup><\/strong><\/p>\n\n\n\n<p class=\"aligncenter\">Construir conocimiento sobre los factores condicionantes de la salud mental como insumo para la mejora de la pr\u00e1ctica cl\u00ednica y sobre c\u00f3mo optimizar los procesos psicoterap\u00e9uticos para mejorar sus resultados.<\/p>\n","protected":false},"excerpt":{"rendered":"<p>Foco l\u00ednea de investigaci\u00f3n 1.1. Investigaci\u00f3n en sistemas de salud: Tiene como prop\u00f3sito identificar condiciones, procesos y pr\u00e1cticas destinadas a mejorar y\/o optimizar los procesos psicoterap\u00e9uticos en los sistemas de atenci\u00f3n en salud mental. As\u00ed como las creencias, percepciones y\/o experiencias de los participantes en estas intervenciones terap\u00e9uticas. En el caso del SPI, busca mejorar [&hellip;]<\/p>\n","protected":false},"author":36,"featured_media":2631,"parent":0,"menu_order":0,"comment_status":"closed","ping_status":"closed","template":"","meta":{"footnotes":""},"class_list":["post-2600","page","type-page","status-publish","has-post-thumbnail","hentry"],"yoast_head":"<!-- This site is optimized with the Yoast SEO plugin v26.9 - https:\/\/yoast.com\/product\/yoast-seo-wordpress\/ -->\n<title>Laboratorio Condicionantes de la Salud Mental y Psicoterapia - Instituto de Bienestar Socioemocional<\/title>\n<meta name=\"description\" content=\"Buscamos construir conocimiento sobre los factores condicionantes de la salud mental como insumo para la mejora de la pr\u00e1ctica cl\u00ednica.\" \/>\n<meta name=\"robots\" content=\"index, follow, max-snippet:-1, max-image-preview:large, max-video-preview:-1\" \/>\n<link rel=\"canonical\" href=\"https:\/\/psicologia.udd.cl\/ibem\/laboratorio-condicionantes-de-la-salud-mental-y-psicoterapia\/\" \/>\n<meta property=\"og:locale\" content=\"es_ES\" \/>\n<meta property=\"og:type\" content=\"article\" \/>\n<meta property=\"og:title\" content=\"Laboratorio Condicionantes de la Salud Mental y Psicoterapia - Instituto de Bienestar Socioemocional\" \/>\n<meta property=\"og:description\" content=\"Buscamos construir conocimiento sobre los factores condicionantes de la salud mental como insumo para la mejora de la pr\u00e1ctica cl\u00ednica.\" \/>\n<meta property=\"og:url\" content=\"https:\/\/psicologia.udd.cl\/ibem\/laboratorio-condicionantes-de-la-salud-mental-y-psicoterapia\/\" \/>\n<meta property=\"og:site_name\" content=\"Instituto de Bienestar Socioemocional\" \/>\n<meta property=\"article:modified_time\" content=\"2024-11-07T14:12:45+00:00\" \/>\n<meta property=\"og:image\" content=\"https:\/\/psicologia.udd.cl\/ibem\/files\/2024\/11\/banner-lab-clinico.jpg\" \/>\n\t<meta property=\"og:image:width\" content=\"1920\" \/>\n\t<meta property=\"og:image:height\" content=\"960\" \/>\n\t<meta property=\"og:image:type\" content=\"image\/jpeg\" \/>\n<meta name=\"twitter:card\" content=\"summary_large_image\" \/>\n<meta name=\"twitter:label1\" content=\"Tiempo de lectura\" \/>\n\t<meta name=\"twitter:data1\" content=\"2 minutos\" \/>\n<script type=\"application\/ld+json\" class=\"yoast-schema-graph\">{\"@context\":\"https:\/\/schema.org\",\"@graph\":[{\"@type\":\"WebPage\",\"@id\":\"https:\/\/psicologia.udd.cl\/ibem\/laboratorio-condicionantes-de-la-salud-mental-y-psicoterapia\/\",\"url\":\"https:\/\/psicologia.udd.cl\/ibem\/laboratorio-condicionantes-de-la-salud-mental-y-psicoterapia\/\",\"name\":\"Laboratorio Condicionantes de la Salud Mental y Psicoterapia - Instituto de Bienestar Socioemocional\",\"isPartOf\":{\"@id\":\"https:\/\/psicologia.udd.cl\/ibem\/#website\"},\"primaryImageOfPage\":{\"@id\":\"https:\/\/psicologia.udd.cl\/ibem\/laboratorio-condicionantes-de-la-salud-mental-y-psicoterapia\/#primaryimage\"},\"image\":{\"@id\":\"https:\/\/psicologia.udd.cl\/ibem\/laboratorio-condicionantes-de-la-salud-mental-y-psicoterapia\/#primaryimage\"},\"thumbnailUrl\":\"https:\/\/psicologia.udd.cl\/ibem\/files\/2024\/11\/banner-lab-clinico.jpg\",\"datePublished\":\"2024-10-29T18:10:31+00:00\",\"dateModified\":\"2024-11-07T14:12:45+00:00\",\"description\":\"Buscamos construir conocimiento sobre los factores condicionantes de la salud mental como insumo para la mejora de la pr\u00e1ctica cl\u00ednica.\",\"breadcrumb\":{\"@id\":\"https:\/\/psicologia.udd.cl\/ibem\/laboratorio-condicionantes-de-la-salud-mental-y-psicoterapia\/#breadcrumb\"},\"inLanguage\":\"es\",\"potentialAction\":[{\"@type\":\"ReadAction\",\"target\":[\"https:\/\/psicologia.udd.cl\/ibem\/laboratorio-condicionantes-de-la-salud-mental-y-psicoterapia\/\"]}]},{\"@type\":\"ImageObject\",\"inLanguage\":\"es\",\"@id\":\"https:\/\/psicologia.udd.cl\/ibem\/laboratorio-condicionantes-de-la-salud-mental-y-psicoterapia\/#primaryimage\",\"url\":\"https:\/\/psicologia.udd.cl\/ibem\/files\/2024\/11\/banner-lab-clinico.jpg\",\"contentUrl\":\"https:\/\/psicologia.udd.cl\/ibem\/files\/2024\/11\/banner-lab-clinico.jpg\",\"width\":1920,\"height\":960},{\"@type\":\"BreadcrumbList\",\"@id\":\"https:\/\/psicologia.udd.cl\/ibem\/laboratorio-condicionantes-de-la-salud-mental-y-psicoterapia\/#breadcrumb\",\"itemListElement\":[{\"@type\":\"ListItem\",\"position\":1,\"name\":\"Portada\",\"item\":\"https:\/\/psicologia.udd.cl\/ibem\/\"},{\"@type\":\"ListItem\",\"position\":2,\"name\":\"Laboratorio Condicionantes de la Salud Mental y Psicoterapia\"}]},{\"@type\":\"WebSite\",\"@id\":\"https:\/\/psicologia.udd.cl\/ibem\/#website\",\"url\":\"https:\/\/psicologia.udd.cl\/ibem\/\",\"name\":\"Instituto de Bienestar Socioemocional\",\"description\":\"Otro sitio m\u00e1s de Psicologia\",\"publisher\":{\"@id\":\"https:\/\/psicologia.udd.cl\/ibem\/#organization\"},\"inLanguage\":\"es\"},{\"@type\":\"Organization\",\"@id\":\"https:\/\/psicologia.udd.cl\/ibem\/#organization\",\"name\":\"Instituto de Bienestar Socioemocional\",\"url\":\"https:\/\/psicologia.udd.cl\/ibem\/\",\"logo\":{\"@type\":\"ImageObject\",\"inLanguage\":\"es\",\"@id\":\"https:\/\/psicologia.udd.cl\/ibem\/#\/schema\/logo\/image\/\",\"url\":\"https:\/\/psicologia.udd.cl\/ibem\/files\/2022\/11\/ibem-logo-2.jpg\",\"contentUrl\":\"https:\/\/psicologia.udd.cl\/ibem\/files\/2022\/11\/ibem-logo-2.jpg\",\"width\":952,\"height\":534,\"caption\":\"Instituto de Bienestar Socioemocional\"},\"image\":{\"@id\":\"https:\/\/psicologia.udd.cl\/ibem\/#\/schema\/logo\/image\/\"},\"sameAs\":[\"https:\/\/www.instagram.com\/ibemudd\/?hl=es-la\"]}]}<\/script>\n<!-- \/ Yoast SEO plugin. -->","yoast_head_json":{"title":"Laboratorio Condicionantes de la Salud Mental y Psicoterapia - Instituto de Bienestar Socioemocional","description":"Buscamos construir conocimiento sobre los factores condicionantes de la salud mental como insumo para la mejora de la pr\u00e1ctica cl\u00ednica.","robots":{"index":"index","follow":"follow","max-snippet":"max-snippet:-1","max-image-preview":"max-image-preview:large","max-video-preview":"max-video-preview:-1"},"canonical":"https:\/\/psicologia.udd.cl\/ibem\/laboratorio-condicionantes-de-la-salud-mental-y-psicoterapia\/","og_locale":"es_ES","og_type":"article","og_title":"Laboratorio Condicionantes de la Salud Mental y Psicoterapia - Instituto de Bienestar Socioemocional","og_description":"Buscamos construir conocimiento sobre los factores condicionantes de la salud mental como insumo para la mejora de la pr\u00e1ctica cl\u00ednica.","og_url":"https:\/\/psicologia.udd.cl\/ibem\/laboratorio-condicionantes-de-la-salud-mental-y-psicoterapia\/","og_site_name":"Instituto de Bienestar Socioemocional","article_modified_time":"2024-11-07T14:12:45+00:00","og_image":[{"width":1920,"height":960,"url":"https:\/\/psicologia.udd.cl\/ibem\/files\/2024\/11\/banner-lab-clinico.jpg","type":"image\/jpeg"}],"twitter_card":"summary_large_image","twitter_misc":{"Tiempo de lectura":"2 minutos"},"schema":{"@context":"https:\/\/schema.org","@graph":[{"@type":"WebPage","@id":"https:\/\/psicologia.udd.cl\/ibem\/laboratorio-condicionantes-de-la-salud-mental-y-psicoterapia\/","url":"https:\/\/psicologia.udd.cl\/ibem\/laboratorio-condicionantes-de-la-salud-mental-y-psicoterapia\/","name":"Laboratorio Condicionantes de la Salud Mental y Psicoterapia - Instituto de Bienestar Socioemocional","isPartOf":{"@id":"https:\/\/psicologia.udd.cl\/ibem\/#website"},"primaryImageOfPage":{"@id":"https:\/\/psicologia.udd.cl\/ibem\/laboratorio-condicionantes-de-la-salud-mental-y-psicoterapia\/#primaryimage"},"image":{"@id":"https:\/\/psicologia.udd.cl\/ibem\/laboratorio-condicionantes-de-la-salud-mental-y-psicoterapia\/#primaryimage"},"thumbnailUrl":"https:\/\/psicologia.udd.cl\/ibem\/files\/2024\/11\/banner-lab-clinico.jpg","datePublished":"2024-10-29T18:10:31+00:00","dateModified":"2024-11-07T14:12:45+00:00","description":"Buscamos construir conocimiento sobre los factores condicionantes de la salud mental como insumo para la mejora de la pr\u00e1ctica cl\u00ednica.","breadcrumb":{"@id":"https:\/\/psicologia.udd.cl\/ibem\/laboratorio-condicionantes-de-la-salud-mental-y-psicoterapia\/#breadcrumb"},"inLanguage":"es","potentialAction":[{"@type":"ReadAction","target":["https:\/\/psicologia.udd.cl\/ibem\/laboratorio-condicionantes-de-la-salud-mental-y-psicoterapia\/"]}]},{"@type":"ImageObject","inLanguage":"es","@id":"https:\/\/psicologia.udd.cl\/ibem\/laboratorio-condicionantes-de-la-salud-mental-y-psicoterapia\/#primaryimage","url":"https:\/\/psicologia.udd.cl\/ibem\/files\/2024\/11\/banner-lab-clinico.jpg","contentUrl":"https:\/\/psicologia.udd.cl\/ibem\/files\/2024\/11\/banner-lab-clinico.jpg","width":1920,"height":960},{"@type":"BreadcrumbList","@id":"https:\/\/psicologia.udd.cl\/ibem\/laboratorio-condicionantes-de-la-salud-mental-y-psicoterapia\/#breadcrumb","itemListElement":[{"@type":"ListItem","position":1,"name":"Portada","item":"https:\/\/psicologia.udd.cl\/ibem\/"},{"@type":"ListItem","position":2,"name":"Laboratorio Condicionantes de la Salud Mental y Psicoterapia"}]},{"@type":"WebSite","@id":"https:\/\/psicologia.udd.cl\/ibem\/#website","url":"https:\/\/psicologia.udd.cl\/ibem\/","name":"Instituto de Bienestar Socioemocional","description":"Otro sitio m\u00e1s de Psicologia","publisher":{"@id":"https:\/\/psicologia.udd.cl\/ibem\/#organization"},"inLanguage":"es"},{"@type":"Organization","@id":"https:\/\/psicologia.udd.cl\/ibem\/#organization","name":"Instituto de Bienestar Socioemocional","url":"https:\/\/psicologia.udd.cl\/ibem\/","logo":{"@type":"ImageObject","inLanguage":"es","@id":"https:\/\/psicologia.udd.cl\/ibem\/#\/schema\/logo\/image\/","url":"https:\/\/psicologia.udd.cl\/ibem\/files\/2022\/11\/ibem-logo-2.jpg","contentUrl":"https:\/\/psicologia.udd.cl\/ibem\/files\/2022\/11\/ibem-logo-2.jpg","width":952,"height":534,"caption":"Instituto de Bienestar Socioemocional"},"image":{"@id":"https:\/\/psicologia.udd.cl\/ibem\/#\/schema\/logo\/image\/"},"sameAs":["https:\/\/www.instagram.com\/ibemudd\/?hl=es-la"]}]}},"_links":{"self":[{"href":"https:\/\/psicologia.udd.cl\/ibem\/wp-json\/wp\/v2\/pages\/2600","targetHints":{"allow":["GET"]}}],"collection":[{"href":"https:\/\/psicologia.udd.cl\/ibem\/wp-json\/wp\/v2\/pages"}],"about":[{"href":"https:\/\/psicologia.udd.cl\/ibem\/wp-json\/wp\/v2\/types\/page"}],"author":[{"embeddable":true,"href":"https:\/\/psicologia.udd.cl\/ibem\/wp-json\/wp\/v2\/users\/36"}],"replies":[{"embeddable":true,"href":"https:\/\/psicologia.udd.cl\/ibem\/wp-json\/wp\/v2\/comments?post=2600"}],"version-history":[{"count":5,"href":"https:\/\/psicologia.udd.cl\/ibem\/wp-json\/wp\/v2\/pages\/2600\/revisions"}],"predecessor-version":[{"id":2642,"href":"https:\/\/psicologia.udd.cl\/ibem\/wp-json\/wp\/v2\/pages\/2600\/revisions\/2642"}],"wp:featuredmedia":[{"embeddable":true,"href":"https:\/\/psicologia.udd.cl\/ibem\/wp-json\/wp\/v2\/media\/2631"}],"wp:attachment":[{"href":"https:\/\/psicologia.udd.cl\/ibem\/wp-json\/wp\/v2\/media?parent=2600"}],"curies":[{"name":"wp","href":"https:\/\/api.w.org\/{rel}","templated":true}]}}