{"id":70,"date":"2023-09-20T14:56:11","date_gmt":"2023-09-20T14:56:11","guid":{"rendered":"https:\/\/psicologia.udd.cl\/enprimerapersona\/?page_id=70"},"modified":"2023-10-06T15:48:26","modified_gmt":"2023-10-06T15:48:26","slug":"andrea-adriasola-primera-directora-concepcion","status":"publish","type":"page","link":"https:\/\/psicologia.udd.cl\/enprimerapersona\/testimonios\/andrea-adriasola-primera-directora-concepcion\/","title":{"rendered":"Andrea Adriasola | Primera directora de carrera Concepci\u00f3n"},"content":{"rendered":"\n<p><\/p>\n\n\n\n<div class=\"wp-block-media-text alignfull is-stacked-on-mobile\" style=\"grid-template-columns:35% auto\"><figure class=\"wp-block-media-text__media\"><img loading=\"lazy\" decoding=\"async\" width=\"401\" height=\"550\" src=\"https:\/\/psicologia.udd.cl\/enprimerapersona\/files\/2023\/09\/7.png\" alt=\"\" class=\"wp-image-77 size-large\" srcset=\"https:\/\/psicologia.udd.cl\/enprimerapersona\/files\/2023\/09\/7.png 401w, https:\/\/psicologia.udd.cl\/enprimerapersona\/files\/2023\/09\/7-219x300.png 219w\" sizes=\"auto, (max-width: 401px) 100vw, 401px\" \/><\/figure><div class=\"wp-block-media-text__content\">\n<p><\/p>\n\n\n\n<h2 class=\"wp-block-heading\">En Primera Persona<\/h2>\n\n\n\n<p>\u00abYo conoc\u00eda a todos los alumnos, al grupo de 54 primeros. Sab\u00eda sus nombres y apellidos, incluso a muchos les sab\u00eda el n\u00famero de tel\u00e9fono. No te imaginas la enorme satisfacci\u00f3n que sentimos al verlos luego ingresando al mundo laboral\u00bb.<\/p>\n<\/div><\/div>\n\n\n\n<h3 class=\"wp-block-heading\">Escucha la entrevista ac\u00e1:<\/h3>\n\n\n\n<figure class=\"wp-block-audio\"><audio controls src=\"https:\/\/psicologia.udd.cl\/enprimerapersona\/files\/2023\/10\/andrea-adriazola.mp3\"><\/audio><\/figure>\n","protected":false},"excerpt":{"rendered":"<p>En Primera Persona \u00abYo conoc\u00eda a todos los alumnos, al grupo de 54 primeros. Sab\u00eda sus nombres y apellidos, incluso a muchos les sab\u00eda el n\u00famero de tel\u00e9fono. No te imaginas la enorme satisfacci\u00f3n que sentimos al verlos luego ingresando al mundo laboral\u00bb. Escucha la entrevista ac\u00e1:<\/p>\n","protected":false},"author":36,"featured_media":0,"parent":19,"menu_order":4,"comment_status":"closed","ping_status":"closed","template":"","meta":{"footnotes":""},"class_list":["post-70","page","type-page","status-publish","hentry"],"yoast_head":"<!-- This site is optimized with the Yoast SEO plugin v26.9 - https:\/\/yoast.com\/product\/yoast-seo-wordpress\/ -->\n<title>Andrea Adriasola | Primera directora de carrera Concepci\u00f3n - Psicolog\u00eda UDD | 25 a\u00f1os<\/title>\n<meta name=\"robots\" content=\"index, follow, max-snippet:-1, max-image-preview:large, max-video-preview:-1\" \/>\n<link rel=\"canonical\" href=\"https:\/\/psicologia.udd.cl\/enprimerapersona\/testimonios\/andrea-adriasola-primera-directora-concepcion\/\" \/>\n<meta property=\"og:locale\" content=\"es_ES\" \/>\n<meta property=\"og:type\" content=\"article\" \/>\n<meta property=\"og:title\" content=\"Andrea Adriasola | Primera directora de carrera Concepci\u00f3n - Psicolog\u00eda UDD | 25 a\u00f1os\" \/>\n<meta property=\"og:description\" content=\"En Primera Persona \u00abYo conoc\u00eda a todos los alumnos, al grupo de 54 primeros. Sab\u00eda sus nombres y apellidos, incluso a muchos les sab\u00eda el n\u00famero de tel\u00e9fono. No te imaginas la enorme satisfacci\u00f3n que sentimos al verlos luego ingresando al mundo laboral\u00bb. Escucha la entrevista ac\u00e1:\" \/>\n<meta property=\"og:url\" content=\"https:\/\/psicologia.udd.cl\/enprimerapersona\/testimonios\/andrea-adriasola-primera-directora-concepcion\/\" \/>\n<meta property=\"og:site_name\" content=\"Psicolog\u00eda UDD | 25 a\u00f1os\" \/>\n<meta property=\"article:modified_time\" content=\"2023-10-06T15:48:26+00:00\" \/>\n<meta property=\"og:image\" content=\"https:\/\/psicologia.udd.cl\/enprimerapersona\/files\/2023\/09\/7.png\" \/>\n<meta name=\"twitter:card\" content=\"summary_large_image\" \/>\n<meta name=\"twitter:label1\" content=\"Tiempo de lectura\" \/>\n\t<meta name=\"twitter:data1\" content=\"1 minuto\" \/>\n<script type=\"application\/ld+json\" class=\"yoast-schema-graph\">{\"@context\":\"https:\/\/schema.org\",\"@graph\":[{\"@type\":\"WebPage\",\"@id\":\"https:\/\/psicologia.udd.cl\/enprimerapersona\/testimonios\/andrea-adriasola-primera-directora-concepcion\/\",\"url\":\"https:\/\/psicologia.udd.cl\/enprimerapersona\/testimonios\/andrea-adriasola-primera-directora-concepcion\/\",\"name\":\"Andrea Adriasola | Primera directora de carrera Concepci\u00f3n - Psicolog\u00eda UDD | 25 a\u00f1os\",\"isPartOf\":{\"@id\":\"https:\/\/psicologia.udd.cl\/enprimerapersona\/#website\"},\"primaryImageOfPage\":{\"@id\":\"https:\/\/psicologia.udd.cl\/enprimerapersona\/testimonios\/andrea-adriasola-primera-directora-concepcion\/#primaryimage\"},\"image\":{\"@id\":\"https:\/\/psicologia.udd.cl\/enprimerapersona\/testimonios\/andrea-adriasola-primera-directora-concepcion\/#primaryimage\"},\"thumbnailUrl\":\"https:\/\/psicologia.udd.cl\/enprimerapersona\/files\/2023\/09\/7.png\",\"datePublished\":\"2023-09-20T14:56:11+00:00\",\"dateModified\":\"2023-10-06T15:48:26+00:00\",\"breadcrumb\":{\"@id\":\"https:\/\/psicologia.udd.cl\/enprimerapersona\/testimonios\/andrea-adriasola-primera-directora-concepcion\/#breadcrumb\"},\"inLanguage\":\"es\",\"potentialAction\":[{\"@type\":\"ReadAction\",\"target\":[\"https:\/\/psicologia.udd.cl\/enprimerapersona\/testimonios\/andrea-adriasola-primera-directora-concepcion\/\"]}]},{\"@type\":\"ImageObject\",\"inLanguage\":\"es\",\"@id\":\"https:\/\/psicologia.udd.cl\/enprimerapersona\/testimonios\/andrea-adriasola-primera-directora-concepcion\/#primaryimage\",\"url\":\"https:\/\/psicologia.udd.cl\/enprimerapersona\/files\/2023\/09\/7.png\",\"contentUrl\":\"https:\/\/psicologia.udd.cl\/enprimerapersona\/files\/2023\/09\/7.png\",\"width\":401,\"height\":550},{\"@type\":\"BreadcrumbList\",\"@id\":\"https:\/\/psicologia.udd.cl\/enprimerapersona\/testimonios\/andrea-adriasola-primera-directora-concepcion\/#breadcrumb\",\"itemListElement\":[{\"@type\":\"ListItem\",\"position\":1,\"name\":\"Portada\",\"item\":\"https:\/\/psicologia.udd.cl\/enprimerapersona\/\"},{\"@type\":\"ListItem\",\"position\":2,\"name\":\"Testimonios\",\"item\":\"https:\/\/psicologia.udd.cl\/enprimerapersona\/testimonios\/\"},{\"@type\":\"ListItem\",\"position\":3,\"name\":\"Andrea Adriasola | Primera directora de carrera Concepci\u00f3n\"}]},{\"@type\":\"WebSite\",\"@id\":\"https:\/\/psicologia.udd.cl\/enprimerapersona\/#website\",\"url\":\"https:\/\/psicologia.udd.cl\/enprimerapersona\/\",\"name\":\"Psicolog\u00eda UDD | 25 a\u00f1os\",\"description\":\"Nuestra historia\",\"inLanguage\":\"es\"}]}<\/script>\n<!-- \/ Yoast SEO plugin. -->","yoast_head_json":{"title":"Andrea Adriasola | Primera directora de carrera Concepci\u00f3n - Psicolog\u00eda UDD | 25 a\u00f1os","robots":{"index":"index","follow":"follow","max-snippet":"max-snippet:-1","max-image-preview":"max-image-preview:large","max-video-preview":"max-video-preview:-1"},"canonical":"https:\/\/psicologia.udd.cl\/enprimerapersona\/testimonios\/andrea-adriasola-primera-directora-concepcion\/","og_locale":"es_ES","og_type":"article","og_title":"Andrea Adriasola | Primera directora de carrera Concepci\u00f3n - Psicolog\u00eda UDD | 25 a\u00f1os","og_description":"En Primera Persona \u00abYo conoc\u00eda a todos los alumnos, al grupo de 54 primeros. Sab\u00eda sus nombres y apellidos, incluso a muchos les sab\u00eda el n\u00famero de tel\u00e9fono. No te imaginas la enorme satisfacci\u00f3n que sentimos al verlos luego ingresando al mundo laboral\u00bb. Escucha la entrevista ac\u00e1:","og_url":"https:\/\/psicologia.udd.cl\/enprimerapersona\/testimonios\/andrea-adriasola-primera-directora-concepcion\/","og_site_name":"Psicolog\u00eda UDD | 25 a\u00f1os","article_modified_time":"2023-10-06T15:48:26+00:00","og_image":[{"url":"https:\/\/psicologia.udd.cl\/enprimerapersona\/files\/2023\/09\/7.png","type":"","width":"","height":""}],"twitter_card":"summary_large_image","twitter_misc":{"Tiempo de lectura":"1 minuto"},"schema":{"@context":"https:\/\/schema.org","@graph":[{"@type":"WebPage","@id":"https:\/\/psicologia.udd.cl\/enprimerapersona\/testimonios\/andrea-adriasola-primera-directora-concepcion\/","url":"https:\/\/psicologia.udd.cl\/enprimerapersona\/testimonios\/andrea-adriasola-primera-directora-concepcion\/","name":"Andrea Adriasola | Primera directora de carrera Concepci\u00f3n - Psicolog\u00eda UDD | 25 a\u00f1os","isPartOf":{"@id":"https:\/\/psicologia.udd.cl\/enprimerapersona\/#website"},"primaryImageOfPage":{"@id":"https:\/\/psicologia.udd.cl\/enprimerapersona\/testimonios\/andrea-adriasola-primera-directora-concepcion\/#primaryimage"},"image":{"@id":"https:\/\/psicologia.udd.cl\/enprimerapersona\/testimonios\/andrea-adriasola-primera-directora-concepcion\/#primaryimage"},"thumbnailUrl":"https:\/\/psicologia.udd.cl\/enprimerapersona\/files\/2023\/09\/7.png","datePublished":"2023-09-20T14:56:11+00:00","dateModified":"2023-10-06T15:48:26+00:00","breadcrumb":{"@id":"https:\/\/psicologia.udd.cl\/enprimerapersona\/testimonios\/andrea-adriasola-primera-directora-concepcion\/#breadcrumb"},"inLanguage":"es","potentialAction":[{"@type":"ReadAction","target":["https:\/\/psicologia.udd.cl\/enprimerapersona\/testimonios\/andrea-adriasola-primera-directora-concepcion\/"]}]},{"@type":"ImageObject","inLanguage":"es","@id":"https:\/\/psicologia.udd.cl\/enprimerapersona\/testimonios\/andrea-adriasola-primera-directora-concepcion\/#primaryimage","url":"https:\/\/psicologia.udd.cl\/enprimerapersona\/files\/2023\/09\/7.png","contentUrl":"https:\/\/psicologia.udd.cl\/enprimerapersona\/files\/2023\/09\/7.png","width":401,"height":550},{"@type":"BreadcrumbList","@id":"https:\/\/psicologia.udd.cl\/enprimerapersona\/testimonios\/andrea-adriasola-primera-directora-concepcion\/#breadcrumb","itemListElement":[{"@type":"ListItem","position":1,"name":"Portada","item":"https:\/\/psicologia.udd.cl\/enprimerapersona\/"},{"@type":"ListItem","position":2,"name":"Testimonios","item":"https:\/\/psicologia.udd.cl\/enprimerapersona\/testimonios\/"},{"@type":"ListItem","position":3,"name":"Andrea Adriasola | Primera directora de carrera Concepci\u00f3n"}]},{"@type":"WebSite","@id":"https:\/\/psicologia.udd.cl\/enprimerapersona\/#website","url":"https:\/\/psicologia.udd.cl\/enprimerapersona\/","name":"Psicolog\u00eda UDD | 25 a\u00f1os","description":"Nuestra historia","inLanguage":"es"}]}},"_links":{"self":[{"href":"https:\/\/psicologia.udd.cl\/enprimerapersona\/wp-json\/wp\/v2\/pages\/70","targetHints":{"allow":["GET"]}}],"collection":[{"href":"https:\/\/psicologia.udd.cl\/enprimerapersona\/wp-json\/wp\/v2\/pages"}],"about":[{"href":"https:\/\/psicologia.udd.cl\/enprimerapersona\/wp-json\/wp\/v2\/types\/page"}],"author":[{"embeddable":true,"href":"https:\/\/psicologia.udd.cl\/enprimerapersona\/wp-json\/wp\/v2\/users\/36"}],"replies":[{"embeddable":true,"href":"https:\/\/psicologia.udd.cl\/enprimerapersona\/wp-json\/wp\/v2\/comments?post=70"}],"version-history":[{"count":6,"href":"https:\/\/psicologia.udd.cl\/enprimerapersona\/wp-json\/wp\/v2\/pages\/70\/revisions"}],"predecessor-version":[{"id":330,"href":"https:\/\/psicologia.udd.cl\/enprimerapersona\/wp-json\/wp\/v2\/pages\/70\/revisions\/330"}],"up":[{"embeddable":true,"href":"https:\/\/psicologia.udd.cl\/enprimerapersona\/wp-json\/wp\/v2\/pages\/19"}],"wp:attachment":[{"href":"https:\/\/psicologia.udd.cl\/enprimerapersona\/wp-json\/wp\/v2\/media?parent=70"}],"curies":[{"name":"wp","href":"https:\/\/api.w.org\/{rel}","templated":true}]}}

Andrea Adriasola | Primera directora de carrera Concepción

<p></p>



<div class="wp-block-media-text alignfull is-stacked-on-mobile" style="grid-template-columns:35% auto"><figure class="wp-block-media-text__media"><img loading="lazy" decoding="async" width="401" height="550" src="https://psicologia.udd.cl/enprimerapersona/files/2023/09/7.png" alt="" class="wp-image-77 size-large" srcset="https://psicologia.udd.cl/enprimerapersona/files/2023/09/7.png 401w, https://psicologia.udd.cl/enprimerapersona/files/2023/09/7-219x300.png 219w" sizes="auto, (max-width: 401px) 100vw, 401px" /></figure><div class="wp-block-media-text__content">
<p></p>



<h2 class="wp-block-heading">En Primera Persona</h2>



<p>«Yo conocía a todos los alumnos, al grupo de 54 primeros. Sabía sus nombres y apellidos, incluso a muchos les sabía el número de teléfono. No te imaginas la enorme satisfacción que sentimos al verlos luego ingresando al mundo laboral».</p>
</div></div>



<h3 class="wp-block-heading">Escucha la entrevista acá:</h3>



<figure class="wp-block-audio"><audio controls src="https://psicologia.udd.cl/enprimerapersona/files/2023/10/andrea-adriazola.mp3"></audio></figure>

<p>En Primera Persona «Yo conocía a todos los alumnos, al grupo de 54 primeros. Sabía sus nombres y apellidos, incluso a muchos les sabía el número de teléfono. No te imaginas la enorme satisfacción que sentimos al verlos luego ingresando al mundo laboral». Escucha la entrevista acá:</p>

<!-- This site is optimized with the Yoast SEO plugin v26.9 - https://yoast.com/product/yoast-seo-wordpress/ -->
<title>Andrea Adriasola | Primera directora de carrera Concepción - Psicología UDD | 25 años</title>
<meta name="robots" content="index, follow, max-snippet:-1, max-image-preview:large, max-video-preview:-1" />
<link rel="canonical" href="https://psicologia.udd.cl/enprimerapersona/testimonios/andrea-adriasola-primera-directora-concepcion/" />
<meta property="og:locale" content="es_ES" />
<meta property="og:type" content="article" />
<meta property="og:title" content="Andrea Adriasola | Primera directora de carrera Concepción - Psicología UDD | 25 años" />
<meta property="og:description" content="En Primera Persona «Yo conocía a todos los alumnos, al grupo de 54 primeros. Sabía sus nombres y apellidos, incluso a muchos les sabía el número de teléfono. No te imaginas la enorme satisfacción que sentimos al verlos luego ingresando al mundo laboral». Escucha la entrevista acá:" />
<meta property="og:url" content="https://psicologia.udd.cl/enprimerapersona/testimonios/andrea-adriasola-primera-directora-concepcion/" />
<meta property="og:site_name" content="Psicología UDD | 25 años" />
<meta property="article:modified_time" content="2023-10-06T15:48:26+00:00" />
<meta property="og:image" content="https://psicologia.udd.cl/enprimerapersona/files/2023/09/7.png" />
<meta name="twitter:card" content="summary_large_image" />
<meta name="twitter:label1" content="Tiempo de lectura" />
	<meta name="twitter:data1" content="1 minuto" />
<script type="application/ld+json" class="yoast-schema-graph">{"@context":"https://schema.org","@graph":[{"@type":"WebPage","@id":"https://psicologia.udd.cl/enprimerapersona/testimonios/andrea-adriasola-primera-directora-concepcion/","url":"https://psicologia.udd.cl/enprimerapersona/testimonios/andrea-adriasola-primera-directora-concepcion/","name":"Andrea Adriasola | Primera directora de carrera Concepción - Psicología UDD | 25 años","isPartOf":{"@id":"https://psicologia.udd.cl/enprimerapersona/#website"},"primaryImageOfPage":{"@id":"https://psicologia.udd.cl/enprimerapersona/testimonios/andrea-adriasola-primera-directora-concepcion/#primaryimage"},"image":{"@id":"https://psicologia.udd.cl/enprimerapersona/testimonios/andrea-adriasola-primera-directora-concepcion/#primaryimage"},"thumbnailUrl":"https://psicologia.udd.cl/enprimerapersona/files/2023/09/7.png","datePublished":"2023-09-20T14:56:11+00:00","dateModified":"2023-10-06T15:48:26+00:00","breadcrumb":{"@id":"https://psicologia.udd.cl/enprimerapersona/testimonios/andrea-adriasola-primera-directora-concepcion/#breadcrumb"},"inLanguage":"es","potentialAction":[{"@type":"ReadAction","target":["https://psicologia.udd.cl/enprimerapersona/testimonios/andrea-adriasola-primera-directora-concepcion/"]}]},{"@type":"ImageObject","inLanguage":"es","@id":"https://psicologia.udd.cl/enprimerapersona/testimonios/andrea-adriasola-primera-directora-concepcion/#primaryimage","url":"https://psicologia.udd.cl/enprimerapersona/files/2023/09/7.png","contentUrl":"https://psicologia.udd.cl/enprimerapersona/files/2023/09/7.png","width":401,"height":550},{"@type":"BreadcrumbList","@id":"https://psicologia.udd.cl/enprimerapersona/testimonios/andrea-adriasola-primera-directora-concepcion/#breadcrumb","itemListElement":[{"@type":"ListItem","position":1,"name":"Portada","item":"https://psicologia.udd.cl/enprimerapersona/"},{"@type":"ListItem","position":2,"name":"Testimonios","item":"https://psicologia.udd.cl/enprimerapersona/testimonios/"},{"@type":"ListItem","position":3,"name":"Andrea Adriasola | Primera directora de carrera Concepción"}]},{"@type":"WebSite","@id":"https://psicologia.udd.cl/enprimerapersona/#website","url":"https://psicologia.udd.cl/enprimerapersona/","name":"Psicología UDD | 25 años","description":"Nuestra historia","inLanguage":"es"}]}</script>
<!-- / Yoast SEO plugin. -->

Andrea Adriasola | Primera directora de carrera Concepción - Psicología UDD | 25 años

En Primera Persona «Yo conocía a todos los alumnos, al grupo de 54 primeros. Sabía sus nombres y apellidos, incluso a muchos les sabía el número de teléfono. No te imaginas la enorme satisfacción que sentimos al verlos luego ingresando al mundo laboral». Escucha la entrevista acá:

Psicología UDD | 25 años
