{"id":189,"date":"2023-09-20T17:16:13","date_gmt":"2023-09-20T17:16:13","guid":{"rendered":"https:\/\/psicologia.udd.cl\/enprimerapersona\/?page_id=189"},"modified":"2023-09-20T19:05:17","modified_gmt":"2023-09-20T19:05:17","slug":"registro-fotografico","status":"publish","type":"page","link":"https:\/\/psicologia.udd.cl\/enprimerapersona\/registro-fotografico\/","title":{"rendered":"Registro fotogr\u00e1fico"},"content":{"rendered":"<!-- WP Block: UDD - Access Image -->\n<section class=\"wp-block-udd-access-image\n has-odd-elements has-3x-elements\">\n\t<div class=\"container\">\n\t\t\t\t\t<header class=\"block__header\">\n\t\t\t\t<h2 class=\"block__title\">acreditaciones<\/h2>\n\t\t\t<\/header>\n\t\t\t\t<div class=\"block__content\">\n\t\t\t<div class=\"access-images\">\n\t\t\t\t\t\t\t<div class=\"access-image-wrapper\">\n\t\t\t\t\t<a href=\"https:\/\/psicologia.udd.cl\/noticias\/2022\/11\/doctorado-en-ciencias-del-desarrollo-y-psicopatologia-es-acreditado-por-cinco-anos\/\" data-url=\"https:\/\/psicologia.udd.cl\/noticias\/2022\/11\/doctorado-en-ciencias-del-desarrollo-y-psicopatologia-es-acreditado-por-cinco-anos\/\" class=\"access-image\">\n\t\t\t\t\t<img loading=\"lazy\" decoding=\"async\" width=\"680\" height=\"382\" src=\"https:\/\/psicologia.udd.cl\/enprimerapersona\/files\/2023\/09\/cocktail_acreditacion_-9252-680x382.jpg\" class=\"access-image__image lazyload\" alt=\"\" sizes=\"auto, (max-width: 680px) 100vw, 680px\" data-src=\"https:\/\/psicologia.udd.cl\/enprimerapersona\/files\/2023\/09\/cocktail_acreditacion_-9252-680x382.jpg\" data-srcset=\"https:\/\/psicologia.udd.cl\/enprimerapersona\/files\/2023\/09\/cocktail_acreditacion_-9252-680x382.jpg 680w, https:\/\/psicologia.udd.cl\/enprimerapersona\/files\/2023\/09\/cocktail_acreditacion_-9252-1366x768.jpg 1366w, https:\/\/psicologia.udd.cl\/enprimerapersona\/files\/2023\/09\/cocktail_acreditacion_-9252-952x534.jpg 952w\" \/>\t\t\t\t\t\t<div class=\"access-image__content\">\n\t\t\t\t\t\t\t<h3 class=\"access-image__title\">Doctorado en Ciencias Del Desarrollo y Psicopatolog\u00eda<\/h3>\n\t\t\t\t\t\t\t<span class=\"access-image__action\">Conocer m\u00e1s<\/span>\n\t\t\t\t\t\t<\/div>\n\t\t\t\t\t<\/a>\n\t\t\t\t<\/div>\n\t\t\t\t\t\t\t<div class=\"access-image-wrapper\">\n\t\t\t\t\t<a href=\"https:\/\/psicologia.udd.cl\/noticias\/2016\/08\/psicologia-udd-santiago-celebro-sus-seis-anos-de-acreditacion-con-musica-y-luces\/\" data-url=\"https:\/\/psicologia.udd.cl\/noticias\/2016\/08\/psicologia-udd-santiago-celebro-sus-seis-anos-de-acreditacion-con-musica-y-luces\/\" class=\"access-image\">\n\t\t\t\t\t<img loading=\"lazy\" decoding=\"async\" width=\"545\" height=\"360\" src=\"https:\/\/psicologia.udd.cl\/enprimerapersona\/files\/2023\/09\/6-anos-scl.jpg\" class=\"access-image__image lazyload\" alt=\"\" sizes=\"auto, (max-width: 545px) 100vw, 545px\" data-src=\"https:\/\/psicologia.udd.cl\/enprimerapersona\/files\/2023\/09\/6-anos-scl.jpg\" data-srcset=\"https:\/\/psicologia.udd.cl\/enprimerapersona\/files\/2023\/09\/6-anos-scl.jpg 545w, https:\/\/psicologia.udd.cl\/enprimerapersona\/files\/2023\/09\/6-anos-scl-300x198.jpg 300w\" \/>\t\t\t\t\t\t<div class=\"access-image__content\">\n\t\t\t\t\t\t\t<h3 class=\"access-image__title\">6 a\u00f1os Psicolog\u00eda Santiago<\/h3>\n\t\t\t\t\t\t\t<span class=\"access-image__action\">Conocer m\u00e1s<\/span>\n\t\t\t\t\t\t<\/div>\n\t\t\t\t\t<\/a>\n\t\t\t\t<\/div>\n\t\t\t\t\t\t\t<div class=\"access-image-wrapper\">\n\t\t\t\t\t<a href=\"https:\/\/psicologia.udd.cl\/noticias\/2016\/09\/concepcion-celebro-su-tradicional-gala-para-festejar-6-anos-de-acreditacion\/\" data-url=\"https:\/\/psicologia.udd.cl\/noticias\/2016\/09\/concepcion-celebro-su-tradicional-gala-para-festejar-6-anos-de-acreditacion\/\" class=\"access-image\">\n\t\t\t\t\t<img loading=\"lazy\" decoding=\"async\" width=\"680\" height=\"382\" src=\"https:\/\/psicologia.udd.cl\/enprimerapersona\/files\/2023\/09\/6-anos-conce-300x168.jpg\" class=\"access-image__image lazyload\" alt=\"\" sizes=\"auto, (max-width: 680px) 100vw, 680px\" data-src=\"https:\/\/psicologia.udd.cl\/enprimerapersona\/files\/2023\/09\/6-anos-conce-680x382.jpg\" data-srcset=\"https:\/\/psicologia.udd.cl\/enprimerapersona\/files\/2023\/09\/6-anos-conce-680x382.jpg 680w, https:\/\/psicologia.udd.cl\/enprimerapersona\/files\/2023\/09\/6-anos-conce-300x168.jpg 300w, https:\/\/psicologia.udd.cl\/enprimerapersona\/files\/2023\/09\/6-anos-conce-768x431.jpg 768w, https:\/\/psicologia.udd.cl\/enprimerapersona\/files\/2023\/09\/6-anos-conce.jpg 952w\" \/>\t\t\t\t\t\t<div class=\"access-image__content\">\n\t\t\t\t\t\t\t<h3 class=\"access-image__title\">6 a\u00f1os Psicolog\u00eda Concepci\u00f3n<\/h3>\n\t\t\t\t\t\t\t<span class=\"access-image__action\">Conocer m\u00e1s<\/span>\n\t\t\t\t\t\t<\/div>\n\t\t\t\t\t<\/a>\n\t\t\t\t<\/div>\n\t\t\t\t\t<\/div>\n\t<\/div>\n<\/section>\n\n\n<!-- WP Block: UDD - Access Image -->\n<section class=\"wp-block-udd-access-image\n has-even-elements\">\n\t<div class=\"container\">\n\t\t\t\t\t<header class=\"block__header\">\n\t\t\t\t<h2 class=\"block__title\">celebraciones<\/h2>\n\t\t\t<\/header>\n\t\t\t\t<div class=\"block__content\">\n\t\t\t<div class=\"access-images\">\n\t\t\t\t\t\t\t<div class=\"access-image-wrapper\">\n\t\t\t\t\t<a href=\"https:\/\/psicologia.udd.cl\/noticias\/2018\/12\/psicologia-udd-concepcion-cumplio-20-anos-revisa-aqui-su-celebracion\/\" data-url=\"https:\/\/psicologia.udd.cl\/noticias\/2018\/12\/psicologia-udd-concepcion-cumplio-20-anos-revisa-aqui-su-celebracion\/\" class=\"access-image\">\n\t\t\t\t\t<img loading=\"lazy\" decoding=\"async\" width=\"680\" height=\"382\" src=\"https:\/\/psicologia.udd.cl\/enprimerapersona\/files\/2023\/09\/vt5a9294-1366x768-1-300x169.jpg\" class=\"access-image__image lazyload\" alt=\"\" sizes=\"auto, (max-width: 680px) 100vw, 680px\" data-src=\"https:\/\/psicologia.udd.cl\/enprimerapersona\/files\/2023\/09\/vt5a9294-1366x768-1-680x382.jpg\" data-srcset=\"https:\/\/psicologia.udd.cl\/enprimerapersona\/files\/2023\/09\/vt5a9294-1366x768-1-680x382.jpg 680w, https:\/\/psicologia.udd.cl\/enprimerapersona\/files\/2023\/09\/vt5a9294-1366x768-1-300x169.jpg 300w, https:\/\/psicologia.udd.cl\/enprimerapersona\/files\/2023\/09\/vt5a9294-1366x768-1-1024x576.jpg 1024w, https:\/\/psicologia.udd.cl\/enprimerapersona\/files\/2023\/09\/vt5a9294-1366x768-1-768x432.jpg 768w, https:\/\/psicologia.udd.cl\/enprimerapersona\/files\/2023\/09\/vt5a9294-1366x768-1.jpg 1366w, https:\/\/psicologia.udd.cl\/enprimerapersona\/files\/2023\/09\/vt5a9294-1366x768-1-952x534.jpg 952w\" \/>\t\t\t\t\t\t<div class=\"access-image__content\">\n\t\t\t\t\t\t\t<h3 class=\"access-image__title\">20 a\u00f1os Concepci\u00f3n<\/h3>\n\t\t\t\t\t\t\t<span class=\"access-image__action\">Conocer m\u00e1s<\/span>\n\t\t\t\t\t\t<\/div>\n\t\t\t\t\t<\/a>\n\t\t\t\t<\/div>\n\t\t\t\t\t\t\t<div class=\"access-image-wrapper\">\n\t\t\t\t\t<a href=\"https:\/\/psicologia.udd.cl\/noticias\/2018\/12\/psicologia-udd-santiago-celebro-sus-20-anos-de-historia\/\" data-url=\"https:\/\/psicologia.udd.cl\/noticias\/2018\/12\/psicologia-udd-santiago-celebro-sus-20-anos-de-historia\/\" class=\"access-image\">\n\t\t\t\t\t<img loading=\"lazy\" decoding=\"async\" width=\"680\" height=\"382\" src=\"https:\/\/psicologia.udd.cl\/enprimerapersona\/files\/2023\/09\/dsc_4310-680x382.jpg\" class=\"access-image__image lazyload\" alt=\"\" sizes=\"auto, (max-width: 680px) 100vw, 680px\" data-src=\"https:\/\/psicologia.udd.cl\/enprimerapersona\/files\/2023\/09\/dsc_4310-680x382.jpg\" data-srcset=\"https:\/\/psicologia.udd.cl\/enprimerapersona\/files\/2023\/09\/dsc_4310-680x382.jpg 680w, https:\/\/psicologia.udd.cl\/enprimerapersona\/files\/2023\/09\/dsc_4310-1920x1080.jpg 1920w, https:\/\/psicologia.udd.cl\/enprimerapersona\/files\/2023\/09\/dsc_4310-1366x768.jpg 1366w, https:\/\/psicologia.udd.cl\/enprimerapersona\/files\/2023\/09\/dsc_4310-952x534.jpg 952w\" \/>\t\t\t\t\t\t<div class=\"access-image__content\">\n\t\t\t\t\t\t\t<h3 class=\"access-image__title\">20 a\u00f1os Santiago<\/h3>\n\t\t\t\t\t\t\t<span class=\"access-image__action\">Conocer m\u00e1s<\/span>\n\t\t\t\t\t\t<\/div>\n\t\t\t\t\t<\/a>\n\t\t\t\t<\/div>\n\t\t\t\t\t<\/div>\n\t<\/div>\n<\/section>\n","protected":false},"excerpt":{"rendered":"","protected":false},"author":36,"featured_media":0,"parent":0,"menu_order":0,"comment_status":"closed","ping_status":"closed","template":"","meta":{"footnotes":""},"class_list":["post-189","page","type-page","status-publish","hentry"],"yoast_head":"<!-- This site is optimized with the Yoast SEO plugin v26.9 - https:\/\/yoast.com\/product\/yoast-seo-wordpress\/ -->\n<title>Registro fotogr\u00e1fico - Psicolog\u00eda UDD | 25 a\u00f1os<\/title>\n<meta name=\"description\" content=\"En esta p\u00e1gina podr\u00e1s revisar algunas de las fotograf\u00edas de lo que ha sido Psicolog\u00eda UDD a lo largo de su historia.\" \/>\n<meta name=\"robots\" content=\"index, follow, max-snippet:-1, max-image-preview:large, max-video-preview:-1\" \/>\n<link rel=\"canonical\" href=\"https:\/\/psicologia.udd.cl\/enprimerapersona\/registro-fotografico\/\" \/>\n<meta property=\"og:locale\" content=\"es_ES\" \/>\n<meta property=\"og:type\" content=\"article\" \/>\n<meta property=\"og:title\" content=\"Registro fotogr\u00e1fico - Psicolog\u00eda UDD | 25 a\u00f1os\" \/>\n<meta property=\"og:description\" content=\"En esta p\u00e1gina podr\u00e1s revisar algunas de las fotograf\u00edas de lo que ha sido Psicolog\u00eda UDD a lo largo de su historia.\" \/>\n<meta property=\"og:url\" content=\"https:\/\/psicologia.udd.cl\/enprimerapersona\/registro-fotografico\/\" \/>\n<meta property=\"og:site_name\" content=\"Psicolog\u00eda UDD | 25 a\u00f1os\" \/>\n<meta property=\"article:modified_time\" content=\"2023-09-20T19:05:17+00:00\" \/>\n<meta name=\"twitter:card\" content=\"summary_large_image\" \/>\n<script type=\"application\/ld+json\" class=\"yoast-schema-graph\">{\"@context\":\"https:\/\/schema.org\",\"@graph\":[{\"@type\":\"WebPage\",\"@id\":\"https:\/\/psicologia.udd.cl\/enprimerapersona\/registro-fotografico\/\",\"url\":\"https:\/\/psicologia.udd.cl\/enprimerapersona\/registro-fotografico\/\",\"name\":\"Registro fotogr\u00e1fico - Psicolog\u00eda UDD | 25 a\u00f1os\",\"isPartOf\":{\"@id\":\"https:\/\/psicologia.udd.cl\/enprimerapersona\/#website\"},\"datePublished\":\"2023-09-20T17:16:13+00:00\",\"dateModified\":\"2023-09-20T19:05:17+00:00\",\"description\":\"En esta p\u00e1gina podr\u00e1s revisar algunas de las fotograf\u00edas de lo que ha sido Psicolog\u00eda UDD a lo largo de su historia.\",\"breadcrumb\":{\"@id\":\"https:\/\/psicologia.udd.cl\/enprimerapersona\/registro-fotografico\/#breadcrumb\"},\"inLanguage\":\"es\",\"potentialAction\":[{\"@type\":\"ReadAction\",\"target\":[\"https:\/\/psicologia.udd.cl\/enprimerapersona\/registro-fotografico\/\"]}]},{\"@type\":\"BreadcrumbList\",\"@id\":\"https:\/\/psicologia.udd.cl\/enprimerapersona\/registro-fotografico\/#breadcrumb\",\"itemListElement\":[{\"@type\":\"ListItem\",\"position\":1,\"name\":\"Portada\",\"item\":\"https:\/\/psicologia.udd.cl\/enprimerapersona\/\"},{\"@type\":\"ListItem\",\"position\":2,\"name\":\"Registro fotogr\u00e1fico\"}]},{\"@type\":\"WebSite\",\"@id\":\"https:\/\/psicologia.udd.cl\/enprimerapersona\/#website\",\"url\":\"https:\/\/psicologia.udd.cl\/enprimerapersona\/\",\"name\":\"Psicolog\u00eda UDD | 25 a\u00f1os\",\"description\":\"Nuestra historia\",\"inLanguage\":\"es\"}]}<\/script>\n<!-- \/ Yoast SEO plugin. -->","yoast_head_json":{"title":"Registro fotogr\u00e1fico - Psicolog\u00eda UDD | 25 a\u00f1os","description":"En esta p\u00e1gina podr\u00e1s revisar algunas de las fotograf\u00edas de lo que ha sido Psicolog\u00eda UDD a lo largo de su historia.","robots":{"index":"index","follow":"follow","max-snippet":"max-snippet:-1","max-image-preview":"max-image-preview:large","max-video-preview":"max-video-preview:-1"},"canonical":"https:\/\/psicologia.udd.cl\/enprimerapersona\/registro-fotografico\/","og_locale":"es_ES","og_type":"article","og_title":"Registro fotogr\u00e1fico - Psicolog\u00eda UDD | 25 a\u00f1os","og_description":"En esta p\u00e1gina podr\u00e1s revisar algunas de las fotograf\u00edas de lo que ha sido Psicolog\u00eda UDD a lo largo de su historia.","og_url":"https:\/\/psicologia.udd.cl\/enprimerapersona\/registro-fotografico\/","og_site_name":"Psicolog\u00eda UDD | 25 a\u00f1os","article_modified_time":"2023-09-20T19:05:17+00:00","twitter_card":"summary_large_image","schema":{"@context":"https:\/\/schema.org","@graph":[{"@type":"WebPage","@id":"https:\/\/psicologia.udd.cl\/enprimerapersona\/registro-fotografico\/","url":"https:\/\/psicologia.udd.cl\/enprimerapersona\/registro-fotografico\/","name":"Registro fotogr\u00e1fico - Psicolog\u00eda UDD | 25 a\u00f1os","isPartOf":{"@id":"https:\/\/psicologia.udd.cl\/enprimerapersona\/#website"},"datePublished":"2023-09-20T17:16:13+00:00","dateModified":"2023-09-20T19:05:17+00:00","description":"En esta p\u00e1gina podr\u00e1s revisar algunas de las fotograf\u00edas de lo que ha sido Psicolog\u00eda UDD a lo largo de su historia.","breadcrumb":{"@id":"https:\/\/psicologia.udd.cl\/enprimerapersona\/registro-fotografico\/#breadcrumb"},"inLanguage":"es","potentialAction":[{"@type":"ReadAction","target":["https:\/\/psicologia.udd.cl\/enprimerapersona\/registro-fotografico\/"]}]},{"@type":"BreadcrumbList","@id":"https:\/\/psicologia.udd.cl\/enprimerapersona\/registro-fotografico\/#breadcrumb","itemListElement":[{"@type":"ListItem","position":1,"name":"Portada","item":"https:\/\/psicologia.udd.cl\/enprimerapersona\/"},{"@type":"ListItem","position":2,"name":"Registro fotogr\u00e1fico"}]},{"@type":"WebSite","@id":"https:\/\/psicologia.udd.cl\/enprimerapersona\/#website","url":"https:\/\/psicologia.udd.cl\/enprimerapersona\/","name":"Psicolog\u00eda UDD | 25 a\u00f1os","description":"Nuestra historia","inLanguage":"es"}]}},"_links":{"self":[{"href":"https:\/\/psicologia.udd.cl\/enprimerapersona\/wp-json\/wp\/v2\/pages\/189","targetHints":{"allow":["GET"]}}],"collection":[{"href":"https:\/\/psicologia.udd.cl\/enprimerapersona\/wp-json\/wp\/v2\/pages"}],"about":[{"href":"https:\/\/psicologia.udd.cl\/enprimerapersona\/wp-json\/wp\/v2\/types\/page"}],"author":[{"embeddable":true,"href":"https:\/\/psicologia.udd.cl\/enprimerapersona\/wp-json\/wp\/v2\/users\/36"}],"replies":[{"embeddable":true,"href":"https:\/\/psicologia.udd.cl\/enprimerapersona\/wp-json\/wp\/v2\/comments?post=189"}],"version-history":[{"count":2,"href":"https:\/\/psicologia.udd.cl\/enprimerapersona\/wp-json\/wp\/v2\/pages\/189\/revisions"}],"predecessor-version":[{"id":214,"href":"https:\/\/psicologia.udd.cl\/enprimerapersona\/wp-json\/wp\/v2\/pages\/189\/revisions\/214"}],"wp:attachment":[{"href":"https:\/\/psicologia.udd.cl\/enprimerapersona\/wp-json\/wp\/v2\/media?parent=189"}],"curies":[{"name":"wp","href":"https:\/\/api.w.org\/{rel}","templated":true}]}}