{"id":107,"date":"2023-09-20T15:11:50","date_gmt":"2023-09-20T15:11:50","guid":{"rendered":"https:\/\/psicologia.udd.cl\/enprimerapersona\/?page_id=107"},"modified":"2023-10-06T15:52:03","modified_gmt":"2023-10-06T15:52:03","slug":"maria-jose-alcerreca-alumni-docente-santiago","status":"publish","type":"page","link":"https:\/\/psicologia.udd.cl\/enprimerapersona\/testimonios\/maria-jose-alcerreca-alumni-docente-santiago\/","title":{"rendered":"Mar\u00eda Jos\u00e9 Alc\u00e9rreca | Alumni y docente Santiago"},"content":{"rendered":"\n<div class=\"wp-block-media-text alignfull is-stacked-on-mobile\" style=\"grid-template-columns:35% auto\"><figure class=\"wp-block-media-text__media\"><img loading=\"lazy\" decoding=\"async\" width=\"401\" height=\"550\" src=\"https:\/\/psicologia.udd.cl\/enprimerapersona\/files\/2023\/09\/15.png\" alt=\"\" class=\"wp-image-85 size-large\" srcset=\"https:\/\/psicologia.udd.cl\/enprimerapersona\/files\/2023\/09\/15.png 401w, https:\/\/psicologia.udd.cl\/enprimerapersona\/files\/2023\/09\/15-219x300.png 219w\" sizes=\"auto, (max-width: 401px) 100vw, 401px\" \/><\/figure><div class=\"wp-block-media-text__content\">\n<h2 class=\"wp-block-heading\">En Primera Persona<\/h2>\n\n\n\n<p>\u00abEstaba abierta la posibilidad de hacer todo lo que quisi\u00e9ramos, si t\u00fa lo buscabas, lo pod\u00edas hacer (&#8230;) Hubo una m\u00edstica y un sello especial. Hay un v\u00ednculo que va m\u00e1s all\u00e1 de lo que uno estudia, es una experiencia\u00bb.<\/p>\n<\/div><\/div>\n\n\n\n<h3 class=\"wp-block-heading\">Escucha la entrevista ac\u00e1:<\/h3>\n\n\n\n<figure class=\"wp-block-audio\"><audio controls src=\"https:\/\/psicologia.udd.cl\/enprimerapersona\/files\/2023\/10\/maria-jose-alcerreca.mp3\"><\/audio><\/figure>\n","protected":false},"excerpt":{"rendered":"<p>En Primera Persona \u00abEstaba abierta la posibilidad de hacer todo lo que quisi\u00e9ramos, si t\u00fa lo buscabas, lo pod\u00edas hacer (&#8230;) Hubo una m\u00edstica y un sello especial. Hay un v\u00ednculo que va m\u00e1s all\u00e1 de lo que uno estudia, es una experiencia\u00bb. Escucha la entrevista ac\u00e1:<\/p>\n","protected":false},"author":36,"featured_media":0,"parent":19,"menu_order":5,"comment_status":"closed","ping_status":"closed","template":"","meta":{"footnotes":""},"class_list":["post-107","page","type-page","status-publish","hentry"],"yoast_head":"<!-- This site is optimized with the Yoast SEO plugin v26.9 - https:\/\/yoast.com\/product\/yoast-seo-wordpress\/ -->\n<title>Mar\u00eda Jos\u00e9 Alc\u00e9rreca | Alumni y docente Santiago - Psicolog\u00eda UDD | 25 a\u00f1os<\/title>\n<meta name=\"description\" content=\"Conoce el testimonio En Primera Persona de Mar\u00eda Jos\u00e9 Alc\u00e9rreca, alumni y docente de Santiago, por los 25 a\u00f1os de Psicolog\u00eda UDD.\" \/>\n<meta name=\"robots\" content=\"index, follow, max-snippet:-1, max-image-preview:large, max-video-preview:-1\" \/>\n<link rel=\"canonical\" href=\"https:\/\/psicologia.udd.cl\/enprimerapersona\/testimonios\/maria-jose-alcerreca-alumni-docente-santiago\/\" \/>\n<meta property=\"og:locale\" content=\"es_ES\" \/>\n<meta property=\"og:type\" content=\"article\" \/>\n<meta property=\"og:title\" content=\"Mar\u00eda Jos\u00e9 Alc\u00e9rreca | Alumni y docente Santiago - Psicolog\u00eda UDD | 25 a\u00f1os\" \/>\n<meta property=\"og:description\" content=\"Conoce el testimonio En Primera Persona de Mar\u00eda Jos\u00e9 Alc\u00e9rreca, alumni y docente de Santiago, por los 25 a\u00f1os de Psicolog\u00eda UDD.\" \/>\n<meta property=\"og:url\" content=\"https:\/\/psicologia.udd.cl\/enprimerapersona\/testimonios\/maria-jose-alcerreca-alumni-docente-santiago\/\" \/>\n<meta property=\"og:site_name\" content=\"Psicolog\u00eda UDD | 25 a\u00f1os\" \/>\n<meta property=\"article:modified_time\" content=\"2023-10-06T15:52:03+00:00\" \/>\n<meta property=\"og:image\" content=\"https:\/\/psicologia.udd.cl\/enprimerapersona\/files\/2023\/09\/15.png\" \/>\n<meta name=\"twitter:card\" content=\"summary_large_image\" \/>\n<meta name=\"twitter:label1\" content=\"Tiempo de lectura\" \/>\n\t<meta name=\"twitter:data1\" content=\"1 minuto\" \/>\n<script type=\"application\/ld+json\" class=\"yoast-schema-graph\">{\"@context\":\"https:\/\/schema.org\",\"@graph\":[{\"@type\":\"WebPage\",\"@id\":\"https:\/\/psicologia.udd.cl\/enprimerapersona\/testimonios\/maria-jose-alcerreca-alumni-docente-santiago\/\",\"url\":\"https:\/\/psicologia.udd.cl\/enprimerapersona\/testimonios\/maria-jose-alcerreca-alumni-docente-santiago\/\",\"name\":\"Mar\u00eda Jos\u00e9 Alc\u00e9rreca | Alumni y docente Santiago - Psicolog\u00eda UDD | 25 a\u00f1os\",\"isPartOf\":{\"@id\":\"https:\/\/psicologia.udd.cl\/enprimerapersona\/#website\"},\"primaryImageOfPage\":{\"@id\":\"https:\/\/psicologia.udd.cl\/enprimerapersona\/testimonios\/maria-jose-alcerreca-alumni-docente-santiago\/#primaryimage\"},\"image\":{\"@id\":\"https:\/\/psicologia.udd.cl\/enprimerapersona\/testimonios\/maria-jose-alcerreca-alumni-docente-santiago\/#primaryimage\"},\"thumbnailUrl\":\"https:\/\/psicologia.udd.cl\/enprimerapersona\/files\/2023\/09\/15.png\",\"datePublished\":\"2023-09-20T15:11:50+00:00\",\"dateModified\":\"2023-10-06T15:52:03+00:00\",\"description\":\"Conoce el testimonio En Primera Persona de Mar\u00eda Jos\u00e9 Alc\u00e9rreca, alumni y docente de Santiago, por los 25 a\u00f1os de Psicolog\u00eda UDD.\",\"breadcrumb\":{\"@id\":\"https:\/\/psicologia.udd.cl\/enprimerapersona\/testimonios\/maria-jose-alcerreca-alumni-docente-santiago\/#breadcrumb\"},\"inLanguage\":\"es\",\"potentialAction\":[{\"@type\":\"ReadAction\",\"target\":[\"https:\/\/psicologia.udd.cl\/enprimerapersona\/testimonios\/maria-jose-alcerreca-alumni-docente-santiago\/\"]}]},{\"@type\":\"ImageObject\",\"inLanguage\":\"es\",\"@id\":\"https:\/\/psicologia.udd.cl\/enprimerapersona\/testimonios\/maria-jose-alcerreca-alumni-docente-santiago\/#primaryimage\",\"url\":\"https:\/\/psicologia.udd.cl\/enprimerapersona\/files\/2023\/09\/15.png\",\"contentUrl\":\"https:\/\/psicologia.udd.cl\/enprimerapersona\/files\/2023\/09\/15.png\",\"width\":401,\"height\":550},{\"@type\":\"BreadcrumbList\",\"@id\":\"https:\/\/psicologia.udd.cl\/enprimerapersona\/testimonios\/maria-jose-alcerreca-alumni-docente-santiago\/#breadcrumb\",\"itemListElement\":[{\"@type\":\"ListItem\",\"position\":1,\"name\":\"Portada\",\"item\":\"https:\/\/psicologia.udd.cl\/enprimerapersona\/\"},{\"@type\":\"ListItem\",\"position\":2,\"name\":\"Testimonios\",\"item\":\"https:\/\/psicologia.udd.cl\/enprimerapersona\/testimonios\/\"},{\"@type\":\"ListItem\",\"position\":3,\"name\":\"Mar\u00eda Jos\u00e9 Alc\u00e9rreca | Alumni y docente Santiago\"}]},{\"@type\":\"WebSite\",\"@id\":\"https:\/\/psicologia.udd.cl\/enprimerapersona\/#website\",\"url\":\"https:\/\/psicologia.udd.cl\/enprimerapersona\/\",\"name\":\"Psicolog\u00eda UDD | 25 a\u00f1os\",\"description\":\"Nuestra historia\",\"inLanguage\":\"es\"}]}<\/script>\n<!-- \/ Yoast SEO plugin. -->","yoast_head_json":{"title":"Mar\u00eda Jos\u00e9 Alc\u00e9rreca | Alumni y docente Santiago - Psicolog\u00eda UDD | 25 a\u00f1os","description":"Conoce el testimonio En Primera Persona de Mar\u00eda Jos\u00e9 Alc\u00e9rreca, alumni y docente de Santiago, por los 25 a\u00f1os de Psicolog\u00eda UDD.","robots":{"index":"index","follow":"follow","max-snippet":"max-snippet:-1","max-image-preview":"max-image-preview:large","max-video-preview":"max-video-preview:-1"},"canonical":"https:\/\/psicologia.udd.cl\/enprimerapersona\/testimonios\/maria-jose-alcerreca-alumni-docente-santiago\/","og_locale":"es_ES","og_type":"article","og_title":"Mar\u00eda Jos\u00e9 Alc\u00e9rreca | Alumni y docente Santiago - Psicolog\u00eda UDD | 25 a\u00f1os","og_description":"Conoce el testimonio En Primera Persona de Mar\u00eda Jos\u00e9 Alc\u00e9rreca, alumni y docente de Santiago, por los 25 a\u00f1os de Psicolog\u00eda UDD.","og_url":"https:\/\/psicologia.udd.cl\/enprimerapersona\/testimonios\/maria-jose-alcerreca-alumni-docente-santiago\/","og_site_name":"Psicolog\u00eda UDD | 25 a\u00f1os","article_modified_time":"2023-10-06T15:52:03+00:00","og_image":[{"url":"https:\/\/psicologia.udd.cl\/enprimerapersona\/files\/2023\/09\/15.png","type":"","width":"","height":""}],"twitter_card":"summary_large_image","twitter_misc":{"Tiempo de lectura":"1 minuto"},"schema":{"@context":"https:\/\/schema.org","@graph":[{"@type":"WebPage","@id":"https:\/\/psicologia.udd.cl\/enprimerapersona\/testimonios\/maria-jose-alcerreca-alumni-docente-santiago\/","url":"https:\/\/psicologia.udd.cl\/enprimerapersona\/testimonios\/maria-jose-alcerreca-alumni-docente-santiago\/","name":"Mar\u00eda Jos\u00e9 Alc\u00e9rreca | Alumni y docente Santiago - Psicolog\u00eda UDD | 25 a\u00f1os","isPartOf":{"@id":"https:\/\/psicologia.udd.cl\/enprimerapersona\/#website"},"primaryImageOfPage":{"@id":"https:\/\/psicologia.udd.cl\/enprimerapersona\/testimonios\/maria-jose-alcerreca-alumni-docente-santiago\/#primaryimage"},"image":{"@id":"https:\/\/psicologia.udd.cl\/enprimerapersona\/testimonios\/maria-jose-alcerreca-alumni-docente-santiago\/#primaryimage"},"thumbnailUrl":"https:\/\/psicologia.udd.cl\/enprimerapersona\/files\/2023\/09\/15.png","datePublished":"2023-09-20T15:11:50+00:00","dateModified":"2023-10-06T15:52:03+00:00","description":"Conoce el testimonio En Primera Persona de Mar\u00eda Jos\u00e9 Alc\u00e9rreca, alumni y docente de Santiago, por los 25 a\u00f1os de Psicolog\u00eda UDD.","breadcrumb":{"@id":"https:\/\/psicologia.udd.cl\/enprimerapersona\/testimonios\/maria-jose-alcerreca-alumni-docente-santiago\/#breadcrumb"},"inLanguage":"es","potentialAction":[{"@type":"ReadAction","target":["https:\/\/psicologia.udd.cl\/enprimerapersona\/testimonios\/maria-jose-alcerreca-alumni-docente-santiago\/"]}]},{"@type":"ImageObject","inLanguage":"es","@id":"https:\/\/psicologia.udd.cl\/enprimerapersona\/testimonios\/maria-jose-alcerreca-alumni-docente-santiago\/#primaryimage","url":"https:\/\/psicologia.udd.cl\/enprimerapersona\/files\/2023\/09\/15.png","contentUrl":"https:\/\/psicologia.udd.cl\/enprimerapersona\/files\/2023\/09\/15.png","width":401,"height":550},{"@type":"BreadcrumbList","@id":"https:\/\/psicologia.udd.cl\/enprimerapersona\/testimonios\/maria-jose-alcerreca-alumni-docente-santiago\/#breadcrumb","itemListElement":[{"@type":"ListItem","position":1,"name":"Portada","item":"https:\/\/psicologia.udd.cl\/enprimerapersona\/"},{"@type":"ListItem","position":2,"name":"Testimonios","item":"https:\/\/psicologia.udd.cl\/enprimerapersona\/testimonios\/"},{"@type":"ListItem","position":3,"name":"Mar\u00eda Jos\u00e9 Alc\u00e9rreca | Alumni y docente Santiago"}]},{"@type":"WebSite","@id":"https:\/\/psicologia.udd.cl\/enprimerapersona\/#website","url":"https:\/\/psicologia.udd.cl\/enprimerapersona\/","name":"Psicolog\u00eda UDD | 25 a\u00f1os","description":"Nuestra historia","inLanguage":"es"}]}},"_links":{"self":[{"href":"https:\/\/psicologia.udd.cl\/enprimerapersona\/wp-json\/wp\/v2\/pages\/107","targetHints":{"allow":["GET"]}}],"collection":[{"href":"https:\/\/psicologia.udd.cl\/enprimerapersona\/wp-json\/wp\/v2\/pages"}],"about":[{"href":"https:\/\/psicologia.udd.cl\/enprimerapersona\/wp-json\/wp\/v2\/types\/page"}],"author":[{"embeddable":true,"href":"https:\/\/psicologia.udd.cl\/enprimerapersona\/wp-json\/wp\/v2\/users\/36"}],"replies":[{"embeddable":true,"href":"https:\/\/psicologia.udd.cl\/enprimerapersona\/wp-json\/wp\/v2\/comments?post=107"}],"version-history":[{"count":5,"href":"https:\/\/psicologia.udd.cl\/enprimerapersona\/wp-json\/wp\/v2\/pages\/107\/revisions"}],"predecessor-version":[{"id":337,"href":"https:\/\/psicologia.udd.cl\/enprimerapersona\/wp-json\/wp\/v2\/pages\/107\/revisions\/337"}],"up":[{"embeddable":true,"href":"https:\/\/psicologia.udd.cl\/enprimerapersona\/wp-json\/wp\/v2\/pages\/19"}],"wp:attachment":[{"href":"https:\/\/psicologia.udd.cl\/enprimerapersona\/wp-json\/wp\/v2\/media?parent=107"}],"curies":[{"name":"wp","href":"https:\/\/api.w.org\/{rel}","templated":true}]}}

María José Alcérreca | Alumni y docente Santiago

<div class="wp-block-media-text alignfull is-stacked-on-mobile" style="grid-template-columns:35% auto"><figure class="wp-block-media-text__media"><img loading="lazy" decoding="async" width="401" height="550" src="https://psicologia.udd.cl/enprimerapersona/files/2023/09/15.png" alt="" class="wp-image-85 size-large" srcset="https://psicologia.udd.cl/enprimerapersona/files/2023/09/15.png 401w, https://psicologia.udd.cl/enprimerapersona/files/2023/09/15-219x300.png 219w" sizes="auto, (max-width: 401px) 100vw, 401px" /></figure><div class="wp-block-media-text__content">
<h2 class="wp-block-heading">En Primera Persona</h2>



<p>«Estaba abierta la posibilidad de hacer todo lo que quisiéramos, si tú lo buscabas, lo podías hacer (&#8230;) Hubo una mística y un sello especial. Hay un vínculo que va más allá de lo que uno estudia, es una experiencia».</p>
</div></div>



<h3 class="wp-block-heading">Escucha la entrevista acá:</h3>



<figure class="wp-block-audio"><audio controls src="https://psicologia.udd.cl/enprimerapersona/files/2023/10/maria-jose-alcerreca.mp3"></audio></figure>

<p>En Primera Persona «Estaba abierta la posibilidad de hacer todo lo que quisiéramos, si tú lo buscabas, lo podías hacer (&#8230;) Hubo una mística y un sello especial. Hay un vínculo que va más allá de lo que uno estudia, es una experiencia». Escucha la entrevista acá:</p>

<!-- This site is optimized with the Yoast SEO plugin v26.9 - https://yoast.com/product/yoast-seo-wordpress/ -->
<title>María José Alcérreca | Alumni y docente Santiago - Psicología UDD | 25 años</title>
<meta name="description" content="Conoce el testimonio En Primera Persona de María José Alcérreca, alumni y docente de Santiago, por los 25 años de Psicología UDD." />
<meta name="robots" content="index, follow, max-snippet:-1, max-image-preview:large, max-video-preview:-1" />
<link rel="canonical" href="https://psicologia.udd.cl/enprimerapersona/testimonios/maria-jose-alcerreca-alumni-docente-santiago/" />
<meta property="og:locale" content="es_ES" />
<meta property="og:type" content="article" />
<meta property="og:title" content="María José Alcérreca | Alumni y docente Santiago - Psicología UDD | 25 años" />
<meta property="og:description" content="Conoce el testimonio En Primera Persona de María José Alcérreca, alumni y docente de Santiago, por los 25 años de Psicología UDD." />
<meta property="og:url" content="https://psicologia.udd.cl/enprimerapersona/testimonios/maria-jose-alcerreca-alumni-docente-santiago/" />
<meta property="og:site_name" content="Psicología UDD | 25 años" />
<meta property="article:modified_time" content="2023-10-06T15:52:03+00:00" />
<meta property="og:image" content="https://psicologia.udd.cl/enprimerapersona/files/2023/09/15.png" />
<meta name="twitter:card" content="summary_large_image" />
<meta name="twitter:label1" content="Tiempo de lectura" />
	<meta name="twitter:data1" content="1 minuto" />
<script type="application/ld+json" class="yoast-schema-graph">{"@context":"https://schema.org","@graph":[{"@type":"WebPage","@id":"https://psicologia.udd.cl/enprimerapersona/testimonios/maria-jose-alcerreca-alumni-docente-santiago/","url":"https://psicologia.udd.cl/enprimerapersona/testimonios/maria-jose-alcerreca-alumni-docente-santiago/","name":"María José Alcérreca | Alumni y docente Santiago - Psicología UDD | 25 años","isPartOf":{"@id":"https://psicologia.udd.cl/enprimerapersona/#website"},"primaryImageOfPage":{"@id":"https://psicologia.udd.cl/enprimerapersona/testimonios/maria-jose-alcerreca-alumni-docente-santiago/#primaryimage"},"image":{"@id":"https://psicologia.udd.cl/enprimerapersona/testimonios/maria-jose-alcerreca-alumni-docente-santiago/#primaryimage"},"thumbnailUrl":"https://psicologia.udd.cl/enprimerapersona/files/2023/09/15.png","datePublished":"2023-09-20T15:11:50+00:00","dateModified":"2023-10-06T15:52:03+00:00","description":"Conoce el testimonio En Primera Persona de María José Alcérreca, alumni y docente de Santiago, por los 25 años de Psicología UDD.","breadcrumb":{"@id":"https://psicologia.udd.cl/enprimerapersona/testimonios/maria-jose-alcerreca-alumni-docente-santiago/#breadcrumb"},"inLanguage":"es","potentialAction":[{"@type":"ReadAction","target":["https://psicologia.udd.cl/enprimerapersona/testimonios/maria-jose-alcerreca-alumni-docente-santiago/"]}]},{"@type":"ImageObject","inLanguage":"es","@id":"https://psicologia.udd.cl/enprimerapersona/testimonios/maria-jose-alcerreca-alumni-docente-santiago/#primaryimage","url":"https://psicologia.udd.cl/enprimerapersona/files/2023/09/15.png","contentUrl":"https://psicologia.udd.cl/enprimerapersona/files/2023/09/15.png","width":401,"height":550},{"@type":"BreadcrumbList","@id":"https://psicologia.udd.cl/enprimerapersona/testimonios/maria-jose-alcerreca-alumni-docente-santiago/#breadcrumb","itemListElement":[{"@type":"ListItem","position":1,"name":"Portada","item":"https://psicologia.udd.cl/enprimerapersona/"},{"@type":"ListItem","position":2,"name":"Testimonios","item":"https://psicologia.udd.cl/enprimerapersona/testimonios/"},{"@type":"ListItem","position":3,"name":"María José Alcérreca | Alumni y docente Santiago"}]},{"@type":"WebSite","@id":"https://psicologia.udd.cl/enprimerapersona/#website","url":"https://psicologia.udd.cl/enprimerapersona/","name":"Psicología UDD | 25 años","description":"Nuestra historia","inLanguage":"es"}]}</script>
<!-- / Yoast SEO plugin. -->

María José Alcérreca | Alumni y docente Santiago - Psicología UDD | 25 años

Conoce el testimonio En Primera Persona de María José Alcérreca, alumni y docente de Santiago, por los 25 años de Psicología UDD.

Psicología UDD | 25 años
