{"id":3311,"date":"2026-04-14T12:58:27","date_gmt":"2026-04-14T16:58:27","guid":{"rendered":"https:\/\/psicologia.udd.cl\/doctorado\/?post_type=person&#038;p=3311"},"modified":"2026-04-14T12:58:27","modified_gmt":"2026-04-14T16:58:27","slug":"nicolas-ariel-contreras-jara","status":"publish","type":"person","link":"https:\/\/psicologia.udd.cl\/doctorado\/es\/persona\/nicolas-ariel-contreras-jara\/","featured_media":3312,"template":"","people_tax":[],"people_areas":[],"people_levels":[],"class_list":["post-3311","person","type-person","status-publish","has-post-thumbnail","hentry"],"yoast_head":"<!-- This site is optimized with the Yoast SEO plugin v26.9 - https:\/\/yoast.com\/product\/yoast-seo-wordpress\/ -->\n<title>Nicol\u00e1s Ariel Contreras Jara - Doctorado en Ciencias del Desarrollo y Psicopatolog\u00eda<\/title>\n<meta name=\"robots\" content=\"index, follow, max-snippet:-1, max-image-preview:large, max-video-preview:-1\" \/>\n<link rel=\"canonical\" href=\"https:\/\/psicologia.udd.cl\/doctorado\/es\/persona\/nicolas-ariel-contreras-jara\/\" \/>\n<meta property=\"og:locale\" content=\"es_ES\" \/>\n<meta property=\"og:type\" content=\"article\" \/>\n<meta property=\"og:title\" content=\"Nicol\u00e1s Ariel Contreras Jara - Doctorado en Ciencias del Desarrollo y Psicopatolog\u00eda\" \/>\n<meta property=\"og:url\" content=\"https:\/\/psicologia.udd.cl\/doctorado\/es\/persona\/nicolas-ariel-contreras-jara\/\" \/>\n<meta property=\"og:site_name\" content=\"Doctorado en Ciencias del Desarrollo y Psicopatolog\u00eda\" \/>\n<meta name=\"twitter:card\" content=\"summary_large_image\" \/>\n<script type=\"application\/ld+json\" class=\"yoast-schema-graph\">{\"@context\":\"https:\/\/schema.org\",\"@graph\":[{\"@type\":\"WebPage\",\"@id\":\"https:\/\/psicologia.udd.cl\/doctorado\/es\/persona\/nicolas-ariel-contreras-jara\/\",\"url\":\"https:\/\/psicologia.udd.cl\/doctorado\/es\/persona\/nicolas-ariel-contreras-jara\/\",\"name\":\"Nicol\u00e1s Ariel Contreras Jara - Doctorado en Ciencias del Desarrollo y Psicopatolog\u00eda\",\"isPartOf\":{\"@id\":\"https:\/\/psicologia.udd.cl\/doctorado\/#website\"},\"primaryImageOfPage\":{\"@id\":\"https:\/\/psicologia.udd.cl\/doctorado\/es\/persona\/nicolas-ariel-contreras-jara\/#primaryimage\"},\"image\":{\"@id\":\"https:\/\/psicologia.udd.cl\/doctorado\/es\/persona\/nicolas-ariel-contreras-jara\/#primaryimage\"},\"thumbnailUrl\":\"https:\/\/psicologia.udd.cl\/doctorado\/files\/2026\/04\/img_4573-scaled-e1776185896763.jpeg\",\"datePublished\":\"2026-04-14T16:58:27+00:00\",\"breadcrumb\":{\"@id\":\"https:\/\/psicologia.udd.cl\/doctorado\/es\/persona\/nicolas-ariel-contreras-jara\/#breadcrumb\"},\"inLanguage\":\"es\",\"potentialAction\":[{\"@type\":\"ReadAction\",\"target\":[\"https:\/\/psicologia.udd.cl\/doctorado\/es\/persona\/nicolas-ariel-contreras-jara\/\"]}]},{\"@type\":\"ImageObject\",\"inLanguage\":\"es\",\"@id\":\"https:\/\/psicologia.udd.cl\/doctorado\/es\/persona\/nicolas-ariel-contreras-jara\/#primaryimage\",\"url\":\"https:\/\/psicologia.udd.cl\/doctorado\/files\/2026\/04\/img_4573-scaled-e1776185896763.jpeg\",\"contentUrl\":\"https:\/\/psicologia.udd.cl\/doctorado\/files\/2026\/04\/img_4573-scaled-e1776185896763.jpeg\",\"width\":1920,\"height\":1680},{\"@type\":\"BreadcrumbList\",\"@id\":\"https:\/\/psicologia.udd.cl\/doctorado\/es\/persona\/nicolas-ariel-contreras-jara\/#breadcrumb\",\"itemListElement\":[{\"@type\":\"ListItem\",\"position\":1,\"name\":\"Personas\",\"item\":\"https:\/\/psicologia.udd.cl\/doctorado\/persona\/\"},{\"@type\":\"ListItem\",\"position\":2,\"name\":\"Nicol\u00e1s Ariel Contreras Jara\"}]},{\"@type\":\"WebSite\",\"@id\":\"https:\/\/psicologia.udd.cl\/doctorado\/#website\",\"url\":\"https:\/\/psicologia.udd.cl\/doctorado\/\",\"name\":\"Doctorado en Ciencias del Desarrollo y Psicopatolog\u00eda\",\"description\":\"\",\"inLanguage\":\"es\"}]}<\/script>\n<!-- \/ Yoast SEO plugin. -->","yoast_head_json":{"title":"Nicol\u00e1s Ariel Contreras Jara - Doctorado en Ciencias del Desarrollo y Psicopatolog\u00eda","robots":{"index":"index","follow":"follow","max-snippet":"max-snippet:-1","max-image-preview":"max-image-preview:large","max-video-preview":"max-video-preview:-1"},"canonical":"https:\/\/psicologia.udd.cl\/doctorado\/es\/persona\/nicolas-ariel-contreras-jara\/","og_locale":"es_ES","og_type":"article","og_title":"Nicol\u00e1s Ariel Contreras Jara - Doctorado en Ciencias del Desarrollo y Psicopatolog\u00eda","og_url":"https:\/\/psicologia.udd.cl\/doctorado\/es\/persona\/nicolas-ariel-contreras-jara\/","og_site_name":"Doctorado en Ciencias del Desarrollo y Psicopatolog\u00eda","twitter_card":"summary_large_image","schema":{"@context":"https:\/\/schema.org","@graph":[{"@type":"WebPage","@id":"https:\/\/psicologia.udd.cl\/doctorado\/es\/persona\/nicolas-ariel-contreras-jara\/","url":"https:\/\/psicologia.udd.cl\/doctorado\/es\/persona\/nicolas-ariel-contreras-jara\/","name":"Nicol\u00e1s Ariel Contreras Jara - Doctorado en Ciencias del Desarrollo y Psicopatolog\u00eda","isPartOf":{"@id":"https:\/\/psicologia.udd.cl\/doctorado\/#website"},"primaryImageOfPage":{"@id":"https:\/\/psicologia.udd.cl\/doctorado\/es\/persona\/nicolas-ariel-contreras-jara\/#primaryimage"},"image":{"@id":"https:\/\/psicologia.udd.cl\/doctorado\/es\/persona\/nicolas-ariel-contreras-jara\/#primaryimage"},"thumbnailUrl":"https:\/\/psicologia.udd.cl\/doctorado\/files\/2026\/04\/img_4573-scaled-e1776185896763.jpeg","datePublished":"2026-04-14T16:58:27+00:00","breadcrumb":{"@id":"https:\/\/psicologia.udd.cl\/doctorado\/es\/persona\/nicolas-ariel-contreras-jara\/#breadcrumb"},"inLanguage":"es","potentialAction":[{"@type":"ReadAction","target":["https:\/\/psicologia.udd.cl\/doctorado\/es\/persona\/nicolas-ariel-contreras-jara\/"]}]},{"@type":"ImageObject","inLanguage":"es","@id":"https:\/\/psicologia.udd.cl\/doctorado\/es\/persona\/nicolas-ariel-contreras-jara\/#primaryimage","url":"https:\/\/psicologia.udd.cl\/doctorado\/files\/2026\/04\/img_4573-scaled-e1776185896763.jpeg","contentUrl":"https:\/\/psicologia.udd.cl\/doctorado\/files\/2026\/04\/img_4573-scaled-e1776185896763.jpeg","width":1920,"height":1680},{"@type":"BreadcrumbList","@id":"https:\/\/psicologia.udd.cl\/doctorado\/es\/persona\/nicolas-ariel-contreras-jara\/#breadcrumb","itemListElement":[{"@type":"ListItem","position":1,"name":"Personas","item":"https:\/\/psicologia.udd.cl\/doctorado\/persona\/"},{"@type":"ListItem","position":2,"name":"Nicol\u00e1s Ariel Contreras Jara"}]},{"@type":"WebSite","@id":"https:\/\/psicologia.udd.cl\/doctorado\/#website","url":"https:\/\/psicologia.udd.cl\/doctorado\/","name":"Doctorado en Ciencias del Desarrollo y Psicopatolog\u00eda","description":"","inLanguage":"es"}]}},"label":"Nicol\u00e1s Ariel  Contreras Jara","title":{"rendered":"Nicol\u00e1s Ariel  Contreras Jara"},"role":"Estudiante DCDP - Generaci\u00f3n 2026","thumbnail_url":"https:\/\/psicologia.udd.cl\/doctorado\/files\/2026\/04\/img_4573-scaled-e1776185896763-500x500.jpeg","email":"n.contrerasj@udd.cl","tel_job":"","content":{"rendered":"<div class=\"person-modal person-modal--scl\">\n\t<header class=\"person-modal__header\">\n\t\t<div class=\"person-modal__bg\"><\/div>\n\t\t<div class=\"modal-container\">\n\t\t\t\t\t\t<div class=\"person-modal__media\">\n\t\t\t\t<img width=\"500\" height=\"500\" src=\"https:\/\/psicologia.udd.cl\/doctorado\/files\/2026\/04\/img_4573-scaled-e1776185896763-62x62.jpeg\" class=\"person-modal__image wp-post-image lazyload\" alt=\"\" decoding=\"async\" loading=\"lazy\" sizes=\"auto, (max-width: 500px) 100vw, 500px\" data-src=\"https:\/\/psicologia.udd.cl\/doctorado\/files\/2026\/04\/img_4573-scaled-e1776185896763-500x500.jpeg\" data-srcset=\"https:\/\/psicologia.udd.cl\/doctorado\/files\/2026\/04\/img_4573-scaled-e1776185896763-500x500.jpeg 500w, https:\/\/psicologia.udd.cl\/doctorado\/files\/2026\/04\/img_4573-scaled-e1776185896763-150x150.jpeg 150w, https:\/\/psicologia.udd.cl\/doctorado\/files\/2026\/04\/img_4573-scaled-e1776185896763-62x62.jpeg 62w, https:\/\/psicologia.udd.cl\/doctorado\/files\/2026\/04\/img_4573-scaled-e1776185896763-750x750.jpeg 750w, https:\/\/psicologia.udd.cl\/doctorado\/files\/2026\/04\/img_4573-scaled-e1776185896763-250x250.jpeg 250w, https:\/\/psicologia.udd.cl\/doctorado\/files\/2026\/04\/img_4573-scaled-e1776185896763-126x126.jpeg 126w\" \/>\t\t\t<\/div>\n\t\t\t\t\t\t<div class=\"person-modal__data\">\n\t\t\t\t<h1 class=\"person-modal__name\">Nicol\u00e1s Ariel  Contreras Jara<\/h1>\n\t\t\t\t\t\t\t<span class=\"person-modal__description\">Estudiante DCDP - Generaci\u00f3n 2026<\/span>\n\t\t\t\t\t\t\t\t\t\t\t\t\t<a href=\"mailto:n.contr&#101;ra&#115;j&#064;&#117;&#100;&#100;&#046;&#099;&#108;\" class=\"person-modal__email\">&#110;&#46;con&#116;&#114;eras&#106;&#64;u&#100;&#100;.&#99;l<\/a>\n\t\t\t\t\t\t\t\t\t<\/div>\n\t\t<\/div>\n\t<\/header>\n\t<div class=\"modal-container\">\n\t\t\t<div class=\"person-modal__content text\">\n\t\t\t\t\t\t\t\t\t\t\t\t<\/div>\n\t<\/div>\n<\/div>\n"},"identifier":"6bd1defa61af76e8850295307fb89bf61aeda6fe","has_credential":[],"given_name":"Nicol\u00e1s Ariel","family_name":" Contreras Jara","name":"Nicol\u00e1s Ariel  Contreras Jara","job_title":"Estudiante DCDP - Generaci\u00f3n 2026","telephone":"","note":"","im":"","_self_schedule":null,"_links":{"self":[{"href":"https:\/\/psicologia.udd.cl\/doctorado\/wp-json\/wp\/v2\/people\/3311","targetHints":{"allow":["GET"]}}],"collection":[{"href":"https:\/\/psicologia.udd.cl\/doctorado\/wp-json\/wp\/v2\/people"}],"about":[{"href":"https:\/\/psicologia.udd.cl\/doctorado\/wp-json\/wp\/v2\/types\/person"}],"wp:featuredmedia":[{"embeddable":true,"href":"https:\/\/psicologia.udd.cl\/doctorado\/wp-json\/wp\/v2\/media\/3312"}],"wp:attachment":[{"href":"https:\/\/psicologia.udd.cl\/doctorado\/wp-json\/wp\/v2\/media?parent=3311"}],"wp:term":[{"taxonomy":"people_tax","embeddable":true,"href":"https:\/\/psicologia.udd.cl\/doctorado\/wp-json\/wp\/v2\/people_tax?post=3311"},{"taxonomy":"people_areas","embeddable":true,"href":"https:\/\/psicologia.udd.cl\/doctorado\/wp-json\/wp\/v2\/people_areas?post=3311"},{"taxonomy":"people_levels","embeddable":true,"href":"https:\/\/psicologia.udd.cl\/doctorado\/wp-json\/wp\/v2\/people_levels?post=3311"}],"curies":[{"name":"wp","href":"https:\/\/api.w.org\/{rel}","templated":true}]}}

<!-- This site is optimized with the Yoast SEO plugin v26.9 - https://yoast.com/product/yoast-seo-wordpress/ -->
<title>Nicolás Ariel Contreras Jara - Doctorado en Ciencias del Desarrollo y Psicopatología</title>
<meta name="robots" content="index, follow, max-snippet:-1, max-image-preview:large, max-video-preview:-1" />
<link rel="canonical" href="https://psicologia.udd.cl/doctorado/es/persona/nicolas-ariel-contreras-jara/" />
<meta property="og:locale" content="es_ES" />
<meta property="og:type" content="article" />
<meta property="og:title" content="Nicolás Ariel Contreras Jara - Doctorado en Ciencias del Desarrollo y Psicopatología" />
<meta property="og:url" content="https://psicologia.udd.cl/doctorado/es/persona/nicolas-ariel-contreras-jara/" />
<meta property="og:site_name" content="Doctorado en Ciencias del Desarrollo y Psicopatología" />
<meta name="twitter:card" content="summary_large_image" />
<script type="application/ld+json" class="yoast-schema-graph">{"@context":"https://schema.org","@graph":[{"@type":"WebPage","@id":"https://psicologia.udd.cl/doctorado/es/persona/nicolas-ariel-contreras-jara/","url":"https://psicologia.udd.cl/doctorado/es/persona/nicolas-ariel-contreras-jara/","name":"Nicolás Ariel Contreras Jara - Doctorado en Ciencias del Desarrollo y Psicopatología","isPartOf":{"@id":"https://psicologia.udd.cl/doctorado/#website"},"primaryImageOfPage":{"@id":"https://psicologia.udd.cl/doctorado/es/persona/nicolas-ariel-contreras-jara/#primaryimage"},"image":{"@id":"https://psicologia.udd.cl/doctorado/es/persona/nicolas-ariel-contreras-jara/#primaryimage"},"thumbnailUrl":"https://psicologia.udd.cl/doctorado/files/2026/04/img_4573-scaled-e1776185896763.jpeg","datePublished":"2026-04-14T16:58:27+00:00","breadcrumb":{"@id":"https://psicologia.udd.cl/doctorado/es/persona/nicolas-ariel-contreras-jara/#breadcrumb"},"inLanguage":"es","potentialAction":[{"@type":"ReadAction","target":["https://psicologia.udd.cl/doctorado/es/persona/nicolas-ariel-contreras-jara/"]}]},{"@type":"ImageObject","inLanguage":"es","@id":"https://psicologia.udd.cl/doctorado/es/persona/nicolas-ariel-contreras-jara/#primaryimage","url":"https://psicologia.udd.cl/doctorado/files/2026/04/img_4573-scaled-e1776185896763.jpeg","contentUrl":"https://psicologia.udd.cl/doctorado/files/2026/04/img_4573-scaled-e1776185896763.jpeg","width":1920,"height":1680},{"@type":"BreadcrumbList","@id":"https://psicologia.udd.cl/doctorado/es/persona/nicolas-ariel-contreras-jara/#breadcrumb","itemListElement":[{"@type":"ListItem","position":1,"name":"Personas","item":"https://psicologia.udd.cl/doctorado/persona/"},{"@type":"ListItem","position":2,"name":"Nicolás Ariel Contreras Jara"}]},{"@type":"WebSite","@id":"https://psicologia.udd.cl/doctorado/#website","url":"https://psicologia.udd.cl/doctorado/","name":"Doctorado en Ciencias del Desarrollo y Psicopatología","description":"","inLanguage":"es"}]}</script>
<!-- / Yoast SEO plugin. -->

Nicolás Ariel Contreras Jara - Doctorado en Ciencias del Desarrollo y Psicopatología

Doctorado en Ciencias del Desarrollo y Psicopatología

Nicolás Ariel Contreras Jara

Nicolás Ariel  Contreras Jara

Estudiante DCDP - Generación 2026

<div class="person-modal person-modal--scl">
	<header class="person-modal__header">
		<div class="person-modal__bg"></div>
		<div class="modal-container">
						<div class="person-modal__media">
				<img width="500" height="500" src="https://psicologia.udd.cl/doctorado/files/2026/04/img_4573-scaled-e1776185896763-62x62.jpeg" class="person-modal__image wp-post-image lazyload" alt="" decoding="async" loading="lazy" sizes="auto, (max-width: 500px) 100vw, 500px" data-src="https://psicologia.udd.cl/doctorado/files/2026/04/img_4573-scaled-e1776185896763-500x500.jpeg" data-srcset="https://psicologia.udd.cl/doctorado/files/2026/04/img_4573-scaled-e1776185896763-500x500.jpeg 500w, https://psicologia.udd.cl/doctorado/files/2026/04/img_4573-scaled-e1776185896763-150x150.jpeg 150w, https://psicologia.udd.cl/doctorado/files/2026/04/img_4573-scaled-e1776185896763-62x62.jpeg 62w, https://psicologia.udd.cl/doctorado/files/2026/04/img_4573-scaled-e1776185896763-750x750.jpeg 750w, https://psicologia.udd.cl/doctorado/files/2026/04/img_4573-scaled-e1776185896763-250x250.jpeg 250w, https://psicologia.udd.cl/doctorado/files/2026/04/img_4573-scaled-e1776185896763-126x126.jpeg 126w" />			</div>
						<div class="person-modal__data">
				<h1 class="person-modal__name">Nicolás Ariel  Contreras Jara</h1>
							<span class="person-modal__description">Estudiante DCDP - Generación 2026</span>
													<a href="mailto:n.contr&#101;ra&#115;j&#064;&#117;&#100;&#100;&#046;&#099;&#108;" class="person-modal__email">&#110;&#46;con&#116;&#114;eras&#106;&#64;u&#100;&#100;.&#99;l</a>
									</div>
		</div>
	</header>
	<div class="modal-container">
			<div class="person-modal__content text">
												</div>
	</div>
</div>

Nicolás Ariel
