{"id":785,"date":"2018-10-11T15:51:41","date_gmt":"2018-10-11T15:51:41","guid":{"rendered":"http:\/\/psicologia.udd.cl\/doctorado\/?page_id=785"},"modified":"2025-06-26T11:28:32","modified_gmt":"2025-06-26T15:28:32","slug":"perfil-de-egreso","status":"publish","type":"page","link":"https:\/\/psicologia.udd.cl\/doctorado\/es\/perfil-de-egreso\/","title":{"rendered":"Perfil de Egreso"},"content":{"rendered":"\n<p>Los alumnos que obtengan su grado de doctor en el programa de Ciencias del Desarrollo y Psicopatolog\u00eda ser\u00e1n capaces de:<\/p>\n\n\n\n<h2 class=\"wp-block-heading\">A nivel de competencias generales:<\/h2>\n\n\n\n<ul class=\"wp-block-list\">\n<li><span style=\"font-weight: 400;\">Investigar en l\u00edneas de investigaci\u00f3n en Ciencias del Desarrollo y Psicopatolog\u00eda, creando aut\u00f3nomamente nuevos conocimientos en su campo de estudio.<\/span><\/li>\n\n\n\n<li><span style=\"font-weight: 400;\">Actuar eficientemente en todos los niveles del proceso de generaci\u00f3n de conocimiento, desde formulaci\u00f3n, ejecuci\u00f3n, publicaciones y desarrollo de proyectos de investigaci\u00f3n e intervenci\u00f3n.<\/span><\/li>\n\n\n\n<li><span style=\"font-weight: 400;\">Desarrollar actividades acad\u00e9micas de docencia con m\u00e9todos actualizados de ense\u00f1anza universitaria.<\/span><\/li>\n\n\n\n<li><span style=\"font-weight: 400;\">Trasladar de manera eficaz y eficiente la evidencia cient\u00edfica a \u00e1mbitos pr\u00e1cticos, p\u00fablicos y pol\u00edticos y, por ende, mantener una actitud flexible en los diferentes \u00e1mbitos de acci\u00f3n, evidenciado a trav\u00e9s de alta productividad y adecuada inserci\u00f3n laboral de nuestros doctores.<\/span><\/li>\n<\/ul>\n\n\n\n<h2 class=\"wp-block-heading\">A nivel de competencias de la Universidad del Desarrollo:<\/h2>\n\n\n\n<ul class=\"wp-block-list\">\n<li><span style=\"font-weight: 400;\">Abordar con una visi\u00f3n anal\u00edtica el proceso integral de investigaci\u00f3n en Ciencias del Desarrollo y Psicopatolog\u00eda.<\/span><\/li>\n\n\n\n<li><span style=\"font-weight: 400;\">Poseer suficiencia integral en investigaci\u00f3n aut\u00f3noma en todos los aspectos que el quehacer cient\u00edfico requiere.<\/span><\/li>\n\n\n\n<li><span style=\"font-weight: 400;\">Poseer un alto grado de conocimientos generales y espec\u00edficos en el \u00e1rea de las Ciencias del Desarrollo y Psicopatolog\u00eda.<\/span><\/li>\n\n\n\n<li><span style=\"font-weight: 400;\">Tener la capacidad de innovar en diferentes niveles de acci\u00f3n, utilizando nuevos conocimientos en el \u00e1rea.<\/span><\/li>\n\n\n\n<li><span style=\"font-weight: 400;\">Tener la capacidad de tomar decisiones efectivas al interior de los equipos de investigaci\u00f3n.<\/span><\/li>\n<\/ul>\n\n\n\n<p><span style=\"font-weight: 400;\">Integrando las anteriores, en relaci\u00f3n a Conocimientos, Habilidades y Actitudes se plantea lo siguiente:<\/span><\/p>\n\n\n\n<h2 class=\"wp-block-heading\">A nivel de conocimientos:<\/h2>\n\n\n\n<ul class=\"wp-block-list\">\n<li>Poseer conocimientos te\u00f3ricos de frontera en las diferentes \u00e1reas, tem\u00e1ticas y \u00e1mbitos de acci\u00f3n que las Ciencias del Desarrollo y Psicopatolog\u00eda propone.<\/li>\n\n\n\n<li>Dominar conocimientos avanzados en metodolog\u00edas de la investigaci\u00f3n.<\/li>\n\n\n\n<li>Lograr una visi\u00f3n cr\u00edtica de los distintos modelos que caracterizan las Ciencias del Desarrollo y la Psicopatolog\u00eda, lo cual posibilite detectar nuevos requerimientos en la generaci\u00f3n de conocimiento.<\/li>\n\n\n\n<li>Conocer los principios y evidencias actuales sobre el funcionamiento humano adaptativo y desadaptativo, desde los niveles de la biolog\u00eda hasta los \u00e1mbitos socio-culturales.<\/li>\n<\/ul>\n\n\n\n<h2 class=\"wp-block-heading\">A nivel de habilidades:<\/h2>\n\n\n\n<ul class=\"wp-block-list\">\n<li>Manejo te\u00f3rico y herramientas pr\u00e1cticas de investigaci\u00f3n que le permitan relacionarse con el \u00e1rea de la psicolog\u00eda b\u00e1sica y aplicada.<\/li>\n\n\n\n<li>Transferir los conocimientos adquiridos para desempe\u00f1arse satisfactoriamente en las distintas \u00e1reas de la investigaci\u00f3n, docencia e intervenci\u00f3n, propuestas por las Ciencias del Desarrollo y la Psicopatolog\u00eda.<\/li>\n\n\n\n<li>Ser capaz de generar nuevas preguntas de investigaci\u00f3n en distintas problem\u00e1ticas de las Ciencias del Desarrollo y Psicopatolog\u00eda, adem\u00e1s de plantear dise\u00f1os y propuestas metodol\u00f3gicas que den respuesta a dichas preguntas.<\/li>\n\n\n\n<li>Aplicar herramientas te\u00f3ricas y pr\u00e1cticas en docencia.<\/li>\n<\/ul>\n\n\n\n<h2 class=\"wp-block-heading\">A nivel de actitudes:<\/h2>\n\n\n\n<ul class=\"wp-block-list\">\n<li>Demostrar compromiso con las l\u00edneas de investigaci\u00f3n centrales del Doctorado.<\/li>\n\n\n\n<li>Ser aut\u00f3nomo en el desarrollo y ejecuci\u00f3n del proceso integral de investigaci\u00f3n.<\/li>\n\n\n\n<li>Colaborar con nuevos conocimientos a la sociedad en el \u00e1rea de la investigaci\u00f3n en el tema de las Ciencias del Desarrollo y la Psicopatolog\u00eda.<\/li>\n<\/ul>\n\n\n\n<h3 class=\"wp-block-heading\">\u00c1mbitos de desempe\u00f1o laboral:<\/h3>\n\n\n\n<ul class=\"wp-block-list\">\n<li><span style=\"font-weight: 400;\">Conformar grupos de investigaci\u00f3n, generando nuevas l\u00edneas de investigaci\u00f3n en Ciencias del Desarrollo y Psicopatolog\u00eda, a trav\u00e9s de publicaciones y adjudicaci\u00f3n de financiamiento de investigaci\u00f3n.<\/span><\/li>\n\n\n\n<li><span style=\"font-weight: 400;\">Generar o asesorar en tem\u00e1ticas referentes a la creaci\u00f3n, evaluaci\u00f3n e investigaci\u00f3n de programas de intervenci\u00f3n.<\/span><\/li>\n\n\n\n<li><span style=\"font-weight: 400;\">Desempe\u00f1arse como acad\u00e9mico, desarrollando docencia con m\u00e9todos actualizados de ense\u00f1anza universitaria, tanto a nivel de licenciatura como de postgrado.<\/span><\/li>\n\n\n\n<li><span style=\"font-weight: 400;\">Implementar investigaciones y\/o intervenciones en hospitales, colegios, residencias u otros.<\/span><\/li>\n\n\n\n<li><span style=\"font-weight: 400;\">Ejercer cargos a nivel de instancias gubernamentales, relacionadas a la asesor\u00eda e implementaci\u00f3n de proyectos, relativos a la mejora y el bienestar de las personas y su entorno.<\/span><\/li>\n<\/ul>\n","protected":false},"excerpt":{"rendered":"<p>Los alumnos que obtengan su grado de doctor en el programa de Ciencias del Desarrollo y Psicopatolog\u00eda ser\u00e1n capaces de: A nivel de competencias generales: A nivel de competencias de la Universidad del Desarrollo: Integrando las anteriores, en relaci\u00f3n a Conocimientos, Habilidades y Actitudes se plantea lo siguiente: A nivel de conocimientos: A nivel de [&hellip;]<\/p>\n","protected":false},"author":9192205,"featured_media":0,"parent":0,"menu_order":6,"comment_status":"closed","ping_status":"closed","template":"","meta":{"footnotes":""},"class_list":["post-785","page","type-page","status-publish","hentry"],"yoast_head":"<!-- This site is optimized with the Yoast SEO plugin v26.9 - https:\/\/yoast.com\/product\/yoast-seo-wordpress\/ -->\n<title>Perfil de Egreso - Doctorado en Ciencias del Desarrollo y Psicopatolog\u00eda<\/title>\n<meta name=\"robots\" content=\"index, follow, max-snippet:-1, max-image-preview:large, max-video-preview:-1\" \/>\n<link rel=\"canonical\" href=\"https:\/\/psicologia.udd.cl\/doctorado\/es\/perfil-de-egreso\/\" \/>\n<meta property=\"og:locale\" content=\"es_ES\" \/>\n<meta property=\"og:type\" content=\"article\" \/>\n<meta property=\"og:title\" content=\"Perfil de Egreso - Doctorado en Ciencias del Desarrollo y Psicopatolog\u00eda\" \/>\n<meta property=\"og:description\" content=\"Los alumnos que obtengan su grado de doctor en el programa de Ciencias del Desarrollo y Psicopatolog\u00eda ser\u00e1n capaces de: A nivel de competencias generales: A nivel de competencias de la Universidad del Desarrollo: Integrando las anteriores, en relaci\u00f3n a Conocimientos, Habilidades y Actitudes se plantea lo siguiente: A nivel de conocimientos: A nivel de [&hellip;]\" \/>\n<meta property=\"og:url\" content=\"https:\/\/psicologia.udd.cl\/doctorado\/es\/perfil-de-egreso\/\" \/>\n<meta property=\"og:site_name\" content=\"Doctorado en Ciencias del Desarrollo y Psicopatolog\u00eda\" \/>\n<meta property=\"article:modified_time\" content=\"2025-06-26T15:28:32+00:00\" \/>\n<meta name=\"twitter:card\" content=\"summary_large_image\" \/>\n<meta name=\"twitter:label1\" content=\"Tiempo de lectura\" \/>\n\t<meta name=\"twitter:data1\" content=\"3 minutos\" \/>\n<script type=\"application\/ld+json\" class=\"yoast-schema-graph\">{\"@context\":\"https:\/\/schema.org\",\"@graph\":[{\"@type\":\"WebPage\",\"@id\":\"https:\/\/psicologia.udd.cl\/doctorado\/es\/perfil-de-egreso\/\",\"url\":\"https:\/\/psicologia.udd.cl\/doctorado\/es\/perfil-de-egreso\/\",\"name\":\"Perfil de Egreso - Doctorado en Ciencias del Desarrollo y Psicopatolog\u00eda\",\"isPartOf\":{\"@id\":\"https:\/\/psicologia.udd.cl\/doctorado\/#website\"},\"datePublished\":\"2018-10-11T15:51:41+00:00\",\"dateModified\":\"2025-06-26T15:28:32+00:00\",\"inLanguage\":\"es\",\"potentialAction\":[{\"@type\":\"ReadAction\",\"target\":[\"https:\/\/psicologia.udd.cl\/doctorado\/es\/perfil-de-egreso\/\"]}]},{\"@type\":\"WebSite\",\"@id\":\"https:\/\/psicologia.udd.cl\/doctorado\/#website\",\"url\":\"https:\/\/psicologia.udd.cl\/doctorado\/\",\"name\":\"Doctorado en Ciencias del Desarrollo y Psicopatolog\u00eda\",\"description\":\"\",\"inLanguage\":\"es\"}]}<\/script>\n<!-- \/ Yoast SEO plugin. -->","yoast_head_json":{"title":"Perfil de Egreso - Doctorado en Ciencias del Desarrollo y Psicopatolog\u00eda","robots":{"index":"index","follow":"follow","max-snippet":"max-snippet:-1","max-image-preview":"max-image-preview:large","max-video-preview":"max-video-preview:-1"},"canonical":"https:\/\/psicologia.udd.cl\/doctorado\/es\/perfil-de-egreso\/","og_locale":"es_ES","og_type":"article","og_title":"Perfil de Egreso - Doctorado en Ciencias del Desarrollo y Psicopatolog\u00eda","og_description":"Los alumnos que obtengan su grado de doctor en el programa de Ciencias del Desarrollo y Psicopatolog\u00eda ser\u00e1n capaces de: A nivel de competencias generales: A nivel de competencias de la Universidad del Desarrollo: Integrando las anteriores, en relaci\u00f3n a Conocimientos, Habilidades y Actitudes se plantea lo siguiente: A nivel de conocimientos: A nivel de [&hellip;]","og_url":"https:\/\/psicologia.udd.cl\/doctorado\/es\/perfil-de-egreso\/","og_site_name":"Doctorado en Ciencias del Desarrollo y Psicopatolog\u00eda","article_modified_time":"2025-06-26T15:28:32+00:00","twitter_card":"summary_large_image","twitter_misc":{"Tiempo de lectura":"3 minutos"},"schema":{"@context":"https:\/\/schema.org","@graph":[{"@type":"WebPage","@id":"https:\/\/psicologia.udd.cl\/doctorado\/es\/perfil-de-egreso\/","url":"https:\/\/psicologia.udd.cl\/doctorado\/es\/perfil-de-egreso\/","name":"Perfil de Egreso - Doctorado en Ciencias del Desarrollo y Psicopatolog\u00eda","isPartOf":{"@id":"https:\/\/psicologia.udd.cl\/doctorado\/#website"},"datePublished":"2018-10-11T15:51:41+00:00","dateModified":"2025-06-26T15:28:32+00:00","inLanguage":"es","potentialAction":[{"@type":"ReadAction","target":["https:\/\/psicologia.udd.cl\/doctorado\/es\/perfil-de-egreso\/"]}]},{"@type":"WebSite","@id":"https:\/\/psicologia.udd.cl\/doctorado\/#website","url":"https:\/\/psicologia.udd.cl\/doctorado\/","name":"Doctorado en Ciencias del Desarrollo y Psicopatolog\u00eda","description":"","inLanguage":"es"}]}},"_links":{"self":[{"href":"https:\/\/psicologia.udd.cl\/doctorado\/wp-json\/wp\/v2\/pages\/785","targetHints":{"allow":["GET"]}}],"collection":[{"href":"https:\/\/psicologia.udd.cl\/doctorado\/wp-json\/wp\/v2\/pages"}],"about":[{"href":"https:\/\/psicologia.udd.cl\/doctorado\/wp-json\/wp\/v2\/types\/page"}],"author":[{"embeddable":true,"href":"https:\/\/psicologia.udd.cl\/doctorado\/wp-json\/wp\/v2\/users\/9192205"}],"replies":[{"embeddable":true,"href":"https:\/\/psicologia.udd.cl\/doctorado\/wp-json\/wp\/v2\/comments?post=785"}],"version-history":[{"count":1,"href":"https:\/\/psicologia.udd.cl\/doctorado\/wp-json\/wp\/v2\/pages\/785\/revisions"}],"predecessor-version":[{"id":3057,"href":"https:\/\/psicologia.udd.cl\/doctorado\/wp-json\/wp\/v2\/pages\/785\/revisions\/3057"}],"wp:attachment":[{"href":"https:\/\/psicologia.udd.cl\/doctorado\/wp-json\/wp\/v2\/media?parent=785"}],"curies":[{"name":"wp","href":"https:\/\/api.w.org\/{rel}","templated":true}]}}