{"id":24,"date":"2023-03-29T15:30:41","date_gmt":"2023-03-29T15:30:41","guid":{"rendered":"https:\/\/psicologia.udd.cl\/certificacion-psicologia\/?page_id=24"},"modified":"2026-01-06T11:19:50","modified_gmt":"2026-01-06T14:19:50","slug":"psicologia-udd-2","status":"publish","type":"page","link":"https:\/\/psicologia.udd.cl\/certificacion-psicologia\/","title":{"rendered":"Psicolog\u00eda UDD"},"content":{"rendered":"\n<p>En 2022, nuestra carrera tom\u00f3 la decisi\u00f3n, de forma voluntaria, de llevar a cabo un proceso de autoevaluaci\u00f3n, conducente a una certificaci\u00f3n p\u00fablica otorgada por la <strong>Agencia Qualitas<\/strong>. <\/p>\n\n\n\n<p><strong>\u00bfPor qu\u00e9 es importante esta certificaci\u00f3n? <\/strong><\/p>\n\n\n\n<p>Porque buscamos el mejoramiento continuo, basado en la reflexi\u00f3n interna de nuestros procesos y resultados, en el marco de mantener la calidad de nuestro programa. Lo anterior, apoyado en la retroalimentaci\u00f3n y la validaci\u00f3n de expertos externos, enfocados en la calidad acad\u00e9mica, en funci\u00f3n de los prop\u00f3sitos y los est\u00e1ndares nacionales e internacionales de la carrera.<\/p>\n\n\n<!-- WP Block: UDD - Banner -->\n<section class=\"wp-block-udd-banner is-style-default \">\n\t\n<a href=\"https:\/\/psicologia.udd.cl\/certificacion-psicologia\/resultados-informe-autoevaluacion\/\" class=\"banner banner--fullwidth\" data-url=\"https:\/\/psicologia.udd.cl\/certificacion-psicologia\/resultados-informe-autoevaluacion\/\">\n\t\t\t<img loading=\"lazy\" decoding=\"async\" width=\"1145\" height=\"641\" src=\"https:\/\/psicologia.udd.cl\/certificacion-psicologia\/files\/2023\/12\/portada-resultados-300x168.png\" class=\"banner__image lazyload\" alt=\"\" sizes=\"auto, (max-width: 1145px) 100vw, 1145px\" data-src=\"https:\/\/psicologia.udd.cl\/certificacion-psicologia\/files\/2023\/12\/portada-resultados.png\" data-srcset=\"https:\/\/psicologia.udd.cl\/certificacion-psicologia\/files\/2023\/12\/portada-resultados.png 1145w, https:\/\/psicologia.udd.cl\/certificacion-psicologia\/files\/2023\/12\/portada-resultados-300x168.png 300w, https:\/\/psicologia.udd.cl\/certificacion-psicologia\/files\/2023\/12\/portada-resultados-1024x573.png 1024w, https:\/\/psicologia.udd.cl\/certificacion-psicologia\/files\/2023\/12\/portada-resultados-768x430.png 768w, https:\/\/psicologia.udd.cl\/certificacion-psicologia\/files\/2023\/12\/portada-resultados-952x534.png 952w, https:\/\/psicologia.udd.cl\/certificacion-psicologia\/files\/2023\/12\/portada-resultados-680x382.png 680w\" \/>\t\t<div class=\"banner__content\">\n\t\t<span class=\"banner__title\"><\/span>\n\t\t<span class=\"banner__description\"><\/span>\n\t<\/div>\n<\/a>\n<\/section>\n\n\n<!-- WP Block: UDD - Banners Multiple -->\n<section class=\"wp-block-udd-banners-multiple \">\n\t<div class=\"container\">\n\t\t\t\t<header class=\"block__header\">\n\t\t\t<h2 class=\"block__title\">\u00bfQu\u00e9 es lo que tienes saber de Psicolog\u00eda UDD?<\/h2>\n\t\t<\/header>\n\t\t\t\t<div class=\"block__content\">\n\t\t\t<div id=\"udd-banners-multiple--1\"\n\t\t\t\t\t\t\t\t>\n\t\t\t\t\t\t\t\t<div class=\"banners\">\n\t\t\t\t\t\t\t\t\t<div class=\"banner-col\n\t\t\t\t\t active\t\t\t\t\t\">\n\t\t\t\t\t\t<a href=\"https:\/\/psicologia.udd.cl\/certificacion-psicologia\/mision\/\" class=\"banner banner--multiple\" data-url=\"https:\/\/psicologia.udd.cl\/certificacion-psicologia\/mision\/\">\n\t\t\t\t\t\t\t\t\t\t\t\t\t<img loading=\"lazy\" decoding=\"async\" width=\"952\" height=\"534\" src=\"https:\/\/psicologia.udd.cl\/certificacion-psicologia\/files\/2023\/03\/mg_2045-680x382.png\" class=\"banner__image lazyload\" alt=\"\" sizes=\"auto, (max-width: 952px) 100vw, 952px\" data-src=\"https:\/\/psicologia.udd.cl\/certificacion-psicologia\/files\/2023\/03\/mg_2045-952x534.png\" data-srcset=\"https:\/\/psicologia.udd.cl\/certificacion-psicologia\/files\/2023\/03\/mg_2045-952x534.png 952w, https:\/\/psicologia.udd.cl\/certificacion-psicologia\/files\/2023\/03\/mg_2045-1366x768.png 1366w, https:\/\/psicologia.udd.cl\/certificacion-psicologia\/files\/2023\/03\/mg_2045-680x382.png 680w\" \/>\t\t\t\t\t\t\t\t\t\t\t\t\t<div class=\"banner__content\">\n\t\t\t\t\t\t\t\t<span class=\"banner__title\">Misi\u00f3n<\/span>\n\t\t\t\t\t\t\t\t\t\t\t\t\t\t\t\t\t\t\t\t\t\t\t\t\t<span class=\"banner__action\">Conoce m\u00e1s<\/span>\n\t\t\t\t\t\t\t\t\t\t\t\t\t\t\t<\/div>\n\t\t\t\t\t\t<\/a>\n\t\t\t\t\t<\/div>\n\t\t\t\t\t\t\t\t\t<div class=\"banner-col\n\t\t\t\t\t\t\t\t\t\t\">\n\t\t\t\t\t\t<a href=\"https:\/\/psicologia.udd.cl\/certificacion-psicologia\/perfil-de-egreso\/\" class=\"banner banner--multiple\" data-url=\"https:\/\/psicologia.udd.cl\/certificacion-psicologia\/perfil-de-egreso\/\">\n\t\t\t\t\t\t\t\t\t\t\t\t\t<img loading=\"lazy\" decoding=\"async\" width=\"952\" height=\"534\" src=\"https:\/\/psicologia.udd.cl\/certificacion-psicologia\/files\/2023\/03\/img_5512-300x169.jpeg\" class=\"banner__image lazyload\" alt=\"\" sizes=\"auto, (max-width: 952px) 100vw, 952px\" data-src=\"https:\/\/psicologia.udd.cl\/certificacion-psicologia\/files\/2023\/03\/img_5512-952x534.jpeg\" data-srcset=\"https:\/\/psicologia.udd.cl\/certificacion-psicologia\/files\/2023\/03\/img_5512-952x534.jpeg 952w, https:\/\/psicologia.udd.cl\/certificacion-psicologia\/files\/2023\/03\/img_5512-300x169.jpeg 300w, https:\/\/psicologia.udd.cl\/certificacion-psicologia\/files\/2023\/03\/img_5512-768x432.jpeg 768w, https:\/\/psicologia.udd.cl\/certificacion-psicologia\/files\/2023\/03\/img_5512-1366x768.jpeg 1366w, https:\/\/psicologia.udd.cl\/certificacion-psicologia\/files\/2023\/03\/img_5512-680x382.jpeg 680w\" \/>\t\t\t\t\t\t\t\t\t\t\t\t\t<div class=\"banner__content\">\n\t\t\t\t\t\t\t\t<span class=\"banner__title\">perfil de egreso<\/span>\n\t\t\t\t\t\t\t\t\t\t\t\t\t\t\t\t\t\t\t\t\t\t\t\t\t<span class=\"banner__action\">Conoce m\u00e1s<\/span>\n\t\t\t\t\t\t\t\t\t\t\t\t\t\t\t<\/div>\n\t\t\t\t\t\t<\/a>\n\t\t\t\t\t<\/div>\n\t\t\t\t\t\t\t\t\t<div class=\"banner-col\n\t\t\t\t\t\t\t\t\t\t\">\n\t\t\t\t\t\t<a href=\"https:\/\/psicologia.udd.cl\/certificacion-psicologia\/sellos-de-formacion\/\" class=\"banner banner--multiple\" data-url=\"https:\/\/psicologia.udd.cl\/certificacion-psicologia\/sellos-de-formacion\/\">\n\t\t\t\t\t\t\t\t\t\t\t\t\t<img loading=\"lazy\" decoding=\"async\" width=\"952\" height=\"534\" src=\"https:\/\/psicologia.udd.cl\/certificacion-psicologia\/files\/2023\/03\/03-innovacion-a-scaled-1-680x382.jpg\" class=\"banner__image lazyload\" alt=\"\" sizes=\"auto, (max-width: 952px) 100vw, 952px\" data-src=\"https:\/\/psicologia.udd.cl\/certificacion-psicologia\/files\/2023\/03\/03-innovacion-a-scaled-1-952x534.jpg\" data-srcset=\"https:\/\/psicologia.udd.cl\/certificacion-psicologia\/files\/2023\/03\/03-innovacion-a-scaled-1-952x534.jpg 952w, https:\/\/psicologia.udd.cl\/certificacion-psicologia\/files\/2023\/03\/03-innovacion-a-scaled-1-1366x768.jpg 1366w, https:\/\/psicologia.udd.cl\/certificacion-psicologia\/files\/2023\/03\/03-innovacion-a-scaled-1-680x382.jpg 680w\" \/>\t\t\t\t\t\t\t\t\t\t\t\t\t<div class=\"banner__content\">\n\t\t\t\t\t\t\t\t<span class=\"banner__title\">SELLOS DE FORMACI\u00d3N<\/span>\n\t\t\t\t\t\t\t\t\t\t\t\t\t\t\t\t\t\t\t\t\t\t\t\t\t<span class=\"banner__action\">Conoce m\u00e1s<\/span>\n\t\t\t\t\t\t\t\t\t\t\t\t\t\t\t<\/div>\n\t\t\t\t\t\t<\/a>\n\t\t\t\t\t<\/div>\n\t\t\t\t\t\t\t\t\t<div class=\"banner-col\n\t\t\t\t\t\t\t\t\t\t\">\n\t\t\t\t\t\t<a href=\"https:\/\/psicologia.udd.cl\/certificacion-psicologia\/competencias-especificas\/\" class=\"banner banner--multiple\" data-url=\"https:\/\/psicologia.udd.cl\/certificacion-psicologia\/competencias-especificas\/\">\n\t\t\t\t\t\t\t\t\t\t\t\t\t<img loading=\"lazy\" decoding=\"async\" width=\"952\" height=\"534\" src=\"https:\/\/psicologia.udd.cl\/certificacion-psicologia\/files\/2023\/04\/06-habilidades-socioemocionales-a-scaled-1-680x382.jpg\" class=\"banner__image lazyload\" alt=\"\" sizes=\"auto, (max-width: 952px) 100vw, 952px\" data-src=\"https:\/\/psicologia.udd.cl\/certificacion-psicologia\/files\/2023\/04\/06-habilidades-socioemocionales-a-scaled-1-952x534.jpg\" data-srcset=\"https:\/\/psicologia.udd.cl\/certificacion-psicologia\/files\/2023\/04\/06-habilidades-socioemocionales-a-scaled-1-952x534.jpg 952w, https:\/\/psicologia.udd.cl\/certificacion-psicologia\/files\/2023\/04\/06-habilidades-socioemocionales-a-scaled-1-1366x768.jpg 1366w, https:\/\/psicologia.udd.cl\/certificacion-psicologia\/files\/2023\/04\/06-habilidades-socioemocionales-a-scaled-1-680x382.jpg 680w\" \/>\t\t\t\t\t\t\t\t\t\t\t\t\t<div class=\"banner__content\">\n\t\t\t\t\t\t\t\t<span class=\"banner__title\">COMPETENCIAS ESPEC\u00cdFICAS<\/span>\n\t\t\t\t\t\t\t\t\t\t\t\t\t\t\t\t\t\t\t\t\t\t\t\t\t<span class=\"banner__action\">Conoce m\u00e1s<\/span>\n\t\t\t\t\t\t\t\t\t\t\t\t\t\t\t<\/div>\n\t\t\t\t\t\t<\/a>\n\t\t\t\t\t<\/div>\n\t\t\t\t\t\t\t\t<\/div>\n\t\t\t<\/div>\n\t\t<\/div>\n\t<\/div>\n<\/section>\n\n\n<!-- WP Block: UDD - Cards Alternate -->\n<section class=\"wp-block-udd-cards\" style=\"--udd-blocks-has-columns-number: 6\">\n\t<div class=\"container\">\n\t\t\t\t\t<header class=\"header__innerblock block__header\">\n\t\t\t\n<h2 class=\"wp-block-heading\">Etapas del proceso<\/h2>\n\t\n\t\n\t<\/header>\n\t\t\t\t<div class=\"block__content\">\n\t\t\t<div class=\"cards cards--listed\">\n\t\t\t\t\t\t\t\t\t\t\t\t\t\t\t\t\t<div class=\"card-wrapper\">\n\t\t\t\t\t\t<div class=\"card\">\n\t\t\t\t\t\t\t<h3 class=\"card__title\">Recolecci\u00f3n de datos.<\/h3>\n\t\t\t\t\t\t\t\t\t\t\t\t\t\t<div class=\"card__description\">\n\t\t\t\t\t\t\t\t<p>Etapa finalizada.<\/p>\n\t\t\t\t\t\t\t<\/div>\n\t\t\t\t\t\t\t\t\t\t\t\t\t<\/div>\n\t\t\t\t\t<\/div>\n\t\t\t\t\t\t\t\t\t\t\t\t\t\t\t\t\t\t\t\t\t<div class=\"card-wrapper\">\n\t\t\t\t\t\t<div class=\"card\">\n\t\t\t\t\t\t\t<h3 class=\"card__title\">An\u00e1lisis participativo de la informaci\u00f3n recopilada.<\/h3>\n\t\t\t\t\t\t\t\t\t\t\t\t\t\t<div class=\"card__description\">\n\t\t\t\t\t\t\t\t<p>Etapa finalizada.<\/p>\n\t\t\t\t\t\t\t<\/div>\n\t\t\t\t\t\t\t\t\t\t\t\t\t<\/div>\n\t\t\t\t\t<\/div>\n\t\t\t\t\t\t\t\t\t\t\t\t\t\t\t\t\t\t\t\t\t<div class=\"card-wrapper\">\n\t\t\t\t\t\t<div class=\"card\">\n\t\t\t\t\t\t\t<h3 class=\"card__title\">Creaci\u00f3n informe de Autoevaluaci\u00f3n.<\/h3>\n\t\t\t\t\t\t\t\t\t\t\t\t\t\t<div class=\"card__description\">\n\t\t\t\t\t\t\t\t<p>Etapa fnalizada.<\/p>\n\t\t\t\t\t\t\t<\/div>\n\t\t\t\t\t\t\t\t\t\t\t\t\t<\/div>\n\t\t\t\t\t<\/div>\n\t\t\t\t\t\t\t\t\t\t\t\t\t\t\t\t\t\t\t\t\t<div class=\"card-wrapper\">\n\t\t\t\t\t\t<div class=\"card\">\n\t\t\t\t\t\t\t<h3 class=\"card__title\">Difusi\u00f3n de los resultados.<\/h3>\n\t\t\t\t\t\t\t\t\t\t\t\t\t\t<div class=\"card__description\">\n\t\t\t\t\t\t\t\t<p>Etapa finalizada<\/p>\n\t\t\t\t\t\t\t<\/div>\n\t\t\t\t\t\t\t\t\t\t\t\t\t<\/div>\n\t\t\t\t\t<\/div>\n\t\t\t\t\t\t\t\t\t\t\t\t\t\t\t\t\t\t\t\t\t<div class=\"card-wrapper\">\n\t\t\t\t\t\t<div class=\"card\">\n\t\t\t\t\t\t\t<h3 class=\"card__title\">Visita de pares.<\/h3>\n\t\t\t\t\t\t\t\t\t\t\t\t\t\t<div class=\"card__description\">\n\t\t\t\t\t\t\t\t<p>Etapa finalizada.<\/p>\n\t\t\t\t\t\t\t<\/div>\n\t\t\t\t\t\t\t\t\t\t\t\t\t<\/div>\n\t\t\t\t\t<\/div>\n\t\t\t\t\t\t\t\t\t\t\t\t\t\t\t\t\t\t\t\t\t<div class=\"card-wrapper\">\n\t\t\t\t\t\t<div class=\"card\">\n\t\t\t\t\t\t\t<h3 class=\"card__title\">Resultado de la Certificaci\u00f3n.<\/h3>\n\t\t\t\t\t\t\t\t\t\t\t\t\t\t<div class=\"card__description\">\n\t\t\t\t\t\t\t\t<p>Etapa finalizada: Psicolog\u00eda de la Universidad del Desarrollo ha sido certificada por un per\u00edodo de siete a\u00f1os, desde 2024 hasta 2031. Este logro la posiciona en la categor\u00eda superior de \u00abcarrera destacada\u00bb, otorgada por la Fundaci\u00f3n Qualitas para la Educaci\u00f3n.<\/p>\n\t\t\t\t\t\t\t<\/div>\n\t\t\t\t\t\t\t\t\t\t\t\t\t<\/div>\n\t\t\t\t\t<\/div>\n\t\t\t\t\t\t\t\t\t\t<\/div>\n\t\t<\/div>\n\t<\/div>\n<\/section>\n\n\n<section class=\"wp-block-udd-videos-row\">\n\t<div class=\"videos-row container\">\n\t\t\t\t<header class=\"block__header\">\n\t\t\t\t\t\t<h2 class=\"block__title\">\n\t\t\t\tDescubre m\u00e1s de Psicolog\u00eda udd\t\t\t<\/h2>\n\t\t\t\t\t\t\t\t<\/header>\n\t\t\t\t\t\t<div class=\"row videos-row__videos\">\n\t\t\t<article class=\"udd-video\">\n\t<a href=\"https:\/\/www.youtube.com\/watch?v=cvrk_hR7YIc\" class=\"js-udd-video-modal udd-video__link\" data-video-id=\"cvrk_hR7YIc\">\n\t\t<span class=\"udd-video__label\"><svg class=\"svg-video-dims\"><use xlink:href='https:\/\/psicologia.udd.cl\/certificacion-psicologia\/wp-content\/themes\/facultades-2018\/assets\/img\/svg\/dist\/main.svg?version=1695853099#video'><\/use><\/svg> Ver video<\/span>\n\t\t<h3 class=\"udd-video__title\">\n\t\t\tAprendizaje Experiencial en Psicolog\u00eda UDD\t\t<\/h3>\n\t\t<span class=\"udd-video__image-container\"><img decoding=\"async\" src=\"https:\/\/i.ytimg.com\/vi\/cvrk_hR7YIc\/hqdefault.jpg\" loading=\"lazy\" alt=\"Aprendizaje Experiencial en Psicolog\u00eda UDD\" class=\"udd-video__image\" alt=\"Previsualizaci\u00f3n de &#039;Aprendizaje Experiencial en Psicolog\u00eda UDD&#039;\"><\/span>\t<\/a>\n<\/article>\n<article class=\"udd-video\">\n\t<a href=\"https:\/\/www.youtube.com\/watch?v=JCfFcmZ0dgs\" class=\"js-udd-video-modal udd-video__link\" data-video-id=\"JCfFcmZ0dgs\">\n\t\t<span class=\"udd-video__label\"><svg class=\"svg-video-dims\"><use xlink:href='https:\/\/psicologia.udd.cl\/certificacion-psicologia\/wp-content\/themes\/facultades-2018\/assets\/img\/svg\/dist\/main.svg?version=1695853099#video'><\/use><\/svg> Ver video<\/span>\n\t\t<h3 class=\"udd-video__title\">\n\t\t\t\u00bfQuieres saber c\u00f3mo se vive la interdisciplina en Psicolog\u00eda UDD?\t\t<\/h3>\n\t\t<span class=\"udd-video__image-container\"><img decoding=\"async\" src=\"https:\/\/i.ytimg.com\/vi\/JCfFcmZ0dgs\/hqdefault.jpg\" loading=\"lazy\" alt=\"\u00bfQuieres saber c\u00f3mo se vive la interdisciplina en Psicolog\u00eda UDD?\" class=\"udd-video__image\" alt=\"Previsualizaci\u00f3n de &#039;\u00bfQuieres saber c\u00f3mo se vive la interdisciplina en Psicolog\u00eda UDD?&#039;\"><\/span>\t<\/a>\n<\/article>\n<article class=\"udd-video\">\n\t<a href=\"https:\/\/www.youtube.com\/watch?v=_v3potQxgsk\" class=\"js-udd-video-modal udd-video__link\" data-video-id=\"_v3potQxgsk\">\n\t\t<span class=\"udd-video__label\"><svg class=\"svg-video-dims\"><use xlink:href='https:\/\/psicologia.udd.cl\/certificacion-psicologia\/wp-content\/themes\/facultades-2018\/assets\/img\/svg\/dist\/main.svg?version=1695853099#video'><\/use><\/svg> Ver video<\/span>\n\t\t<h3 class=\"udd-video__title\">\n\t\t\tElementos diferenciadores seg\u00fan nuestros Alumni\t\t<\/h3>\n\t\t<span class=\"udd-video__image-container\"><img decoding=\"async\" src=\"https:\/\/i.ytimg.com\/vi\/_v3potQxgsk\/hqdefault.jpg\" loading=\"lazy\" alt=\"Elementos diferenciadores seg\u00fan nuestros Alumni\" class=\"udd-video__image\" alt=\"Previsualizaci\u00f3n de &#039;Elementos diferenciadores seg\u00fan nuestros Alumni&#039;\"><\/span>\t<\/a>\n<\/article>\n\t\t<\/div>\n\t\t\t<\/div>\n<\/section>\n","protected":false},"excerpt":{"rendered":"<p>En 2022, nuestra carrera tom\u00f3 la decisi\u00f3n, de forma voluntaria, de llevar a cabo un proceso de autoevaluaci\u00f3n, conducente a una certificaci\u00f3n p\u00fablica otorgada por la Agencia Qualitas. \u00bfPor qu\u00e9 es importante esta certificaci\u00f3n? Porque buscamos el mejoramiento continuo, basado en la reflexi\u00f3n interna de nuestros procesos y resultados, en el marco de mantener la [&hellip;]<\/p>\n","protected":false},"author":9192205,"featured_media":0,"parent":0,"menu_order":0,"comment_status":"closed","ping_status":"closed","template":"","meta":{"footnotes":""},"class_list":["post-24","page","type-page","status-publish","hentry"],"yoast_head":"<!-- This site is optimized with the Yoast SEO plugin v26.9 - https:\/\/yoast.com\/product\/yoast-seo-wordpress\/ -->\n<title>Psicolog\u00eda UDD - 3er Proceso de Certificaci\u00f3n | Psicolog\u00eda UDD<\/title>\n<meta name=\"description\" content=\"Encuentra toda la informaci\u00f3n relevante sobre las etapas del 3er Proceso de Certificaci\u00f3n de la carrera Psicolog\u00eda UDD presentado a Qualitas.\" \/>\n<meta name=\"robots\" content=\"index, follow, max-snippet:-1, max-image-preview:large, max-video-preview:-1\" \/>\n<link rel=\"canonical\" href=\"https:\/\/psicologia.udd.cl\/certificacion-psicologia\/\" \/>\n<meta property=\"og:locale\" content=\"es_ES\" \/>\n<meta property=\"og:type\" content=\"article\" \/>\n<meta property=\"og:title\" content=\"Psicolog\u00eda UDD - 3er Proceso de Certificaci\u00f3n | Psicolog\u00eda UDD\" \/>\n<meta property=\"og:description\" content=\"Encuentra toda la informaci\u00f3n relevante sobre las etapas del 3er Proceso de Certificaci\u00f3n de la carrera Psicolog\u00eda UDD presentado a Qualitas.\" \/>\n<meta property=\"og:url\" content=\"https:\/\/psicologia.udd.cl\/certificacion-psicologia\/\" \/>\n<meta property=\"og:site_name\" content=\"3er Proceso de Certificaci\u00f3n | Psicolog\u00eda UDD\" \/>\n<meta property=\"article:modified_time\" content=\"2026-01-06T14:19:50+00:00\" \/>\n<meta name=\"twitter:card\" content=\"summary_large_image\" \/>\n<meta name=\"twitter:label1\" content=\"Tiempo de lectura\" \/>\n\t<meta name=\"twitter:data1\" content=\"1 minuto\" \/>\n<script type=\"application\/ld+json\" class=\"yoast-schema-graph\">{\"@context\":\"https:\/\/schema.org\",\"@graph\":[{\"@type\":\"WebPage\",\"@id\":\"https:\/\/psicologia.udd.cl\/certificacion-psicologia\/\",\"url\":\"https:\/\/psicologia.udd.cl\/certificacion-psicologia\/\",\"name\":\"Psicolog\u00eda UDD - 3er Proceso de Certificaci\u00f3n | Psicolog\u00eda UDD\",\"isPartOf\":{\"@id\":\"https:\/\/psicologia.udd.cl\/certificacion-psicologia\/#website\"},\"datePublished\":\"2023-03-29T15:30:41+00:00\",\"dateModified\":\"2026-01-06T14:19:50+00:00\",\"description\":\"Encuentra toda la informaci\u00f3n relevante sobre las etapas del 3er Proceso de Certificaci\u00f3n de la carrera Psicolog\u00eda UDD presentado a Qualitas.\",\"breadcrumb\":{\"@id\":\"https:\/\/psicologia.udd.cl\/certificacion-psicologia\/#breadcrumb\"},\"inLanguage\":\"es\",\"potentialAction\":[{\"@type\":\"ReadAction\",\"target\":[\"https:\/\/psicologia.udd.cl\/certificacion-psicologia\/\"]}]},{\"@type\":\"BreadcrumbList\",\"@id\":\"https:\/\/psicologia.udd.cl\/certificacion-psicologia\/#breadcrumb\",\"itemListElement\":[{\"@type\":\"ListItem\",\"position\":1,\"name\":\"Portada\",\"item\":\"https:\/\/psicologia.udd.cl\/certificacion-psicologia\/\"},{\"@type\":\"ListItem\",\"position\":2,\"name\":\"Psicolog\u00eda UDD\"}]},{\"@type\":\"WebSite\",\"@id\":\"https:\/\/psicologia.udd.cl\/certificacion-psicologia\/#website\",\"url\":\"https:\/\/psicologia.udd.cl\/certificacion-psicologia\/\",\"name\":\"3er Proceso de Certificaci\u00f3n | Psicolog\u00eda UDD\",\"description\":\"Facultad de Psicolog\u00eda | Universidad del Desarrollo\",\"inLanguage\":\"es\"}]}<\/script>\n<!-- \/ Yoast SEO plugin. -->","yoast_head_json":{"title":"Psicolog\u00eda UDD - 3er Proceso de Certificaci\u00f3n | Psicolog\u00eda UDD","description":"Encuentra toda la informaci\u00f3n relevante sobre las etapas del 3er Proceso de Certificaci\u00f3n de la carrera Psicolog\u00eda UDD presentado a Qualitas.","robots":{"index":"index","follow":"follow","max-snippet":"max-snippet:-1","max-image-preview":"max-image-preview:large","max-video-preview":"max-video-preview:-1"},"canonical":"https:\/\/psicologia.udd.cl\/certificacion-psicologia\/","og_locale":"es_ES","og_type":"article","og_title":"Psicolog\u00eda UDD - 3er Proceso de Certificaci\u00f3n | Psicolog\u00eda UDD","og_description":"Encuentra toda la informaci\u00f3n relevante sobre las etapas del 3er Proceso de Certificaci\u00f3n de la carrera Psicolog\u00eda UDD presentado a Qualitas.","og_url":"https:\/\/psicologia.udd.cl\/certificacion-psicologia\/","og_site_name":"3er Proceso de Certificaci\u00f3n | Psicolog\u00eda UDD","article_modified_time":"2026-01-06T14:19:50+00:00","twitter_card":"summary_large_image","twitter_misc":{"Tiempo de lectura":"1 minuto"},"schema":{"@context":"https:\/\/schema.org","@graph":[{"@type":"WebPage","@id":"https:\/\/psicologia.udd.cl\/certificacion-psicologia\/","url":"https:\/\/psicologia.udd.cl\/certificacion-psicologia\/","name":"Psicolog\u00eda UDD - 3er Proceso de Certificaci\u00f3n | Psicolog\u00eda UDD","isPartOf":{"@id":"https:\/\/psicologia.udd.cl\/certificacion-psicologia\/#website"},"datePublished":"2023-03-29T15:30:41+00:00","dateModified":"2026-01-06T14:19:50+00:00","description":"Encuentra toda la informaci\u00f3n relevante sobre las etapas del 3er Proceso de Certificaci\u00f3n de la carrera Psicolog\u00eda UDD presentado a Qualitas.","breadcrumb":{"@id":"https:\/\/psicologia.udd.cl\/certificacion-psicologia\/#breadcrumb"},"inLanguage":"es","potentialAction":[{"@type":"ReadAction","target":["https:\/\/psicologia.udd.cl\/certificacion-psicologia\/"]}]},{"@type":"BreadcrumbList","@id":"https:\/\/psicologia.udd.cl\/certificacion-psicologia\/#breadcrumb","itemListElement":[{"@type":"ListItem","position":1,"name":"Portada","item":"https:\/\/psicologia.udd.cl\/certificacion-psicologia\/"},{"@type":"ListItem","position":2,"name":"Psicolog\u00eda UDD"}]},{"@type":"WebSite","@id":"https:\/\/psicologia.udd.cl\/certificacion-psicologia\/#website","url":"https:\/\/psicologia.udd.cl\/certificacion-psicologia\/","name":"3er Proceso de Certificaci\u00f3n | Psicolog\u00eda UDD","description":"Facultad de Psicolog\u00eda | Universidad del Desarrollo","inLanguage":"es"}]}},"_links":{"self":[{"href":"https:\/\/psicologia.udd.cl\/certificacion-psicologia\/wp-json\/wp\/v2\/pages\/24","targetHints":{"allow":["GET"]}}],"collection":[{"href":"https:\/\/psicologia.udd.cl\/certificacion-psicologia\/wp-json\/wp\/v2\/pages"}],"about":[{"href":"https:\/\/psicologia.udd.cl\/certificacion-psicologia\/wp-json\/wp\/v2\/types\/page"}],"author":[{"embeddable":true,"href":"https:\/\/psicologia.udd.cl\/certificacion-psicologia\/wp-json\/wp\/v2\/users\/9192205"}],"replies":[{"embeddable":true,"href":"https:\/\/psicologia.udd.cl\/certificacion-psicologia\/wp-json\/wp\/v2\/comments?post=24"}],"version-history":[{"count":8,"href":"https:\/\/psicologia.udd.cl\/certificacion-psicologia\/wp-json\/wp\/v2\/pages\/24\/revisions"}],"predecessor-version":[{"id":195,"href":"https:\/\/psicologia.udd.cl\/certificacion-psicologia\/wp-json\/wp\/v2\/pages\/24\/revisions\/195"}],"wp:attachment":[{"href":"https:\/\/psicologia.udd.cl\/certificacion-psicologia\/wp-json\/wp\/v2\/media?parent=24"}],"curies":[{"name":"wp","href":"https:\/\/api.w.org\/{rel}","templated":true}]}}