{"id":651,"date":"2021-08-31T16:37:04","date_gmt":"2021-08-31T16:37:04","guid":{"rendered":"http:\/\/psicologia.udd.cl\/cebcs\/?post_type=person&#038;p=651"},"modified":"2021-08-31T16:38:30","modified_gmt":"2021-08-31T16:38:30","slug":"fracisca-cuevas-cardenas","status":"publish","type":"person","link":"https:\/\/psicologia.udd.cl\/cebcs\/persona\/fracisca-cuevas-cardenas\/","featured_media":652,"template":"","people_tax":[32297],"people_areas":[],"people_levels":[],"class_list":["post-651","person","type-person","status-publish","has-post-thumbnail","hentry","people_tax-estudiantes-de-doctorado"],"label":"Francisca  Cuevas C\u00e1rdenas","title":{"rendered":"Francisca  Cuevas C\u00e1rdenas"},"role":"Doctorante","thumbnail_url":"https:\/\/psicologia.udd.cl\/cebcs\/files\/2021\/08\/WhatsApp-Image-2021-08-31-at-12.14.20-500x500.jpeg","email":"","tel_job":"","content":{"rendered":"<div class=\"person-modal person-modal--scl\">\n\t<header class=\"person-modal__header\">\n\t\t<div class=\"person-modal__bg\"><\/div>\n\t\t<div class=\"modal-container\">\n\t\t\t\t\t\t<div class=\"person-modal__media\">\n\t\t\t\t<img width=\"500\" height=\"500\" src=\"https:\/\/psicologia.udd.cl\/cebcs\/files\/2021\/08\/WhatsApp-Image-2021-08-31-at-12.14.20-62x62.jpeg\" class=\"person-modal__image wp-post-image lazyload\" alt=\"\" decoding=\"async\" loading=\"lazy\" sizes=\"auto, (max-width: 500px) 100vw, 500px\" data-src=\"https:\/\/psicologia.udd.cl\/cebcs\/files\/2021\/08\/WhatsApp-Image-2021-08-31-at-12.14.20-500x500.jpeg\" data-srcset=\"https:\/\/psicologia.udd.cl\/cebcs\/files\/2021\/08\/WhatsApp-Image-2021-08-31-at-12.14.20-500x500.jpeg 500w, https:\/\/psicologia.udd.cl\/cebcs\/files\/2021\/08\/WhatsApp-Image-2021-08-31-at-12.14.20-150x150.jpeg 150w, https:\/\/psicologia.udd.cl\/cebcs\/files\/2021\/08\/WhatsApp-Image-2021-08-31-at-12.14.20-62x62.jpeg 62w, https:\/\/psicologia.udd.cl\/cebcs\/files\/2021\/08\/WhatsApp-Image-2021-08-31-at-12.14.20-250x250.jpeg 250w, https:\/\/psicologia.udd.cl\/cebcs\/files\/2021\/08\/WhatsApp-Image-2021-08-31-at-12.14.20-126x126.jpeg 126w\" \/>\t\t\t<\/div>\n\t\t\t\t\t\t<div class=\"person-modal__data\">\n\t\t\t\t<h1 class=\"person-modal__name\">Francisca  Cuevas C\u00e1rdenas<\/h1>\n\t\t\t\t\t\t\t<span class=\"person-modal__description\">Doctorante<\/span>\n\t\t\t\t\t\t\t\t\t\t\t\t\t\t\t<\/div>\n\t\t<\/div>\n\t<\/header>\n\t<div class=\"modal-container\">\n\t\t\t<div class=\"person-modal__content text\">\n\t\t\t\t\t<p>Estudiante de Doctorado en Ciencias del Desarrollo y Psicopatolog\u00eda, Universidad del Desarrollo<\/p>\n\t\t\t\t\t\t\t<ul>\n\t\t\t\t\t\t\t<li>Mag\u00edster Psicolog\u00eda Educacional, Pontificia Universidad Cat\u00f3lica de Chile Diplomada en Psicoterapia Infanto-Juvenil, Pontificia Universidad Cat\u00f3lica de Chile.<\/li>\n\t\t\t\t\t\t\t<li>Diplomada en Terapia Asistida con Animales, Universidad Mayor Psic\u00f3loga, Universidad Diego Portales<\/li>\n\t\t\t\t\t\t<\/ul>\n\t\t\t\t\t\t\t\t<p>L\u00edneas de investigaci\u00f3n:<\/p>\n<p>Proyecto de Tesis Doctoral: \u201cEfectos de la presencia de un animal en el estr\u00e9s y el desarrollo de competencias socioemocionales en adolescentes chilenos\u201d<\/p>\n<p>L\u00edneas de inter\u00e9s: 1) Relaci\u00f3n humano-animal, 2)Intervenciones asistidas con animales, 3) Desarrollo socioemocional y autorregulaci\u00f3n, 4) Clima y convivencia escolar 5) Bienestar psicol\u00f3gico y subjetivo .<\/p>\n<p>Docencia:<\/p>\n<p>Curso Aprendizaje y Desarrollo en la Adolescencia, Universidad Diego Portales<\/p>\n<p>Investigaciones en curso:<\/p>\n<p>\u201c\u00bfC\u00f3mo es la relaci\u00f3n humano-animal en tiempos de pandemia? Participaci\u00f3n como investigadora responsable.<\/p>\n<p>Investigaciones:<\/p>\n<p>Fondecyt Iniciaci\u00f3n 2017. Conicyt N\u00b011170746. \u201cFondecyt Iniciaci\u00f3n N\u00b0 11180556. Relaci\u00f3n bidireccional entre auto-regulaci\u00f3n y sincron\u00eda di\u00e1dica. Participaci\u00f3n como ayudante de investigaci\u00f3n. 2020-2021<\/p>\n\t\t<\/div>\n\t<\/div>\n<\/div>\n"},"identifier":"c645a8ac625557cad432b3ffe0186226a41930e5","has_credential":["Mag\u00edster Psicolog\u00eda Educacional, Pontificia Universidad Cat\u00f3lica de Chile Diplomada en Psicoterapia Infanto-Juvenil, Pontificia Universidad Cat\u00f3lica de Chile.","Diplomada en Terapia Asistida con Animales, Universidad Mayor Psic\u00f3loga, Universidad Diego Portales"],"given_name":"Francisca ","family_name":"Cuevas C\u00e1rdenas","name":"Francisca  Cuevas C\u00e1rdenas","job_title":"Doctorante","telephone":"","note":"Estudiante de Doctorado en Ciencias del Desarrollo y Psicopatolog\u00eda, Universidad del Desarrollo","im":"","_self_schedule":null,"_links":{"self":[{"href":"https:\/\/psicologia.udd.cl\/cebcs\/wp-json\/wp\/v2\/people\/651","targetHints":{"allow":["GET"]}}],"collection":[{"href":"https:\/\/psicologia.udd.cl\/cebcs\/wp-json\/wp\/v2\/people"}],"about":[{"href":"https:\/\/psicologia.udd.cl\/cebcs\/wp-json\/wp\/v2\/types\/person"}],"wp:featuredmedia":[{"embeddable":true,"href":"https:\/\/psicologia.udd.cl\/cebcs\/wp-json\/wp\/v2\/media\/652"}],"wp:attachment":[{"href":"https:\/\/psicologia.udd.cl\/cebcs\/wp-json\/wp\/v2\/media?parent=651"}],"wp:term":[{"taxonomy":"people_tax","embeddable":true,"href":"https:\/\/psicologia.udd.cl\/cebcs\/wp-json\/wp\/v2\/people_tax?post=651"},{"taxonomy":"people_areas","embeddable":true,"href":"https:\/\/psicologia.udd.cl\/cebcs\/wp-json\/wp\/v2\/people_areas?post=651"},{"taxonomy":"people_levels","embeddable":true,"href":"https:\/\/psicologia.udd.cl\/cebcs\/wp-json\/wp\/v2\/people_levels?post=651"}],"curies":[{"name":"wp","href":"https:\/\/api.w.org\/{rel}","templated":true}]}}

Francisca  Cuevas Cárdenas

<div class="person-modal person-modal--scl">
	<header class="person-modal__header">
		<div class="person-modal__bg"></div>
		<div class="modal-container">
						<div class="person-modal__media">
				<img width="500" height="500" src="https://psicologia.udd.cl/cebcs/files/2021/08/WhatsApp-Image-2021-08-31-at-12.14.20-62x62.jpeg" class="person-modal__image wp-post-image lazyload" alt="" decoding="async" loading="lazy" sizes="auto, (max-width: 500px) 100vw, 500px" data-src="https://psicologia.udd.cl/cebcs/files/2021/08/WhatsApp-Image-2021-08-31-at-12.14.20-500x500.jpeg" data-srcset="https://psicologia.udd.cl/cebcs/files/2021/08/WhatsApp-Image-2021-08-31-at-12.14.20-500x500.jpeg 500w, https://psicologia.udd.cl/cebcs/files/2021/08/WhatsApp-Image-2021-08-31-at-12.14.20-150x150.jpeg 150w, https://psicologia.udd.cl/cebcs/files/2021/08/WhatsApp-Image-2021-08-31-at-12.14.20-62x62.jpeg 62w, https://psicologia.udd.cl/cebcs/files/2021/08/WhatsApp-Image-2021-08-31-at-12.14.20-250x250.jpeg 250w, https://psicologia.udd.cl/cebcs/files/2021/08/WhatsApp-Image-2021-08-31-at-12.14.20-126x126.jpeg 126w" />			</div>
						<div class="person-modal__data">
				<h1 class="person-modal__name">Francisca  Cuevas Cárdenas</h1>
							<span class="person-modal__description">Doctorante</span>
															</div>
		</div>
	</header>
	<div class="modal-container">
			<div class="person-modal__content text">
					<p>Estudiante de Doctorado en Ciencias del Desarrollo y Psicopatología, Universidad del Desarrollo</p>
							<ul>
							<li>Magíster Psicología Educacional, Pontificia Universidad Católica de Chile Diplomada en Psicoterapia Infanto-Juvenil, Pontificia Universidad Católica de Chile.</li>
							<li>Diplomada en Terapia Asistida con Animales, Universidad Mayor Psicóloga, Universidad Diego Portales</li>
						</ul>
								<p>Líneas de investigación:</p>
<p>Proyecto de Tesis Doctoral: “Efectos de la presencia de un animal en el estrés y el desarrollo de competencias socioemocionales en adolescentes chilenos”</p>
<p>Líneas de interés: 1) Relación humano-animal, 2)Intervenciones asistidas con animales, 3) Desarrollo socioemocional y autorregulación, 4) Clima y convivencia escolar 5) Bienestar psicológico y subjetivo .</p>
<p>Docencia:</p>
<p>Curso Aprendizaje y Desarrollo en la Adolescencia, Universidad Diego Portales</p>
<p>Investigaciones en curso:</p>
<p>“¿Cómo es la relación humano-animal en tiempos de pandemia? Participación como investigadora responsable.</p>
<p>Investigaciones:</p>
<p>Fondecyt Iniciación 2017. Conicyt N°11170746. “Fondecyt Iniciación N° 11180556. Relación bidireccional entre auto-regulación y sincronía diádica. Participación como ayudante de investigación. 2020-2021</p>
		</div>
	</div>
</div>

Magíster Psicología Educacional, Pontificia Universidad Católica de Chile Diplomada en Psicoterapia Infanto-Juvenil, Pontificia Universidad Católica de Chile.

Diplomada en Terapia Asistida con Animales, Universidad Mayor Psicóloga, Universidad Diego Portales

Cuevas Cárdenas

Estudiante de Doctorado en Ciencias del Desarrollo y Psicopatología, Universidad del Desarrollo
