{"id":109,"date":"2016-12-23T14:15:07","date_gmt":"2016-12-23T14:15:07","guid":{"rendered":"http:\/\/psicologia.udd.cl\/cebcs\/?post_type=person&#038;p=109"},"modified":"2020-09-25T19:15:58","modified_gmt":"2020-09-25T19:15:58","slug":"mariavictoria-benavente-delgado","status":"publish","type":"person","link":"https:\/\/psicologia.udd.cl\/cebcs\/persona\/mariavictoria-benavente-delgado\/","featured_media":240,"template":"","people_tax":[32296],"people_areas":[],"people_levels":[],"class_list":["post-109","person","type-person","status-publish","has-post-thumbnail","hentry","people_tax-investigador-asociado","people_list-investigadores"],"label":"Mariavictoria Benavente Delgado","title":{"rendered":"Mariavictoria Benavente Delgado"},"role":"Investigador asociada","thumbnail_url":"https:\/\/psicologia.udd.cl\/cebcs\/files\/2016\/12\/Mar\u00eda-Victoria-Benavente-250x250.png","email":"mbenavented@udd.cl","tel_job":"","content":{"rendered":"<div class=\"person-modal person-modal--scl\">\n\t<header class=\"person-modal__header\">\n\t\t<div class=\"person-modal__bg\"><\/div>\n\t\t<div class=\"modal-container\">\n\t\t\t\t\t\t<div class=\"person-modal__media\">\n\t\t\t\t<img width=\"250\" height=\"250\" src=\"https:\/\/psicologia.udd.cl\/cebcs\/files\/2016\/12\/Mar\u00eda-Victoria-Benavente-250x250-62x62.png\" class=\"person-modal__image wp-post-image lazyload\" alt=\"\" decoding=\"async\" loading=\"lazy\" sizes=\"auto, (max-width: 250px) 100vw, 250px\" data-src=\"https:\/\/psicologia.udd.cl\/cebcs\/files\/2016\/12\/Mar\u00eda-Victoria-Benavente-250x250.png\" data-srcset=\"https:\/\/psicologia.udd.cl\/cebcs\/files\/2016\/12\/Mar\u00eda-Victoria-Benavente-250x250.png 250w, https:\/\/psicologia.udd.cl\/cebcs\/files\/2016\/12\/Mar\u00eda-Victoria-Benavente-250x250-150x150.png 150w, https:\/\/psicologia.udd.cl\/cebcs\/files\/2016\/12\/Mar\u00eda-Victoria-Benavente-250x250-62x62.png 62w, https:\/\/psicologia.udd.cl\/cebcs\/files\/2016\/12\/Mar\u00eda-Victoria-Benavente-250x250-126x126.png 126w\" \/>\t\t\t<\/div>\n\t\t\t\t\t\t<div class=\"person-modal__data\">\n\t\t\t\t<h1 class=\"person-modal__name\">Mariavictoria Benavente Delgado<\/h1>\n\t\t\t\t\t\t\t<span class=\"person-modal__description\">Investigador asociada<\/span>\n\t\t\t\t\t\t\t\t\t\t\t\t\t<a href=\"mailto:m&#098;&#101;na&#118;en&#116;ed&#064;udd.c&#108;\" class=\"person-modal__email\">m&#98;e&#110;av&#101;n&#116;&#101;d&#64;&#117;&#100;d.&#99;&#108;<\/a>\n\t\t\t\t\t\t\t\t\t<\/div>\n\t\t<\/div>\n\t<\/header>\n\t<div class=\"modal-container\">\n\t\t\t<div class=\"person-modal__content text\">\n\t\t\t\t\t\t\t<ul>\n\t\t\t\t\t\t\t<li>Doctor en Salud Mental, Universidad de Concepci\u00f3n<\/li>\n\t\t\t\t\t\t\t<li>Mag\u00edster en Psicolog\u00eda de la Adolescencia, Universidad del Desarrollo<\/li>\n\t\t\t\t\t\t\t<li>Psic\u00f3loga, Universidad del Desarrollo<\/li>\n\t\t\t\t\t\t<\/ul>\n\t\t\t\t\t\t\t\t<p>&nbsp;<\/p>\n<p class=\"MsoNormal\"><strong>ORCID:<\/strong>\u00a0orcid.org\/0000-0002-0726-0097<\/p>\n<p class=\"MsoNormal\"><strong>Docencia:<br \/>\n<\/strong><br \/>\nPsicolog\u00eda Evolutiva en la Primera Infancia<br \/>\nPsicolog\u00eda Evolutiva en la edad Escolar y Adolescencia<br \/>\nDiagn\u00f3stico en la Infancia y la Adolescencia<\/p>\n<p class=\"MsoNormal\"><b>L\u00edneas de investigaci\u00f3n:<\/b><\/p>\n<p class=\"MsoNormal\">Bienestar Subjetivo en la Infancia y la Adolescencia; Contribuci\u00f3n de la vida escolar al Bienestar en la Infancia y la Adolescencia.<\/p>\n<p>&nbsp;<\/p>\n<p class=\"MsoNormal\"><b>Investigaciones en curso:<\/b><\/p>\n<p class=\"MsoNormal\">Fondecyt Regular 1180607 \u201cEstudio longitudinal de factores individuales y escolares predictores de la trayectoria del Bienestar Subjetivo durante la Adolescencia\u201dpersonal t\u00e9cnico de apoyo, 2018-2019.<\/p>\n<p class=\"MsoNormal\">Proyecto Interfacultades<span>\u00a0 <\/span>de la Universidad del Desarrollo \u201cEstudio Nacional sobre Bienestar Infantil, International Survey on Children\u2019s Well- Being (ISCWeB III- Chile)\u201d participaci\u00f3n como co-investigadora, 2018.<\/p>\n<p class=\"MsoNormal\"><b>Investigaciones y publicaciones<\/b><\/p>\n<ul>\n<li class=\"MsoNormal\">Fondo Interno Universidad del Desarrollo (Fondo n\u00ba 20151019132324046303) \u201cEfectos de la Escuela en el Bienestar Subjetivo Adolescente\u201d participaci\u00f3n como Investigadora Responsable del proyecto, 2015.<\/li>\n<li class=\"MsoNormal\">\u201cEstudio de elaboraci\u00f3n de material educativo de promoci\u00f3n de salud mental y bienestar socioemocional en ni\u00f1os y ni\u00f1as de primera infancia, dirigido a poblaci\u00f3n infantil y adulta\u201d, del Programa Chile Crece Contigo del Ministerio de Desarrollo Social, Gobierno de Chile. Participaci\u00f3n como coautora, 2017.<\/li>\n<li class=\"MsoNormal\">Alfaro, J., Guzm\u00e1n, J., Sirlop\u00fa, D., Oyarz\u00fan, D. Reyes, F., <b>Benavente, M.<\/b>, Varela, J. y Fern\u00e1ndez de Rota J. (2016). Sense of community mediates the relationship between social and community variables on adolescent life satisfaction. In Tonon, G. (Ed). Quality of Life in Communities of Latin Countries. Springer DOI: 10.1007\/978-3-319-53183-0<\/li>\n<li class=\"MsoNormal\">Guzm\u00e1n, J., Varela, J., <b>Benavente, M.<\/b> y Sirlop\u00fa, D. (2017). Sociodemographic Profile of Children\u2019s Well- Being in Chile. In Castell\u00e1 Sarriera, J. &amp; Bedin, L. (Ed). Psychosocial Well-being of Children and Adolescents. Springer DOI: 10.1007\/978-3-319-55601-7<\/li>\n<li class=\"MsoNormal\"><b>Benavente, M.<\/b>, Cova, F., P\u00e9rez- Salas, C., Varela, J., Alfaro, J. y Chuecas, J. (2018). Propiedades psicom\u00e9tricas de la Escala Breve de Bienestar Subjetivo en la Escuela para Adolescentes (BASWBSS) en una muestra de adolescentes chilenos. Revista Iberoamericana de Diagn\u00f3stico y Evaluaci\u00f3n Psicol\u00f3gica (RIDEP). Doi. 10.21865\/RIDEP48.3.05<\/li>\n<li class=\"MsoNormal\"><b>Benavente, M.<\/b>, Alfaro, J. y Varela, J. (2018). Propiedades psicom\u00e9tricas de la Escala de Satisfacci\u00f3n con la Vida de los Estudiantes (SLSS) de Huebner en una muestra de adolescentes chilenos. Aceptado en Revista Iberoamericana de Diagn\u00f3stico y Evaluaci\u00f3n Psicol\u00f3gica (RIDEP). Doi. 10.21865\/RIDEP50.1.05<\/li>\n<\/ul>\n<p class=\"MsoNormal\"><b>Distinciones:<br \/>\n<\/b><span>&#8211; Premio Universidad del Desarrollo, mejor alumna generaci\u00f3n 1998.<br \/>\n<\/span><span lang=\"ES-TRAD\">&#8211; Primer lugar Mag\u00edster en Psicolog\u00eda Cl\u00ednica de la Adolescencia.<br \/>\n<\/span><span lang=\"ES-TRAD\">&#8211; Obtenci\u00f3n Beca Doctorados Nacionales, Conicyt.<br \/>\n<\/span><span lang=\"ES-TRAD\">&#8211; Premio a la mejor tesis doctoral Universidad de Concepci\u00f3n con el trabajo \u201cEfecto de la Escuela en el Bienestar Subjetivo Adolescente\u201d en el grupo Humanidades, Ciencias Sociales y Salud.<br \/>\n<\/span><span lang=\"ES-TRAD\">&#8211; Premio a docente de excelencia 2018, Universidad del Desarrollo.<\/span><\/p>\n<p>&nbsp;<\/p>\n\t\t<\/div>\n\t<\/div>\n<\/div>\n"},"identifier":"b745b962f0ad035d2e477a2d0ddef0bc0a3dae5a","has_credential":["Doctor en Salud Mental, Universidad de Concepci\u00f3n","Mag\u00edster en Psicolog\u00eda de la Adolescencia, Universidad del Desarrollo","Psic\u00f3loga, Universidad del Desarrollo"],"given_name":"Mariavictoria","family_name":"Benavente Delgado","name":"Mariavictoria Benavente Delgado","job_title":"Investigador asociada","telephone":"","note":"","im":"","_self_schedule":null,"_links":{"self":[{"href":"https:\/\/psicologia.udd.cl\/cebcs\/wp-json\/wp\/v2\/people\/109","targetHints":{"allow":["GET"]}}],"collection":[{"href":"https:\/\/psicologia.udd.cl\/cebcs\/wp-json\/wp\/v2\/people"}],"about":[{"href":"https:\/\/psicologia.udd.cl\/cebcs\/wp-json\/wp\/v2\/types\/person"}],"wp:featuredmedia":[{"embeddable":true,"href":"https:\/\/psicologia.udd.cl\/cebcs\/wp-json\/wp\/v2\/media\/240"}],"wp:attachment":[{"href":"https:\/\/psicologia.udd.cl\/cebcs\/wp-json\/wp\/v2\/media?parent=109"}],"wp:term":[{"taxonomy":"people_tax","embeddable":true,"href":"https:\/\/psicologia.udd.cl\/cebcs\/wp-json\/wp\/v2\/people_tax?post=109"},{"taxonomy":"people_areas","embeddable":true,"href":"https:\/\/psicologia.udd.cl\/cebcs\/wp-json\/wp\/v2\/people_areas?post=109"},{"taxonomy":"people_levels","embeddable":true,"href":"https:\/\/psicologia.udd.cl\/cebcs\/wp-json\/wp\/v2\/people_levels?post=109"}],"curies":[{"name":"wp","href":"https:\/\/api.w.org\/{rel}","templated":true}]}}

https://psicologia.udd.cl/cebcs/files/2016/12/María-Victoria-Benavente-250x250.png

<div class="person-modal person-modal--scl">
	<header class="person-modal__header">
		<div class="person-modal__bg"></div>
		<div class="modal-container">
						<div class="person-modal__media">
				<img width="250" height="250" src="https://psicologia.udd.cl/cebcs/files/2016/12/María-Victoria-Benavente-250x250-62x62.png" class="person-modal__image wp-post-image lazyload" alt="" decoding="async" loading="lazy" sizes="auto, (max-width: 250px) 100vw, 250px" data-src="https://psicologia.udd.cl/cebcs/files/2016/12/María-Victoria-Benavente-250x250.png" data-srcset="https://psicologia.udd.cl/cebcs/files/2016/12/María-Victoria-Benavente-250x250.png 250w, https://psicologia.udd.cl/cebcs/files/2016/12/María-Victoria-Benavente-250x250-150x150.png 150w, https://psicologia.udd.cl/cebcs/files/2016/12/María-Victoria-Benavente-250x250-62x62.png 62w, https://psicologia.udd.cl/cebcs/files/2016/12/María-Victoria-Benavente-250x250-126x126.png 126w" />			</div>
						<div class="person-modal__data">
				<h1 class="person-modal__name">Mariavictoria Benavente Delgado</h1>
							<span class="person-modal__description">Investigador asociada</span>
													<a href="mailto:m&#098;&#101;na&#118;en&#116;ed&#064;udd.c&#108;" class="person-modal__email">m&#98;e&#110;av&#101;n&#116;&#101;d&#64;&#117;&#100;d.&#99;&#108;</a>
									</div>
		</div>
	</header>
	<div class="modal-container">
			<div class="person-modal__content text">
							<ul>
							<li>Doctor en Salud Mental, Universidad de Concepción</li>
							<li>Magíster en Psicología de la Adolescencia, Universidad del Desarrollo</li>
							<li>Psicóloga, Universidad del Desarrollo</li>
						</ul>
								<p>&nbsp;</p>
<p class="MsoNormal"><strong>ORCID:</strong> orcid.org/0000-0002-0726-0097</p>
<p class="MsoNormal"><strong>Docencia:<br />
</strong><br />
Psicología Evolutiva en la Primera Infancia<br />
Psicología Evolutiva en la edad Escolar y Adolescencia<br />
Diagnóstico en la Infancia y la Adolescencia</p>
<p class="MsoNormal"><b>Líneas de investigación:</b></p>
<p class="MsoNormal">Bienestar Subjetivo en la Infancia y la Adolescencia; Contribución de la vida escolar al Bienestar en la Infancia y la Adolescencia.</p>
<p>&nbsp;</p>
<p class="MsoNormal"><b>Investigaciones en curso:</b></p>
<p class="MsoNormal">Fondecyt Regular 1180607 “Estudio longitudinal de factores individuales y escolares predictores de la trayectoria del Bienestar Subjetivo durante la Adolescencia”personal técnico de apoyo, 2018-2019.</p>
<p class="MsoNormal">Proyecto Interfacultades<span>  </span>de la Universidad del Desarrollo “Estudio Nacional sobre Bienestar Infantil, International Survey on Children’s Well- Being (ISCWeB III- Chile)” participación como co-investigadora, 2018.</p>
<p class="MsoNormal"><b>Investigaciones y publicaciones</b></p>
<ul>
<li class="MsoNormal">Fondo Interno Universidad del Desarrollo (Fondo nº 20151019132324046303) “Efectos de la Escuela en el Bienestar Subjetivo Adolescente” participación como Investigadora Responsable del proyecto, 2015.</li>
<li class="MsoNormal">“Estudio de elaboración de material educativo de promoción de salud mental y bienestar socioemocional en niños y niñas de primera infancia, dirigido a población infantil y adulta”, del Programa Chile Crece Contigo del Ministerio de Desarrollo Social, Gobierno de Chile. Participación como coautora, 2017.</li>
<li class="MsoNormal">Alfaro, J., Guzmán, J., Sirlopú, D., Oyarzún, D. Reyes, F., <b>Benavente, M.</b>, Varela, J. y Fernández de Rota J. (2016). Sense of community mediates the relationship between social and community variables on adolescent life satisfaction. In Tonon, G. (Ed). Quality of Life in Communities of Latin Countries. Springer DOI: 10.1007/978-3-319-53183-0</li>
<li class="MsoNormal">Guzmán, J., Varela, J., <b>Benavente, M.</b> y Sirlopú, D. (2017). Sociodemographic Profile of Children’s Well- Being in Chile. In Castellá Sarriera, J. &amp; Bedin, L. (Ed). Psychosocial Well-being of Children and Adolescents. Springer DOI: 10.1007/978-3-319-55601-7</li>
<li class="MsoNormal"><b>Benavente, M.</b>, Cova, F., Pérez- Salas, C., Varela, J., Alfaro, J. y Chuecas, J. (2018). Propiedades psicométricas de la Escala Breve de Bienestar Subjetivo en la Escuela para Adolescentes (BASWBSS) en una muestra de adolescentes chilenos. Revista Iberoamericana de Diagnóstico y Evaluación Psicológica (RIDEP). Doi. 10.21865/RIDEP48.3.05</li>
<li class="MsoNormal"><b>Benavente, M.</b>, Alfaro, J. y Varela, J. (2018). Propiedades psicométricas de la Escala de Satisfacción con la Vida de los Estudiantes (SLSS) de Huebner en una muestra de adolescentes chilenos. Aceptado en Revista Iberoamericana de Diagnóstico y Evaluación Psicológica (RIDEP). Doi. 10.21865/RIDEP50.1.05</li>
</ul>
<p class="MsoNormal"><b>Distinciones:<br />
</b><span>&#8211; Premio Universidad del Desarrollo, mejor alumna generación 1998.<br />
</span><span lang="ES-TRAD">&#8211; Primer lugar Magíster en Psicología Clínica de la Adolescencia.<br />
</span><span lang="ES-TRAD">&#8211; Obtención Beca Doctorados Nacionales, Conicyt.<br />
</span><span lang="ES-TRAD">&#8211; Premio a la mejor tesis doctoral Universidad de Concepción con el trabajo “Efecto de la Escuela en el Bienestar Subjetivo Adolescente” en el grupo Humanidades, Ciencias Sociales y Salud.<br />
</span><span lang="ES-TRAD">&#8211; Premio a docente de excelencia 2018, Universidad del Desarrollo.</span></p>
<p>&nbsp;</p>
		</div>
	</div>
</div>

Doctor en Salud Mental, Universidad de Concepción

Magíster en Psicología de la Adolescencia, Universidad del Desarrollo

Psicóloga, Universidad del Desarrollo
