{"id":463,"date":"2020-09-28T13:50:42","date_gmt":"2020-09-28T13:50:42","guid":{"rendered":"http:\/\/psicologia.udd.cl\/cebcs\/?page_id=463"},"modified":"2020-10-05T15:04:24","modified_gmt":"2020-10-05T15:04:24","slug":"noticias-cebcs-2","status":"publish","type":"page","link":"https:\/\/psicologia.udd.cl\/cebcs\/noticias-cebcs-2\/","title":{"rendered":"Resultados estudios"},"content":{"rendered":"<!-- WP Block: UDD - Fullwidth Cards -->\n<section class=\"wp-block-udd-fullwidth-cards is-style-clear\">\n\t<div class=\"container\">\n\t\t<header class=\"block__header\">\n\t\t\t<h2 class=\"block__title\">Estudios<\/h2>\n\t\t\t\t\t\t<a href=\"https:\/\/psicologia.udd.cl\/cebcs\/category\/resultados-estudios\/\" class=\"block__view-more\">\n\t\t\t\tVer m\u00e1s noticias\t\t\t<\/a>\n\t\t\t\t\t<\/header>\n\t\t<div class=\"block__content\">\n\t\t\t<div class=\"fullwidth-cards\">\n\t\t\t<div class=\"fullwidth-card-wrapper is-style-clear\">\n\t<a href=\"https:\/\/psicologia.udd.cl\/cebcs\/2021\/12\/03\/diario-el-mercurio-radio-cooperativa-y-diversos-medios-nacionales-destacan-los-resultados-del-estudio-cebcs-efectos-de-la-cuarentena-covid-19-en-el-bienestar-adolescente-liderado-por-el-dr-jai\/\" class=\"fullwidth-card fullwidth-card--linkable\">\n\t\t\t\t<img loading=\"lazy\" decoding=\"async\" width=\"500\" height=\"500\" src=\"https:\/\/psicologia.udd.cl\/cebcs\/files\/2021\/12\/Covid-19-UDD-1-62x62.jpeg\" class=\"fullwidth-card__image wp-post-image lazyload\" alt=\"\" sizes=\"auto, (max-width: 500px) 100vw, 500px\" data-src=\"https:\/\/psicologia.udd.cl\/cebcs\/files\/2021\/12\/Covid-19-UDD-1-500x500.jpeg\" data-srcset=\"https:\/\/psicologia.udd.cl\/cebcs\/files\/2021\/12\/Covid-19-UDD-1-500x500.jpeg 500w, https:\/\/psicologia.udd.cl\/cebcs\/files\/2021\/12\/Covid-19-UDD-1-150x150.jpeg 150w, https:\/\/psicologia.udd.cl\/cebcs\/files\/2021\/12\/Covid-19-UDD-1-62x62.jpeg 62w, https:\/\/psicologia.udd.cl\/cebcs\/files\/2021\/12\/Covid-19-UDD-1-750x750.jpeg 750w, https:\/\/psicologia.udd.cl\/cebcs\/files\/2021\/12\/Covid-19-UDD-1-250x250.jpeg 250w, https:\/\/psicologia.udd.cl\/cebcs\/files\/2021\/12\/Covid-19-UDD-1-126x126.jpeg 126w\" \/>\t\t\t\t<div class=\"fullwidth-card__content\">\n\t\t\t<span class=\"fullwidth-card__date\">\n\t\t\t\t3 de diciembre 2021\t\t\t<\/span>\n\t\t\t<h3 class=\"fullwidth-card__title\">Diario el Mercurio, Radio Cooperativa y diversos medios nacionales destacan los resultados del estudio CEBCS: \u00abEfectos de la Cuarentena Covid-19 en el Bienestar Adolescente\u00bb, liderado por el Dr. Jaime Alfaro<\/h3>\n\t\t\t<span class=\"fullwidth-card__link\">\n\t\t\t\tConocer m\u00e1s\t\t\t<\/span>\n\t\t<\/div>\n\t<\/a>\n<\/div>\n<div class=\"fullwidth-card-wrapper is-style-clear\">\n\t<a href=\"https:\/\/psicologia.udd.cl\/cebcs\/2021\/11\/18\/descarga-informe-seminario-cuarentena-por-covid-19-y-bienestar-en-la-infancia-y-adolescencia\/\" class=\"fullwidth-card fullwidth-card--linkable\">\n\t\t\t\t<img loading=\"lazy\" decoding=\"async\" width=\"500\" height=\"500\" src=\"https:\/\/psicologia.udd.cl\/cebcs\/files\/2021\/11\/portada-62x62.png\" class=\"fullwidth-card__image wp-post-image lazyload\" alt=\"\" sizes=\"auto, (max-width: 500px) 100vw, 500px\" data-src=\"https:\/\/psicologia.udd.cl\/cebcs\/files\/2021\/11\/portada-500x500.png\" data-srcset=\"https:\/\/psicologia.udd.cl\/cebcs\/files\/2021\/11\/portada-500x500.png 500w, https:\/\/psicologia.udd.cl\/cebcs\/files\/2021\/11\/portada-150x150.png 150w, https:\/\/psicologia.udd.cl\/cebcs\/files\/2021\/11\/portada-62x62.png 62w, https:\/\/psicologia.udd.cl\/cebcs\/files\/2021\/11\/portada-750x750.png 750w, https:\/\/psicologia.udd.cl\/cebcs\/files\/2021\/11\/portada-250x250.png 250w, https:\/\/psicologia.udd.cl\/cebcs\/files\/2021\/11\/portada-126x126.png 126w\" \/>\t\t\t\t<div class=\"fullwidth-card__content\">\n\t\t\t<span class=\"fullwidth-card__date\">\n\t\t\t\t18 de noviembre 2021\t\t\t<\/span>\n\t\t\t<h3 class=\"fullwidth-card__title\">[Descarga Informe] Seminario: Cuarentena por COVID-19 y Bienestar en la Infancia y Adolescencia<\/h3>\n\t\t\t<span class=\"fullwidth-card__link\">\n\t\t\t\tConocer m\u00e1s\t\t\t<\/span>\n\t\t<\/div>\n\t<\/a>\n<\/div>\n<div class=\"fullwidth-card-wrapper is-style-clear\">\n\t<a href=\"https:\/\/psicologia.udd.cl\/cebcs\/2021\/11\/11\/invitacion-seminario-cuarentena-por-covid-19-y-bienestar-en-la-infancia-y-adolescencia\/\" class=\"fullwidth-card fullwidth-card--linkable\">\n\t\t\t\t<img loading=\"lazy\" decoding=\"async\" width=\"500\" height=\"500\" src=\"https:\/\/psicologia.udd.cl\/cebcs\/files\/2021\/11\/Formato-youtube-1-62x62.jpg\" class=\"fullwidth-card__image wp-post-image lazyload\" alt=\"\" sizes=\"auto, (max-width: 500px) 100vw, 500px\" data-src=\"https:\/\/psicologia.udd.cl\/cebcs\/files\/2021\/11\/Formato-youtube-1-500x500.jpg\" data-srcset=\"https:\/\/psicologia.udd.cl\/cebcs\/files\/2021\/11\/Formato-youtube-1-500x500.jpg 500w, https:\/\/psicologia.udd.cl\/cebcs\/files\/2021\/11\/Formato-youtube-1-150x150.jpg 150w, https:\/\/psicologia.udd.cl\/cebcs\/files\/2021\/11\/Formato-youtube-1-62x62.jpg 62w, https:\/\/psicologia.udd.cl\/cebcs\/files\/2021\/11\/Formato-youtube-1-750x750.jpg 750w, https:\/\/psicologia.udd.cl\/cebcs\/files\/2021\/11\/Formato-youtube-1-250x250.jpg 250w, https:\/\/psicologia.udd.cl\/cebcs\/files\/2021\/11\/Formato-youtube-1-126x126.jpg 126w\" \/>\t\t\t\t<div class=\"fullwidth-card__content\">\n\t\t\t<span class=\"fullwidth-card__date\">\n\t\t\t\t11 de noviembre 2021\t\t\t<\/span>\n\t\t\t<h3 class=\"fullwidth-card__title\">Invitaci\u00f3n Seminario: Cuarentena Por Covid-19 y Bienestar en la Infancia y Adolescencia<\/h3>\n\t\t\t<span class=\"fullwidth-card__link\">\n\t\t\t\tConocer m\u00e1s\t\t\t<\/span>\n\t\t<\/div>\n\t<\/a>\n<\/div>\n<div class=\"fullwidth-card-wrapper is-style-clear\">\n\t<a href=\"https:\/\/psicologia.udd.cl\/cebcs\/2021\/11\/03\/dr-jorge-varela-director-del-cebcs-participa-en-foro-internacional-anti-bullying\/\" class=\"fullwidth-card fullwidth-card--linkable\">\n\t\t\t\t<img loading=\"lazy\" decoding=\"async\" width=\"500\" height=\"500\" src=\"https:\/\/psicologia.udd.cl\/cebcs\/files\/2021\/11\/WhatsApp-Image-2021-11-03-at-10.53.27-AM-62x62.jpeg\" class=\"fullwidth-card__image wp-post-image lazyload\" alt=\"\" sizes=\"auto, (max-width: 500px) 100vw, 500px\" data-src=\"https:\/\/psicologia.udd.cl\/cebcs\/files\/2021\/11\/WhatsApp-Image-2021-11-03-at-10.53.27-AM-500x500.jpeg\" data-srcset=\"https:\/\/psicologia.udd.cl\/cebcs\/files\/2021\/11\/WhatsApp-Image-2021-11-03-at-10.53.27-AM-500x500.jpeg 500w, https:\/\/psicologia.udd.cl\/cebcs\/files\/2021\/11\/WhatsApp-Image-2021-11-03-at-10.53.27-AM-300x300.jpeg 300w, https:\/\/psicologia.udd.cl\/cebcs\/files\/2021\/11\/WhatsApp-Image-2021-11-03-at-10.53.27-AM-1024x1024.jpeg 1024w, https:\/\/psicologia.udd.cl\/cebcs\/files\/2021\/11\/WhatsApp-Image-2021-11-03-at-10.53.27-AM-150x150.jpeg 150w, https:\/\/psicologia.udd.cl\/cebcs\/files\/2021\/11\/WhatsApp-Image-2021-11-03-at-10.53.27-AM-768x768.jpeg 768w, https:\/\/psicologia.udd.cl\/cebcs\/files\/2021\/11\/WhatsApp-Image-2021-11-03-at-10.53.27-AM-62x62.jpeg 62w, https:\/\/psicologia.udd.cl\/cebcs\/files\/2021\/11\/WhatsApp-Image-2021-11-03-at-10.53.27-AM-750x750.jpeg 750w, https:\/\/psicologia.udd.cl\/cebcs\/files\/2021\/11\/WhatsApp-Image-2021-11-03-at-10.53.27-AM-250x250.jpeg 250w, https:\/\/psicologia.udd.cl\/cebcs\/files\/2021\/11\/WhatsApp-Image-2021-11-03-at-10.53.27-AM-126x126.jpeg 126w, https:\/\/psicologia.udd.cl\/cebcs\/files\/2021\/11\/WhatsApp-Image-2021-11-03-at-10.53.27-AM.jpeg 1080w\" \/>\t\t\t\t<div class=\"fullwidth-card__content\">\n\t\t\t<span class=\"fullwidth-card__date\">\n\t\t\t\t3 de noviembre 2021\t\t\t<\/span>\n\t\t\t<h3 class=\"fullwidth-card__title\">Dr. Jorge Varela, Director del CEBCS, participa en Foro internacional anti bullying<\/h3>\n\t\t\t<span class=\"fullwidth-card__link\">\n\t\t\t\tConocer m\u00e1s\t\t\t<\/span>\n\t\t<\/div>\n\t<\/a>\n<\/div>\n<div class=\"fullwidth-card-wrapper is-style-clear\">\n\t<a href=\"https:\/\/psicologia.udd.cl\/cebcs\/2020\/10\/05\/14-de-adolescentes-y-jovenes-de-la-region-metropolitana-reporta-ser-victima-de-ciberacoso-una-vez-a-la-semana-o-mas-2\/\" class=\"fullwidth-card fullwidth-card--linkable\">\n\t\t\t\t<img loading=\"lazy\" decoding=\"async\" width=\"435\" height=\"382\" src=\"https:\/\/psicologia.udd.cl\/cebcs\/files\/2020\/09\/Cyberbullyng-435x382-1-62x62.png\" class=\"fullwidth-card__image wp-post-image lazyload\" alt=\"\" sizes=\"auto, (max-width: 435px) 100vw, 435px\" data-src=\"https:\/\/psicologia.udd.cl\/cebcs\/files\/2020\/09\/Cyberbullyng-435x382-1.png\" data-srcset=\"https:\/\/psicologia.udd.cl\/cebcs\/files\/2020\/09\/Cyberbullyng-435x382-1.png 435w, https:\/\/psicologia.udd.cl\/cebcs\/files\/2020\/09\/Cyberbullyng-435x382-1-300x263.png 300w\" \/>\t\t\t\t<div class=\"fullwidth-card__content\">\n\t\t\t<span class=\"fullwidth-card__date\">\n\t\t\t\t5 de octubre 2020\t\t\t<\/span>\n\t\t\t<h3 class=\"fullwidth-card__title\">14% de adolescentes y j\u00f3venes de la Regi\u00f3n Metropolitana reporta ser v\u00edctima de ciberacoso una vez a la semana o m\u00e1s<\/h3>\n\t\t\t<span class=\"fullwidth-card__link\">\n\t\t\t\tConocer m\u00e1s\t\t\t<\/span>\n\t\t<\/div>\n\t<\/a>\n<\/div>\n\t\t\t<\/div>\n\t\t<\/div>\n\t<\/div>\n<\/section>\n","protected":false},"excerpt":{"rendered":"","protected":false},"author":36,"featured_media":0,"parent":0,"menu_order":0,"comment_status":"closed","ping_status":"closed","template":"","meta":{"footnotes":""},"class_list":["post-463","page","type-page","status-publish","hentry"],"_links":{"self":[{"href":"https:\/\/psicologia.udd.cl\/cebcs\/wp-json\/wp\/v2\/pages\/463","targetHints":{"allow":["GET"]}}],"collection":[{"href":"https:\/\/psicologia.udd.cl\/cebcs\/wp-json\/wp\/v2\/pages"}],"about":[{"href":"https:\/\/psicologia.udd.cl\/cebcs\/wp-json\/wp\/v2\/types\/page"}],"author":[{"embeddable":true,"href":"https:\/\/psicologia.udd.cl\/cebcs\/wp-json\/wp\/v2\/users\/36"}],"replies":[{"embeddable":true,"href":"https:\/\/psicologia.udd.cl\/cebcs\/wp-json\/wp\/v2\/comments?post=463"}],"version-history":[{"count":5,"href":"https:\/\/psicologia.udd.cl\/cebcs\/wp-json\/wp\/v2\/pages\/463\/revisions"}],"predecessor-version":[{"id":513,"href":"https:\/\/psicologia.udd.cl\/cebcs\/wp-json\/wp\/v2\/pages\/463\/revisions\/513"}],"wp:attachment":[{"href":"https:\/\/psicologia.udd.cl\/cebcs\/wp-json\/wp\/v2\/media?parent=463"}],"curies":[{"name":"wp","href":"https:\/\/api.w.org\/{rel}","templated":true}]}}