{"id":7,"date":"2010-03-31T19:28:55","date_gmt":"2010-03-31T22:28:55","guid":{"rendered":"http:\/\/psicologia.udd.cl\/ceein\/sobre-el-centro\/"},"modified":"2020-05-11T11:39:23","modified_gmt":"2020-05-11T15:39:23","slug":"sobre-el-centro","status":"publish","type":"page","link":"https:\/\/psicologia.udd.cl\/care\/sobre-el-centro\/","title":{"rendered":"Sobre el centro"},"content":{"rendered":"<section class=\"wp-block-udd-text-row\">\n\t<div class=\"text-row\">\n\t\t<div class=\"text-row__content\">\n\t\t\t<div class=\"text-row__content-inner text\">\n\t\t\t\t\t\t\t\t<h2>Historia y Misi\u00f3n<\/h2>\n\t\t\t\t\t\t\t\t\n<p>La fundaci\u00f3n del <strong>Centro de Apego y Regulaci\u00f3n Emocional<\/strong> (CARE; Octubre, 2014) se enmarca en la necesidad de trasladar la s\u00f3lida tradici\u00f3n en estudios de infancia de la <a rel=\"noreferrer noopener\" href=\"http:\/\/psicologia.udd.cl\" target=\"_blank\">Facultad de Psicolog\u00eda-UDD<\/a>  hacia una aproximaci\u00f3n que estableciera altos est\u00e1ndares en  investigaci\u00f3n en las ciencias del desarrollo. De un enfoque  fundamentalmente aplicado, se establecieron las condiciones para iniciar  un centro de excelencia organizado en torno a la investigaci\u00f3n como eje  principal. En este marco, el foco de inter\u00e9s se ha movilizado hacia  dominios m\u00e1s experimentales, con un \u00e9nfasis en ciencias cognitivas y  afectivas, as\u00ed como en ciencias del desarrollo en general.<\/p>\n\t\t\t<\/div>\n\t\t<\/div>\n\t\t<div class=\"text-row__media\">\n\t\t\t<img loading=\"lazy\" decoding=\"async\" width=\"801\" height=\"534\" src=\"https:\/\/psicologia.udd.cl\/care\/files\/2016\/08\/IMG_5095-800x450.jpg\" class=\"text-row__media-image lazyload\" alt=\"\" sizes=\"auto, (max-width: 801px) 100vw, 801px\" data-src=\"https:\/\/psicologia.udd.cl\/care\/files\/2016\/08\/IMG_5095.jpg\" data-srcset=\"https:\/\/psicologia.udd.cl\/care\/files\/2016\/08\/IMG_5095.jpg 4608w, https:\/\/psicologia.udd.cl\/care\/files\/2016\/08\/IMG_5095-300x200.jpg 300w, https:\/\/psicologia.udd.cl\/care\/files\/2016\/08\/IMG_5095-768x512.jpg 768w, https:\/\/psicologia.udd.cl\/care\/files\/2016\/08\/IMG_5095-1024x683.jpg 1024w, https:\/\/psicologia.udd.cl\/care\/files\/2016\/08\/IMG_5095-960x640.jpg 960w\" \/>\t\t<\/div>\n\t<\/div>\n<\/section>\n\n\n<section class=\"wp-block-udd-text-row block--content-align-right\">\n\t<div class=\"text-row\">\n\t\t<div class=\"text-row__content\">\n\t\t\t<div class=\"text-row__content-inner text\">\n\t\t\t\t\t\t\t\t\n<p>La aproximaci\u00f3n hacia los fen\u00f3menos que explican y modelan el comportamiento humano en el <strong>CARE<\/strong>  enfatizan su origen vincular\/social\/interpersonal, donde los procesos,  incluso m\u00e1s b\u00e1sicos, s\u00f3lo pueden ser comprendidos en consideraci\u00f3n de su  sentido evolutivo esencial: el car\u00e1cter interpersonal de la mente  humana.<\/p>\n\n<p>De este modo, el objeto de investigaci\u00f3n principal del<strong> CARE<\/strong>  es el estudio de la Mente-Interpersonal, el cual definimos formalmente  como \u201cel estudio cient\u00edfico de los mecanismos, factores y contextos que  intervienen en el proceso interpersonal, a trav\u00e9s del cual los seres  humanos dotan de sentido y significado a la realidad y a s\u00ed mismos\u201d  (Manifiesto Majadas, 2016).<\/p>\n\t\t\t<\/div>\n\t\t<\/div>\n\t\t<div class=\"text-row__media\">\n\t\t\t<img loading=\"lazy\" decoding=\"async\" width=\"801\" height=\"534\" src=\"https:\/\/psicologia.udd.cl\/care\/files\/2016\/10\/IMG_5736-800x450.jpg\" class=\"text-row__media-image lazyload\" alt=\"\" sizes=\"auto, (max-width: 801px) 100vw, 801px\" data-src=\"https:\/\/psicologia.udd.cl\/care\/files\/2016\/10\/IMG_5736.jpg\" data-srcset=\"https:\/\/psicologia.udd.cl\/care\/files\/2016\/10\/IMG_5736.jpg 4608w, https:\/\/psicologia.udd.cl\/care\/files\/2016\/10\/IMG_5736-300x200.jpg 300w, https:\/\/psicologia.udd.cl\/care\/files\/2016\/10\/IMG_5736-768x512.jpg 768w, https:\/\/psicologia.udd.cl\/care\/files\/2016\/10\/IMG_5736-1024x683.jpg 1024w, https:\/\/psicologia.udd.cl\/care\/files\/2016\/10\/IMG_5736-960x640.jpg 960w\" \/>\t\t<\/div>\n\t<\/div>\n<\/section>\n\n\n\n<p>As\u00ed, en el <strong>CARE<\/strong> se busca analizar y describir el despliegue de la mente-interpersonal en el ciclo vital, reconocer los factores que explican o acompa\u00f1an las trayectorias normativas y desentra\u00f1ar las condiciones que fomentan las trayectorias desadaptativas en general, y la psicopatolog\u00eda en particular. El objetivo no es explicar el desarrollo en s\u00ed mismo, sino utilizar las ciencias del desarrollo como estrategia metodol\u00f3gica para el an\u00e1lisis de la progresi\u00f3n de la mente-interpersonal en el tiempo.<\/p>\n\n\n\n<h2 class=\"wp-block-heading\">\u00bfQu\u00e9 hacemos?<\/h2>\n\n\n\n<p>El <strong>Centro de Apego y Regulaci\u00f3n Emocional<\/strong> es un centro de investigaci\u00f3n que tiene como objetivo estudiar cient\u00edficamente la mente-interpersonal y su despliegue contextual (i.e. vincular, social y\/o cultural) a trav\u00e9s del ciclo vital. En este marco, se desarrolla investigaci\u00f3n b\u00e1sica y aplicada con un \u00e9nfasis en el an\u00e1lisis multinivel del fen\u00f3meno, bajo un entorno multidisciplinario, af\u00edn con la distribuci\u00f3n arm\u00f3nica de talentos.<\/p>\n\n\n\n<p>Actualmente existen cuatro<a href=\"http:\/\/psicologia.udd.cl\/doctorado\/es\/lineas-investigacion\/\" target=\"_blank\" rel=\"noopener noreferrer\">&nbsp;l\u00edneas de investigaci\u00f3n principal en el CARE<\/a>:<\/p>\n\n\n\n<ul class=\"wp-block-list\"><li><a rel=\"noopener noreferrer\" href=\"http:\/\/psicologia.udd.cl\/doctorado\/es\/lineas-investigacion\/subjetividad-y-metacognicion-durante-el-ciclo-vital\/\" target=\"_blank\">Intersubjetividad y metacognici\u00f3n durante el ciclo vital<\/a><\/li><li><a rel=\"noopener noreferrer\" href=\"http:\/\/psicologia.udd.cl\/doctorado\/es\/lineas-investigacion\/parentalidad-y-desarrollo-de-ninos-de-0-a-5-anos\/\" target=\"_blank\">Familia, parentalidad y desarrollo<\/a><\/li><li><a rel=\"noopener noreferrer\" href=\"http:\/\/psicologia.udd.cl\/doctorado\/es\/lineas-investigacion\/linea-investigacion-4\/\" target=\"_blank\">Bases neurobiol\u00f3gicas de la cognici\u00f3n y emoci\u00f3n\u00a0<\/a><\/li><li><a rel=\"noopener noreferrer\" href=\"http:\/\/psicologia.udd.cl\/doctorado\/es\/lineas-investigacion\/sensibilidad-al-estres-y-trayectorias-desviadas-del-desarrollo\/\" target=\"_blank\">Sensibilidad al estr\u00e9s y trayectorias desviadas del desarrollo<\/a><\/li><\/ul>\n\n\n\n<p>La investigaci\u00f3n es complementada con actividades de post-grado, donde el CARE lidera el <a href=\"http:\/\/psicologia.udd.cl\/doctorado\/es\/\" target=\"_blank\" rel=\"noopener noreferrer\">Doctorado de Ciencias del Desarrollo y Psicopatolog\u00eda<\/a>.<\/p>\n","protected":false},"excerpt":{"rendered":"<p>As\u00ed, en el CARE se busca analizar y describir el despliegue de la mente-interpersonal en el ciclo vital, reconocer los factores que explican o acompa\u00f1an las trayectorias normativas y desentra\u00f1ar las condiciones que fomentan las trayectorias desadaptativas en general, y la psicopatolog\u00eda en particular. El objetivo no es explicar el desarrollo en s\u00ed mismo, sino [&hellip;]<\/p>\n","protected":false},"author":1,"featured_media":0,"parent":0,"menu_order":40,"comment_status":"closed","ping_status":"closed","template":"","meta":{"footnotes":""},"class_list":["post-7","page","type-page","status-publish","hentry"],"_links":{"self":[{"href":"https:\/\/psicologia.udd.cl\/care\/wp-json\/wp\/v2\/pages\/7","targetHints":{"allow":["GET"]}}],"collection":[{"href":"https:\/\/psicologia.udd.cl\/care\/wp-json\/wp\/v2\/pages"}],"about":[{"href":"https:\/\/psicologia.udd.cl\/care\/wp-json\/wp\/v2\/types\/page"}],"author":[{"embeddable":true,"href":"https:\/\/psicologia.udd.cl\/care\/wp-json\/wp\/v2\/users\/1"}],"replies":[{"embeddable":true,"href":"https:\/\/psicologia.udd.cl\/care\/wp-json\/wp\/v2\/comments?post=7"}],"version-history":[{"count":20,"href":"https:\/\/psicologia.udd.cl\/care\/wp-json\/wp\/v2\/pages\/7\/revisions"}],"predecessor-version":[{"id":2051,"href":"https:\/\/psicologia.udd.cl\/care\/wp-json\/wp\/v2\/pages\/7\/revisions\/2051"}],"wp:attachment":[{"href":"https:\/\/psicologia.udd.cl\/care\/wp-json\/wp\/v2\/media?parent=7"}],"curies":[{"name":"wp","href":"https:\/\/api.w.org\/{rel}","templated":true}]}}