{"id":2023,"date":"2020-05-11T10:59:35","date_gmt":"2020-05-11T14:59:35","guid":{"rendered":"http:\/\/psicologia.udd.cl\/care\/?page_id=2023"},"modified":"2021-09-07T15:34:26","modified_gmt":"2021-09-07T18:34:26","slug":"inicio","status":"publish","type":"page","link":"https:\/\/psicologia.udd.cl\/care\/","title":{"rendered":"Inicio"},"content":{"rendered":"<!-- WP Block: UDD - Access Cards -->\n<section\n\tid=\"udd-access-cards--1\"\n\tclass=\"wp-block-udd-access-cards\n\t\t\"\n\t\tstyle=\"\n\t\t--udd-blocks-has-columns-number: 4\t\t\"\n\t>\n\t<div class=\"container\">\n\t\t\t\t<div class=\"block__content\">\n\t\t\t<div\n\t\t\t\tclass=\"udd-access-cards\"\n\t\t\t\t\t\t\t>\n\t\t\t<div\n\tdata-index=\"1\"\n\tclass=\"udd-access-card-wrapper udd-access-card-wrapper--has-description\"\n\t>\n\t<a href=\"https:\/\/psicologia.udd.cl\/care\/sobre-el-centro\/\" class=\"access-card access-card--profile\" data-url=\"https:\/\/psicologia.udd.cl\/care\/sobre-el-centro\/\">\n\t\t\t\t\t\t<h3\n\t\t\tdata-index=\"1\"\n\t\t\tclass=\"access-card__title\"\n\t\t>\n\t\t\tSobre el centro\t\t<\/h3>\n\t\t\t\t<p class=\"access-card__description\">\n\t\t\tTiene como objetivo estudiar cient\u00edficamente la mente-interpersonal y su despliegue contextual a trav\u00e9s del ciclo vital\t\t<\/p>\n\t\t\t\t<div class=\"access-card__link\">\n\t\t\t<span class=\"access-card__link-text\">Conoce m\u00e1s sobre el centro<\/span>\n\t\t<\/div>\n\t<\/a>\n<\/div>\n<div\n\tdata-index=\"2\"\n\tclass=\"udd-access-card-wrapper udd-access-card-wrapper--has-description\"\n\t>\n\t<a href=\"https:\/\/psicologia.udd.cl\/care\/quienes-somos\/\" class=\"access-card access-card--profile\" data-url=\"https:\/\/psicologia.udd.cl\/care\/quienes-somos\/\">\n\t\t\t\t\t\t<h3\n\t\t\tdata-index=\"2\"\n\t\t\tclass=\"access-card__title\"\n\t\t>\n\t\t\tEquipo\t\t<\/h3>\n\t\t\t\t<p class=\"access-card__description\">\n\t\t\tConoce a los Directores, Profesores e Investigadores del CARE\t\t<\/p>\n\t\t\t\t<div class=\"access-card__link\">\n\t\t\t<span class=\"access-card__link-text\">Ver equipo CARE<\/span>\n\t\t<\/div>\n\t<\/a>\n<\/div>\n<div\n\tdata-index=\"3\"\n\tclass=\"udd-access-card-wrapper udd-access-card-wrapper--has-description\"\n\t>\n\t<a href=\"https:\/\/psicologia.udd.cl\/care\/estudios-y-publicaciones\/\" class=\"access-card access-card--profile\" data-url=\"https:\/\/psicologia.udd.cl\/care\/estudios-y-publicaciones\/\">\n\t\t\t\t\t\t<h3\n\t\t\tdata-index=\"3\"\n\t\t\tclass=\"access-card__title\"\n\t\t>\n\t\t\tPublicaciones\t\t<\/h3>\n\t\t\t\t<p class=\"access-card__description\">\n\t\t\tListado de nuestras investigaciones ordenadas por a\u00f1o de publicaci\u00f3n\t\t<\/p>\n\t\t\t\t<div class=\"access-card__link\">\n\t\t\t<span class=\"access-card__link-text\">Revisa las publicaciones<\/span>\n\t\t<\/div>\n\t<\/a>\n<\/div>\n<div\n\tdata-index=\"4\"\n\tclass=\"udd-access-card-wrapper udd-access-card-wrapper--has-description\"\n\t>\n\t<a href=\"https:\/\/psicologia.udd.cl\/doctorado\/es\/\" class=\"access-card access-card--profile\" data-url=\"https:\/\/psicologia.udd.cl\/doctorado\/es\/\">\n\t\t\t\t\t\t<h3\n\t\t\tdata-index=\"4\"\n\t\t\tclass=\"access-card__title\"\n\t\t>\n\t\t\tDoctorado\t\t<\/h3>\n\t\t\t\t<p class=\"access-card__description\">\n\t\t\tVisita la p\u00e1gina del Doctorado en Ciencias del Desarrollo y Psicopatolog\u00eda\t\t<\/p>\n\t\t\t\t<div class=\"access-card__link\">\n\t\t\t<span class=\"access-card__link-text\">Visita el Doctorado<\/span>\n\t\t<\/div>\n\t<\/a>\n<\/div>\n\t\t\t<\/div>\n\t\t<\/div>\n\t<\/div>\n<\/section>\n\n\n<!-- WP Block: UDD - Fullwidth Cards -->\n<section class=\"wp-block-udd-fullwidth-cards is-style-clear\">\n\t<div class=\"container\">\n\t\t<header class=\"block__header\">\n\t\t\t<h2 class=\"block__title\">Noticias<\/h2>\n\t\t\t\t\t\t<a href=\"https:\/\/psicologia.udd.cl\/care\/noticias\/\" class=\"block__view-more\">\n\t\t\t\tVer m\u00e1s noticias\t\t\t<\/a>\n\t\t\t\t\t<\/header>\n\t\t<div class=\"block__content\">\n\t\t\t<div class=\"fullwidth-cards\">\n\t\t\t<div class=\"fullwidth-card-wrapper is-style-clear\">\n\t<a href=\"https:\/\/psicologia.udd.cl\/care\/noticias\/2021\/11\/19\/vi-seminario-internacional-care-parentalidad-y-desarrollo-infantil-y-adolescente\/\" class=\"fullwidth-card fullwidth-card--linkable\">\n\t\t\t\t<img loading=\"lazy\" decoding=\"async\" width=\"265\" height=\"183\" src=\"https:\/\/psicologia.udd.cl\/care\/files\/2021\/11\/Portadas-sitio-web-Psicolog\u00eda-1-62x62.png\" class=\"fullwidth-card__image wp-post-image lazyload\" alt=\"\" data-src=\"https:\/\/psicologia.udd.cl\/care\/files\/2021\/11\/Portadas-sitio-web-Psicolog\u00eda-1.png\" \/>\t\t\t\t<div class=\"fullwidth-card__content\">\n\t\t\t<span class=\"fullwidth-card__date\">\n\t\t\t\t19 de noviembre 2021\t\t\t<\/span>\n\t\t\t<h3 class=\"fullwidth-card__title\">VI Seminario Internacional CARE de Cognici\u00f3n, Desarrollo y Psicopatolog\u00eda<\/h3>\n\t\t\t<span class=\"fullwidth-card__link\">\n\t\t\t\tConocer m\u00e1s\t\t\t<\/span>\n\t\t<\/div>\n\t<\/a>\n<\/div>\n<div class=\"fullwidth-card-wrapper is-style-clear\">\n\t<a href=\"https:\/\/psicologia.udd.cl\/care\/noticias\/2021\/11\/19\/tania-valdes-candidata-a-doctora-se-adjudica-fondos-para-su-proyecto\/\" class=\"fullwidth-card fullwidth-card--linkable\">\n\t\t\t\t<img loading=\"lazy\" decoding=\"async\" width=\"265\" height=\"183\" src=\"https:\/\/psicologia.udd.cl\/care\/files\/2021\/11\/Portadas-sitio-web-Psicolog\u00eda-62x62.png\" class=\"fullwidth-card__image wp-post-image lazyload\" alt=\"\" data-src=\"https:\/\/psicologia.udd.cl\/care\/files\/2021\/11\/Portadas-sitio-web-Psicolog\u00eda.png\" \/>\t\t\t\t<div class=\"fullwidth-card__content\">\n\t\t\t<span class=\"fullwidth-card__date\">\n\t\t\t\t19 de noviembre 2021\t\t\t<\/span>\n\t\t\t<h3 class=\"fullwidth-card__title\">Tania Vald\u00e9s, Candidata a Doctora, se adjudica fondos para su proyecto<\/h3>\n\t\t\t<span class=\"fullwidth-card__link\">\n\t\t\t\tConocer m\u00e1s\t\t\t<\/span>\n\t\t<\/div>\n\t<\/a>\n<\/div>\n<div class=\"fullwidth-card-wrapper is-style-clear\">\n\t<a href=\"https:\/\/psicologia.udd.cl\/care\/noticias\/2021\/11\/03\/cogsci-lab-sel-udd-participan-en-red-internacional-para-el-estudio-de-la-cognicion\/\" class=\"fullwidth-card fullwidth-card--linkable\">\n\t\t\t\t<img loading=\"lazy\" decoding=\"async\" width=\"265\" height=\"183\" src=\"https:\/\/psicologia.udd.cl\/care\/files\/2021\/11\/Portadas-sitio-web-Psicolog\u00eda-97-62x62.png\" class=\"fullwidth-card__image wp-post-image lazyload\" alt=\"\" data-src=\"https:\/\/psicologia.udd.cl\/care\/files\/2021\/11\/Portadas-sitio-web-Psicolog\u00eda-97.png\" \/>\t\t\t\t<div class=\"fullwidth-card__content\">\n\t\t\t<span class=\"fullwidth-card__date\">\n\t\t\t\t3 de noviembre 2021\t\t\t<\/span>\n\t\t\t<h3 class=\"fullwidth-card__title\">CogSci-Lab &#038; SEL UDD participan en Red Internacional para el estudio de la Cognici\u00f3n<\/h3>\n\t\t\t<span class=\"fullwidth-card__link\">\n\t\t\t\tConocer m\u00e1s\t\t\t<\/span>\n\t\t<\/div>\n\t<\/a>\n<\/div>\n<div class=\"fullwidth-card-wrapper is-style-clear\">\n\t<a href=\"https:\/\/psicologia.udd.cl\/care\/noticias\/2021\/10\/21\/prensa-el-mercurio-un-escolar-que-aprende-a-autorregularse-tiene-mas-probabilidades-de-tener-exito-academico\/\" class=\"fullwidth-card fullwidth-card--linkable\">\n\t\t\t\t<img loading=\"lazy\" decoding=\"async\" width=\"265\" height=\"183\" src=\"https:\/\/psicologia.udd.cl\/care\/files\/2021\/10\/Portadas-sitio-web-Psicolog\u00eda-1-62x62.png\" class=\"fullwidth-card__image wp-post-image lazyload\" alt=\"\" data-src=\"https:\/\/psicologia.udd.cl\/care\/files\/2021\/10\/Portadas-sitio-web-Psicolog\u00eda-1.png\" \/>\t\t\t\t<div class=\"fullwidth-card__content\">\n\t\t\t<span class=\"fullwidth-card__date\">\n\t\t\t\t21 de octubre 2021\t\t\t<\/span>\n\t\t\t<h3 class=\"fullwidth-card__title\">#Prensa El Mercurio \u2013 Un escolar que aprende a autorregularse tiene m\u00e1s probabilidades de tener \u00e9xito acad\u00e9mico<\/h3>\n\t\t\t<span class=\"fullwidth-card__link\">\n\t\t\t\tConocer m\u00e1s\t\t\t<\/span>\n\t\t<\/div>\n\t<\/a>\n<\/div>\n<div class=\"fullwidth-card-wrapper is-style-clear\">\n\t<a href=\"https:\/\/psicologia.udd.cl\/care\/noticias\/2021\/10\/21\/prensa-el-mercurio-alertan-por-secuelas-psicologicas-de-ataques\/\" class=\"fullwidth-card fullwidth-card--linkable\">\n\t\t\t\t<img loading=\"lazy\" decoding=\"async\" width=\"500\" height=\"480\" src=\"https:\/\/psicologia.udd.cl\/care\/files\/2019\/06\/DSC_2434-e1560887352465-62x62.jpg\" class=\"fullwidth-card__image wp-post-image lazyload\" alt=\"\" sizes=\"auto, (max-width: 500px) 100vw, 500px\" data-src=\"https:\/\/psicologia.udd.cl\/care\/files\/2019\/06\/DSC_2434-e1560887352465.jpg\" data-srcset=\"https:\/\/psicologia.udd.cl\/care\/files\/2019\/06\/DSC_2434-e1560887352465.jpg 1470w, https:\/\/psicologia.udd.cl\/care\/files\/2019\/06\/DSC_2434-e1560887352465-300x288.jpg 300w, https:\/\/psicologia.udd.cl\/care\/files\/2019\/06\/DSC_2434-e1560887352465-768x737.jpg 768w, https:\/\/psicologia.udd.cl\/care\/files\/2019\/06\/DSC_2434-e1560887352465-1024x982.jpg 1024w, https:\/\/psicologia.udd.cl\/care\/files\/2019\/06\/DSC_2434-e1560887352465-960x921.jpg 960w\" \/>\t\t\t\t<div class=\"fullwidth-card__content\">\n\t\t\t<span class=\"fullwidth-card__date\">\n\t\t\t\t21 de octubre 2021\t\t\t<\/span>\n\t\t\t<h3 class=\"fullwidth-card__title\">#Prensa El Mercurio \u2013 Alertan por secuelas psicol\u00f3gicas de ataques<\/h3>\n\t\t\t<span class=\"fullwidth-card__link\">\n\t\t\t\tConocer m\u00e1s\t\t\t<\/span>\n\t\t<\/div>\n\t<\/a>\n<\/div>\n\t\t\t<\/div>\n\t\t<\/div>\n\t<\/div>\n<\/section>\n\n\n","protected":false},"excerpt":{"rendered":"","protected":false},"author":36,"featured_media":0,"parent":0,"menu_order":0,"comment_status":"closed","ping_status":"closed","template":"","meta":{"footnotes":""},"class_list":["post-2023","page","type-page","status-publish","hentry"],"_links":{"self":[{"href":"https:\/\/psicologia.udd.cl\/care\/wp-json\/wp\/v2\/pages\/2023","targetHints":{"allow":["GET"]}}],"collection":[{"href":"https:\/\/psicologia.udd.cl\/care\/wp-json\/wp\/v2\/pages"}],"about":[{"href":"https:\/\/psicologia.udd.cl\/care\/wp-json\/wp\/v2\/types\/page"}],"author":[{"embeddable":true,"href":"https:\/\/psicologia.udd.cl\/care\/wp-json\/wp\/v2\/users\/36"}],"replies":[{"embeddable":true,"href":"https:\/\/psicologia.udd.cl\/care\/wp-json\/wp\/v2\/comments?post=2023"}],"version-history":[{"count":12,"href":"https:\/\/psicologia.udd.cl\/care\/wp-json\/wp\/v2\/pages\/2023\/revisions"}],"predecessor-version":[{"id":2333,"href":"https:\/\/psicologia.udd.cl\/care\/wp-json\/wp\/v2\/pages\/2023\/revisions\/2333"}],"wp:attachment":[{"href":"https:\/\/psicologia.udd.cl\/care\/wp-json\/wp\/v2\/media?parent=2023"}],"curies":[{"name":"wp","href":"https:\/\/api.w.org\/{rel}","templated":true}]}}